{"id":7648,"date":"2021-09-24T15:14:12","date_gmt":"2021-09-24T13:14:14","guid":{"rendered":"https:\/\/www.montagnicimes.com\/st-jean-de-maurienne\/loffice-de-tourisme\/"},"modified":"2021-12-01T15:09:01","modified_gmt":"2021-12-01T14:09:01","slug":"office-de-tourisme","status":"publish","type":"page","link":"https:\/\/www.montagnicimes.com\/st-jean-de-maurienne\/sinformer\/office-de-tourisme\/","title":{"rendered":"Office de Tourisme"},"content":{"rendered":"\n<p class=\"is-style-excerpt\">Une question&nbsp;? Besoin de plus d\u2019informations&nbsp;? L\u2019\u00e9quipe Montagnicimes est l\u00e0 pour y r\u00e9pondre. N\u2019h\u00e9sitez pas \u00e0 nous contacter au bureau d&rsquo;information <strong>touristique<\/strong> de Saint-Jean-de-Maurienne.<\/p>\n\n\n    <div class=\"wp-block wp-block-single-sit wp-block-single-sit-ouvertures\" id=\"opening\">\n\n                    <h2>En savoir plus<\/h2>\n        \n\t    \t<div class=\"wpetTableList\" data-id=\"wpet-table-slider\">\n        <div data-id=\"wpet-table-slider-wrapper\">\n            \t\t                                    <div class=\"wpetTableContainer\" data-id=\"wpet-table-slider-item\">\n                    <table class=\"wpetTable wpTable--opening\">\n                        <thead class=\"wpetTableHeader\">\n                            <tr>\n                                                                    <th colspan=\"2\">Du 01 Septembre au 21 Juin<\/th>\n                                                            <\/tr>\n                        <\/thead>\n                                                                                    <tr class=\"wpetTableLine\">\n                                    <td class=\"wpetTableCell wpetTableCell--value\">Lundi<\/td>\n                                    <td class=\"wpetTableCell wpetTableCell--value\">Ouvert de 09h \u00e0 12h30 et de 14h \u00e0 17h<\/td>\n                                <\/tr>\n                                                                                                                <tr class=\"wpetTableLine\">\n                                    <td class=\"wpetTableCell wpetTableCell--value\">Mardi<\/td>\n                                    <td class=\"wpetTableCell wpetTableCell--value\">Ouvert de 09h \u00e0 12h30 et de 14h \u00e0 17h<\/td>\n                                <\/tr>\n                                                                                                                <tr class=\"wpetTableLine\">\n                                    <td class=\"wpetTableCell wpetTableCell--value\">Mercredi<\/td>\n                                    <td class=\"wpetTableCell wpetTableCell--value\">Ouvert de 09h \u00e0 12h30 et de 14h \u00e0 17h<\/td>\n                                <\/tr>\n                                                                                                                <tr class=\"wpetTableLine\">\n                                    <td class=\"wpetTableCell wpetTableCell--value\">Jeudi<\/td>\n                                    <td class=\"wpetTableCell wpetTableCell--value\">Ouvert de 09h \u00e0 12h30 et de 14h \u00e0 17h<\/td>\n                                <\/tr>\n                                                                                                                <tr class=\"wpetTableLine\">\n                                    <td class=\"wpetTableCell wpetTableCell--value\">Vendredi<\/td>\n                                    <td class=\"wpetTableCell wpetTableCell--value\">Ouvert de 09h \u00e0 12h30 et de 14h \u00e0 17h<\/td>\n                                <\/tr>\n                                                                                                                <tr class=\"wpetTableLine\">\n                                    <td class=\"wpetTableCell wpetTableCell--value\">Samedi<\/td>\n                                    <td class=\"wpetTableCell wpetTableCell--value\">Ouvert de 09h \u00e0 12h30 et de 14h \u00e0 17h<\/td>\n                                <\/tr>\n                                                                        <\/table>\n\n                    \n                                    <\/div>\n                                            <div class=\"wpetTableContainer\" data-id=\"wpet-table-slider-item\">\n                    <table class=\"wpetTable wpTable--opening\">\n                        <thead class=\"wpetTableHeader\">\n                            <tr>\n                                                                    <th colspan=\"2\">Du 22 Juin au 30 Ao\u00fbt<\/th>\n                                                            <\/tr>\n                        <\/thead>\n                                                                                    <tr class=\"wpetTableLine\">\n                                    <td class=\"wpetTableCell wpetTableCell--value\">Lundi<\/td>\n                                    <td class=\"wpetTableCell wpetTableCell--value\">Ouvert de 09h \u00e0 12h30 et de 14h \u00e0 18h<\/td>\n                                <\/tr>\n                                                                                                                <tr class=\"wpetTableLine\">\n                                    <td class=\"wpetTableCell wpetTableCell--value\">Mardi<\/td>\n                                    <td class=\"wpetTableCell wpetTableCell--value\">Ouvert de 09h \u00e0 12h30 et de 14h \u00e0 18h<\/td>\n                                <\/tr>\n                                                                                                                <tr class=\"wpetTableLine\">\n                                    <td class=\"wpetTableCell wpetTableCell--value\">Mercredi<\/td>\n                                    <td class=\"wpetTableCell wpetTableCell--value\">Ouvert de 09h \u00e0 12h30 et de 14h \u00e0 18h<\/td>\n                                <\/tr>\n                                                                                                                <tr class=\"wpetTableLine\">\n                                    <td class=\"wpetTableCell wpetTableCell--value\">Jeudi<\/td>\n                                    <td class=\"wpetTableCell wpetTableCell--value\">Ouvert de 09h \u00e0 12h30 et de 14h \u00e0 18h<\/td>\n                                <\/tr>\n                                                                                                                <tr class=\"wpetTableLine\">\n                                    <td class=\"wpetTableCell wpetTableCell--value\">Vendredi<\/td>\n                                    <td class=\"wpetTableCell wpetTableCell--value\">Ouvert de 09h \u00e0 12h30 et de 14h \u00e0 18h<\/td>\n                                <\/tr>\n                                                                                                                <tr class=\"wpetTableLine\">\n                                    <td class=\"wpetTableCell wpetTableCell--value\">Samedi<\/td>\n                                    <td class=\"wpetTableCell wpetTableCell--value\">Ouvert de 09h \u00e0 12h30 et de 14h \u00e0 18h<\/td>\n                                <\/tr>\n                                                                        <\/table>\n\n                    \n                                    <\/div>\n                    <\/div>\n\t\t            <div class=\"swiperDots\" data-trigger=\"swiper-dots\"><\/div>\n\t\t\t<\/div>\n\n    <\/div>\n\n\n\n<div class=\"wp-block wp-block-single-sit wp-block-single-sit-coordonnees\">\n\n            <h2>En savoir plus<\/h2>\n    \n    <div class=\"wp-block-media-text is-stacked-on-mobile\">\n\n        <div class=\"wp-block-media-text__media wpet-map-detail\" style=\"width:100%; height: 100%;\">\n            <div class=\"wp-block-media-text__media__content\" id=\"wpetSingleSitMap9256\" data-wpet-single-sit-map=\"9256\" data-wpet-type-map=\"leaflet\" ><\/div>\n        <\/div>\n\n        <div class=\"wp-block-media-text__content\">\n\n            <div class=\"wp-block-media-text__content__openning\">\n\t            \t\t\t\t\t<p class=\"wpetBadgeopening wpetBadgeopening--close\">\n\t\t\t\t<span>Ferm\u00e9<\/span>\n\t\t\t<\/p>\n\t\t            <\/div>\n\n            <p class=\"wp-block-media-text__content__address\">\n                                    <strong>Office de tourisme &#8211; Bureau Saint-Jean-de-Maurienne<\/strong><br \/>\n                                \n                                    Place de la Cath\u00e9drale<br \/>\n                                \n                                    <span>73300<\/span>\n                    <span>Saint-Jean-de-Maurienne<\/span><br \/>\n                            <\/p>\n\n                                                <p class=\"wp-block-media-text__content__phone\">04 79 83 51 51<\/p>\n                                        \n            <a href=\"https:\/\/www.google.fr\/maps?saddr&#038;daddr=45.277053,6.34507\" target=\"_blank\" class=\"button GtmButtonCalculItinerairePrestataire\" rel=\"noopener noreferrer\">Calculer mon itin\u00e9raire<\/a>\n        <\/div>\n    <\/div>\n<\/div>\n","protected":false},"excerpt":{"rendered":"<p>Une question&nbsp;? Besoin de plus d\u2019informations&nbsp;? L\u2019\u00e9quipe Montagnicimes est l\u00e0 pour y r\u00e9pondre. N\u2019h\u00e9sitez pas \u00e0 nous contacter au bureau d&rsquo;information touristique de Saint-Jean-de-Maurienne.<\/p>\n","protected":false},"author":1,"featured_media":9059,"parent":7639,"menu_order":4,"comment_status":"closed","ping_status":"closed","template":"","meta":{"_relevanssi_hide_post":"","_relevanssi_pin_for_all":"","_relevanssi_pin_keywords":"","_relevanssi_unpin_keywords":"","_relevanssi_related_keywords":"","_relevanssi_related_include_ids":"","_relevanssi_related_exclude_ids":"","_relevanssi_related_no_append":"","_relevanssi_related_not_related":"","_relevanssi_related_posts":"491,493,489","_relevanssi_noindex_reason":""},"post_tag":[],"acf":[],"yoast_head":"<!-- This site is optimized with the Yoast SEO plugin v17.6 - https:\/\/yoast.com\/wordpress\/plugins\/seo\/ -->\n<meta name=\"description\" content=\"Une question&nbsp;? Besoin de plus d\u2019informations&nbsp;? L\u2019\u00e9quipe Montagnicimes est l\u00e0 pour y r\u00e9pondre. N\u2019h\u00e9sitez pas \u00e0 nous contacter au bureau\" \/>\n<meta name=\"robots\" content=\"index, follow, max-snippet:-1, max-image-preview:large, max-video-preview:-1\" \/>\n<link rel=\"canonical\" href=\"https:\/\/www.montagnicimes.com\/st-jean-de-maurienne\/sinformer\/office-de-tourisme\/\" \/>\n<meta property=\"og:locale\" content=\"fr_FR\" \/>\n<meta property=\"og:type\" content=\"article\" \/>\n<meta property=\"og:title\" content=\"Office de Tourisme Saint-Jean-de-Maurienne - St-Jean-de-Maurienne\" \/>\n<meta property=\"og:description\" content=\"Une question&nbsp;? Besoin de plus d\u2019informations&nbsp;? L\u2019\u00e9quipe Montagnicimes est l\u00e0 pour y r\u00e9pondre. N\u2019h\u00e9sitez pas \u00e0 nous contacter au bureau\" \/>\n<meta property=\"og:url\" content=\"https:\/\/www.montagnicimes.com\/st-jean-de-maurienne\/sinformer\/office-de-tourisme\/\" \/>\n<meta property=\"og:site_name\" content=\"St-Jean-de-Maurienne\" \/>\n<meta property=\"article:modified_time\" content=\"2021-12-01T14:09:01+00:00\" \/>\n<meta property=\"og:image\" content=\"https:\/\/www.montagnicimes.com\/st-jean-de-maurienne\/wp-content\/uploads\/sites\/4\/2021\/11\/LBOUTIOT-OTI-SJM-6.jpg\" \/>\n\t<meta property=\"og:image:width\" content=\"1920\" \/>\n\t<meta property=\"og:image:height\" content=\"1280\" \/>\n<meta name=\"twitter:card\" content=\"summary_large_image\" \/>\n<meta name=\"twitter:label1\" content=\"Dur\u00e9e de lecture estim\u00e9e\" \/>\n\t<meta name=\"twitter:data1\" content=\"1 minute\" \/>\n<script type=\"application\/ld+json\" class=\"yoast-schema-graph\">{\"@context\":\"https:\/\/schema.org\",\"@graph\":[{\"@type\":\"WebSite\",\"@id\":\"https:\/\/www.montagnicimes.com\/st-jean-de-maurienne\/#website\",\"url\":\"https:\/\/www.montagnicimes.com\/st-jean-de-maurienne\/\",\"name\":\"St-Jean-de-Maurienne\",\"description\":\"Office de tourisme Montagnicimes - Saint-Jean-de-Maurienne\",\"potentialAction\":[{\"@type\":\"SearchAction\",\"target\":{\"@type\":\"EntryPoint\",\"urlTemplate\":\"https:\/\/www.montagnicimes.com\/st-jean-de-maurienne\/?s={search_term_string}\"},\"query-input\":\"required name=search_term_string\"}],\"inLanguage\":\"fr-FR\"},{\"@type\":\"ImageObject\",\"@id\":\"https:\/\/www.montagnicimes.com\/st-jean-de-maurienne\/sinformer\/office-de-tourisme\/#primaryimage\",\"inLanguage\":\"fr-FR\",\"url\":\"https:\/\/www.montagnicimes.com\/st-jean-de-maurienne\/wp-content\/uploads\/sites\/4\/2021\/11\/LBOUTIOT-OTI-SJM-6.jpg\",\"contentUrl\":\"https:\/\/www.montagnicimes.com\/st-jean-de-maurienne\/wp-content\/uploads\/sites\/4\/2021\/11\/LBOUTIOT-OTI-SJM-6.jpg\",\"width\":1920,\"height\":1280,\"caption\":\"Office de tourisme de Saint-Jean-de-Maurienne\"},{\"@type\":\"WebPage\",\"@id\":\"https:\/\/www.montagnicimes.com\/st-jean-de-maurienne\/sinformer\/office-de-tourisme\/#webpage\",\"url\":\"https:\/\/www.montagnicimes.com\/st-jean-de-maurienne\/sinformer\/office-de-tourisme\/\",\"name\":\"Office de Tourisme Saint-Jean-de-Maurienne - St-Jean-de-Maurienne\",\"isPartOf\":{\"@id\":\"https:\/\/www.montagnicimes.com\/st-jean-de-maurienne\/#website\"},\"primaryImageOfPage\":{\"@id\":\"https:\/\/www.montagnicimes.com\/st-jean-de-maurienne\/sinformer\/office-de-tourisme\/#primaryimage\"},\"datePublished\":\"2021-09-24T13:14:14+00:00\",\"dateModified\":\"2021-12-01T14:09:01+00:00\",\"description\":\"Une question&nbsp;? Besoin de plus d\\u2019informations&nbsp;? L\\u2019\\u00e9quipe Montagnicimes est l\\u00e0 pour y r\\u00e9pondre. N\\u2019h\\u00e9sitez pas \\u00e0 nous contacter au bureau\",\"breadcrumb\":{\"@id\":\"https:\/\/www.montagnicimes.com\/st-jean-de-maurienne\/sinformer\/office-de-tourisme\/#breadcrumb\"},\"inLanguage\":\"fr-FR\",\"potentialAction\":[{\"@type\":\"ReadAction\",\"target\":[\"https:\/\/www.montagnicimes.com\/st-jean-de-maurienne\/sinformer\/office-de-tourisme\/\"]}]},{\"@type\":\"BreadcrumbList\",\"@id\":\"https:\/\/www.montagnicimes.com\/st-jean-de-maurienne\/sinformer\/office-de-tourisme\/#breadcrumb\",\"itemListElement\":[{\"@type\":\"ListItem\",\"position\":1,\"name\":\"Accueil\",\"item\":\"https:\/\/www.montagnicimes.com\/st-jean-de-maurienne\/\"},{\"@type\":\"ListItem\",\"position\":2,\"name\":\"S&rsquo;informer\",\"item\":\"https:\/\/www.montagnicimes.com\/st-jean-de-maurienne\/sinformer\/\"},{\"@type\":\"ListItem\",\"position\":3,\"name\":\"Office de Tourisme\"}]}]}<\/script>\n<!-- \/ Yoast SEO plugin. -->","yoast_head_json":{"description":"Une question&nbsp;? Besoin de plus d\u2019informations&nbsp;? L\u2019\u00e9quipe Montagnicimes est l\u00e0 pour y r\u00e9pondre. N\u2019h\u00e9sitez pas \u00e0 nous contacter au bureau","robots":{"index":"index","follow":"follow","max-snippet":"max-snippet:-1","max-image-preview":"max-image-preview:large","max-video-preview":"max-video-preview:-1"},"canonical":"https:\/\/www.montagnicimes.com\/st-jean-de-maurienne\/sinformer\/office-de-tourisme\/","og_locale":"fr_FR","og_type":"article","og_title":"Office de Tourisme Saint-Jean-de-Maurienne - St-Jean-de-Maurienne","og_description":"Une question&nbsp;? Besoin de plus d\u2019informations&nbsp;? L\u2019\u00e9quipe Montagnicimes est l\u00e0 pour y r\u00e9pondre. N\u2019h\u00e9sitez pas \u00e0 nous contacter au bureau","og_url":"https:\/\/www.montagnicimes.com\/st-jean-de-maurienne\/sinformer\/office-de-tourisme\/","og_site_name":"St-Jean-de-Maurienne","article_modified_time":"2021-12-01T14:09:01+00:00","og_image":[{"width":1920,"height":1280,"url":"https:\/\/www.montagnicimes.com\/st-jean-de-maurienne\/wp-content\/uploads\/sites\/4\/2021\/11\/LBOUTIOT-OTI-SJM-6.jpg","type":"image\/jpeg"}],"twitter_card":"summary_large_image","twitter_misc":{"Dur\u00e9e de lecture estim\u00e9e":"1 minute"},"schema":{"@context":"https:\/\/schema.org","@graph":[{"@type":"WebSite","@id":"https:\/\/www.montagnicimes.com\/st-jean-de-maurienne\/#website","url":"https:\/\/www.montagnicimes.com\/st-jean-de-maurienne\/","name":"St-Jean-de-Maurienne","description":"Office de tourisme Montagnicimes - Saint-Jean-de-Maurienne","potentialAction":[{"@type":"SearchAction","target":{"@type":"EntryPoint","urlTemplate":"https:\/\/www.montagnicimes.com\/st-jean-de-maurienne\/?s={search_term_string}"},"query-input":"required name=search_term_string"}],"inLanguage":"fr-FR"},{"@type":"ImageObject","@id":"https:\/\/www.montagnicimes.com\/st-jean-de-maurienne\/sinformer\/office-de-tourisme\/#primaryimage","inLanguage":"fr-FR","url":"https:\/\/www.montagnicimes.com\/st-jean-de-maurienne\/wp-content\/uploads\/sites\/4\/2021\/11\/LBOUTIOT-OTI-SJM-6.jpg","contentUrl":"https:\/\/www.montagnicimes.com\/st-jean-de-maurienne\/wp-content\/uploads\/sites\/4\/2021\/11\/LBOUTIOT-OTI-SJM-6.jpg","width":1920,"height":1280,"caption":"Office de tourisme de Saint-Jean-de-Maurienne"},{"@type":"WebPage","@id":"https:\/\/www.montagnicimes.com\/st-jean-de-maurienne\/sinformer\/office-de-tourisme\/#webpage","url":"https:\/\/www.montagnicimes.com\/st-jean-de-maurienne\/sinformer\/office-de-tourisme\/","name":"Office de Tourisme Saint-Jean-de-Maurienne - St-Jean-de-Maurienne","isPartOf":{"@id":"https:\/\/www.montagnicimes.com\/st-jean-de-maurienne\/#website"},"primaryImageOfPage":{"@id":"https:\/\/www.montagnicimes.com\/st-jean-de-maurienne\/sinformer\/office-de-tourisme\/#primaryimage"},"datePublished":"2021-09-24T13:14:14+00:00","dateModified":"2021-12-01T14:09:01+00:00","description":"Une question&nbsp;? Besoin de plus d\u2019informations&nbsp;? L\u2019\u00e9quipe Montagnicimes est l\u00e0 pour y r\u00e9pondre. N\u2019h\u00e9sitez pas \u00e0 nous contacter au bureau","breadcrumb":{"@id":"https:\/\/www.montagnicimes.com\/st-jean-de-maurienne\/sinformer\/office-de-tourisme\/#breadcrumb"},"inLanguage":"fr-FR","potentialAction":[{"@type":"ReadAction","target":["https:\/\/www.montagnicimes.com\/st-jean-de-maurienne\/sinformer\/office-de-tourisme\/"]}]},{"@type":"BreadcrumbList","@id":"https:\/\/www.montagnicimes.com\/st-jean-de-maurienne\/sinformer\/office-de-tourisme\/#breadcrumb","itemListElement":[{"@type":"ListItem","position":1,"name":"Accueil","item":"https:\/\/www.montagnicimes.com\/st-jean-de-maurienne\/"},{"@type":"ListItem","position":2,"name":"S&rsquo;informer","item":"https:\/\/www.montagnicimes.com\/st-jean-de-maurienne\/sinformer\/"},{"@type":"ListItem","position":3,"name":"Office de Tourisme"}]}]}},"_links":{"self":[{"href":"https:\/\/www.montagnicimes.com\/st-jean-de-maurienne\/wp-json\/wp\/v2\/pages\/7648"}],"collection":[{"href":"https:\/\/www.montagnicimes.com\/st-jean-de-maurienne\/wp-json\/wp\/v2\/pages"}],"about":[{"href":"https:\/\/www.montagnicimes.com\/st-jean-de-maurienne\/wp-json\/wp\/v2\/types\/page"}],"author":[{"embeddable":true,"href":"https:\/\/www.montagnicimes.com\/st-jean-de-maurienne\/wp-json\/wp\/v2\/users\/1"}],"replies":[{"embeddable":true,"href":"https:\/\/www.montagnicimes.com\/st-jean-de-maurienne\/wp-json\/wp\/v2\/comments?post=7648"}],"version-history":[{"count":11,"href":"https:\/\/www.montagnicimes.com\/st-jean-de-maurienne\/wp-json\/wp\/v2\/pages\/7648\/revisions"}],"predecessor-version":[{"id":9335,"href":"https:\/\/www.montagnicimes.com\/st-jean-de-maurienne\/wp-json\/wp\/v2\/pages\/7648\/revisions\/9335"}],"up":[{"embeddable":true,"href":"https:\/\/www.montagnicimes.com\/st-jean-de-maurienne\/wp-json\/wp\/v2\/pages\/7639"}],"wp:featuredmedia":[{"embeddable":true,"href":"https:\/\/www.montagnicimes.com\/st-jean-de-maurienne\/wp-json\/wp\/v2\/media\/9059"}],"wp:attachment":[{"href":"https:\/\/www.montagnicimes.com\/st-jean-de-maurienne\/wp-json\/wp\/v2\/media?parent=7648"}],"wp:term":[{"taxonomy":"post_tag","embeddable":true,"href":"https:\/\/www.montagnicimes.com\/st-jean-de-maurienne\/wp-json\/wp\/v2\/post_tag?post=7648"}],"curies":[{"name":"wp","href":"https:\/\/api.w.org\/{rel}","templated":true}]}}