{"id":7635,"date":"2021-09-24T15:14:01","date_gmt":"2021-09-24T13:14:01","guid":{"rendered":"https:\/\/www.montagnicimes.com\/st-jean-de-maurienne\/cinema\/"},"modified":"2023-10-27T16:16:27","modified_gmt":"2023-10-27T14:16:27","slug":"cinema","status":"publish","type":"page","link":"https:\/\/www.montagnicimes.com\/st-jean-de-maurienne\/l-agenda\/cinema\/","title":{"rendered":"Cin\u00e9ma"},"content":{"rendered":"\n<p class=\"is-style-excerpt\">Vivez une exp\u00e9rience cin\u00e9matographique avec Montagnicimes. Seul ou accompagn\u00e9, profitez d\u2019un moment unique dans un de nos cin\u00e9mas. Rendez-vous \u00e0 Saint-Jean-de-Maurienne au cin\u00e9ma Star.<\/p>\n\n\n\n<div class=\"wp-block wp-block-related-post clear alignfull\">\n    \n    <div class=\"article\">\n                \n            <\/div>\n\n    <div class=\"container\">\n        <div class=\"wp-block-related-post-inner\">\n            <div  data-slides-per-view=\"2\">\n                <div class=\"wp-block-related-post-list wp-block-related-post-list-1\">\n                                            \n<div class=\"postItem swiper-slide\" data-trigger=\"wpiris-click\" >\n    <a href=\"https:\/\/www.montagnicimes.com\/st-jean-de-maurienne\/equipement\/cinema-star\/\" nofancybox class=\"postItemThumbnail\">\n        <img data-src=\"https:\/\/www.montagnicimes.com\/st-jean-de-maurienne\/wp-content\/uploads\/sites\/4\/wpiris-images\/11863\/19325721-diaporama-590x440-c.jpg\" alt=\"Cin\u00e9ma Star\">\n    <\/a>\n    <div class=\"postItemContent\">\n\n        <div class=\"postItemContentHeading\">\n                                    <h3 class=\"postItemContentTitle\" >\n                <a href=\"https:\/\/www.montagnicimes.com\/st-jean-de-maurienne\/equipement\/cinema-star\/\">Cin\u00e9ma Star<\/a>\n            <\/h3>                    <\/div>\n        \n<div class=\"postItemContentExcerpt\">\n    Le Cin\u00e9ma Star vous propose toute l&rsquo;ann\u00e9e une programmation riche et vari\u00e9e, du blockbuster au film art et essai. \nLa salle de 260 places est climatis\u00e9e et \u00e9quip\u00e9e pour les films en 3D et le cin\u00e9ma dispose d&rsquo;un comptoir \u00e0 confiseries. Bonne s\u00e9ance !<\/div>\n    <\/div>\n<\/div>\n                                    <\/div>\n            <\/div>\n        <\/div>\n    <\/div>\n<\/div>","protected":false},"excerpt":{"rendered":"<p>Vivez une exp\u00e9rience cin\u00e9matographique avec Montagnicimes. Seul ou accompagn\u00e9, profitez d\u2019un moment unique dans un de nos cin\u00e9mas. Rendez-vous \u00e0 Saint-Jean-de-Maurienne au cin\u00e9ma Star.<\/p>\n","protected":false},"author":1,"featured_media":9175,"parent":7622,"menu_order":3,"comment_status":"closed","ping_status":"closed","template":"","meta":{"_relevanssi_hide_post":"","_relevanssi_pin_for_all":"","_relevanssi_pin_keywords":"","_relevanssi_unpin_keywords":"","_relevanssi_related_keywords":"","_relevanssi_related_include_ids":"","_relevanssi_related_exclude_ids":"","_relevanssi_related_no_append":"","_relevanssi_related_not_related":"","_relevanssi_related_posts":"489,491,493","_relevanssi_noindex_reason":""},"post_tag":[],"acf":[],"yoast_head":"<!-- This site is optimized with the Yoast SEO plugin v17.6 - https:\/\/yoast.com\/wordpress\/plugins\/seo\/ -->\n<meta name=\"description\" content=\"Vivez une exp\u00e9rience cin\u00e9matographique avec Montagnicimes. Seul ou accompagn\u00e9, profitez d\u2019un moment unique dans un de nos cin\u00e9mas. Rendez-vous \u00e0\" \/>\n<meta name=\"robots\" content=\"index, follow, max-snippet:-1, max-image-preview:large, max-video-preview:-1\" \/>\n<link rel=\"canonical\" href=\"https:\/\/www.montagnicimes.com\/st-jean-de-maurienne\/l-agenda\/cinema\/\" \/>\n<meta property=\"og:locale\" content=\"fr_FR\" \/>\n<meta property=\"og:type\" content=\"article\" \/>\n<meta property=\"og:title\" content=\"Cin\u00e9ma de Saint-Jean-de-Maurienne - St-Jean-de-Maurienne\" \/>\n<meta property=\"og:description\" content=\"Vivez une exp\u00e9rience cin\u00e9matographique avec Montagnicimes. Seul ou accompagn\u00e9, profitez d\u2019un moment unique dans un de nos cin\u00e9mas. Rendez-vous \u00e0\" \/>\n<meta property=\"og:url\" content=\"https:\/\/www.montagnicimes.com\/st-jean-de-maurienne\/l-agenda\/cinema\/\" \/>\n<meta property=\"og:site_name\" content=\"St-Jean-de-Maurienne\" \/>\n<meta property=\"article:modified_time\" content=\"2023-10-27T14:16:27+00:00\" \/>\n<meta property=\"og:image\" content=\"https:\/\/www.montagnicimes.com\/st-jean-de-maurienne\/wp-content\/uploads\/sites\/4\/2021\/11\/cinema.jpg\" \/>\n\t<meta property=\"og:image:width\" content=\"800\" \/>\n\t<meta property=\"og:image:height\" content=\"600\" \/>\n<meta name=\"twitter:card\" content=\"summary_large_image\" \/>\n<meta name=\"twitter:label1\" content=\"Dur\u00e9e de lecture estim\u00e9e\" \/>\n\t<meta name=\"twitter:data1\" content=\"1 minute\" \/>\n<script type=\"application\/ld+json\" class=\"yoast-schema-graph\">{\"@context\":\"https:\/\/schema.org\",\"@graph\":[{\"@type\":\"WebSite\",\"@id\":\"https:\/\/www.montagnicimes.com\/st-jean-de-maurienne\/#website\",\"url\":\"https:\/\/www.montagnicimes.com\/st-jean-de-maurienne\/\",\"name\":\"St-Jean-de-Maurienne\",\"description\":\"Office de tourisme Montagnicimes - Saint-Jean-de-Maurienne\",\"potentialAction\":[{\"@type\":\"SearchAction\",\"target\":{\"@type\":\"EntryPoint\",\"urlTemplate\":\"https:\/\/www.montagnicimes.com\/st-jean-de-maurienne\/?s={search_term_string}\"},\"query-input\":\"required name=search_term_string\"}],\"inLanguage\":\"fr-FR\"},{\"@type\":\"ImageObject\",\"@id\":\"https:\/\/www.montagnicimes.com\/st-jean-de-maurienne\/l-agenda\/cinema\/#primaryimage\",\"inLanguage\":\"fr-FR\",\"url\":\"https:\/\/www.montagnicimes.com\/st-jean-de-maurienne\/wp-content\/uploads\/sites\/4\/2021\/11\/cinema.jpg\",\"contentUrl\":\"https:\/\/www.montagnicimes.com\/st-jean-de-maurienne\/wp-content\/uploads\/sites\/4\/2021\/11\/cinema.jpg\",\"width\":800,\"height\":600,\"caption\":\"cinema star interieur\"},{\"@type\":\"WebPage\",\"@id\":\"https:\/\/www.montagnicimes.com\/st-jean-de-maurienne\/l-agenda\/cinema\/#webpage\",\"url\":\"https:\/\/www.montagnicimes.com\/st-jean-de-maurienne\/l-agenda\/cinema\/\",\"name\":\"Cin\\u00e9ma de Saint-Jean-de-Maurienne - St-Jean-de-Maurienne\",\"isPartOf\":{\"@id\":\"https:\/\/www.montagnicimes.com\/st-jean-de-maurienne\/#website\"},\"primaryImageOfPage\":{\"@id\":\"https:\/\/www.montagnicimes.com\/st-jean-de-maurienne\/l-agenda\/cinema\/#primaryimage\"},\"datePublished\":\"2021-09-24T13:14:01+00:00\",\"dateModified\":\"2023-10-27T14:16:27+00:00\",\"description\":\"Vivez une exp\\u00e9rience cin\\u00e9matographique avec Montagnicimes. Seul ou accompagn\\u00e9, profitez d\\u2019un moment unique dans un de nos cin\\u00e9mas. Rendez-vous \\u00e0\",\"breadcrumb\":{\"@id\":\"https:\/\/www.montagnicimes.com\/st-jean-de-maurienne\/l-agenda\/cinema\/#breadcrumb\"},\"inLanguage\":\"fr-FR\",\"potentialAction\":[{\"@type\":\"ReadAction\",\"target\":[\"https:\/\/www.montagnicimes.com\/st-jean-de-maurienne\/l-agenda\/cinema\/\"]}]},{\"@type\":\"BreadcrumbList\",\"@id\":\"https:\/\/www.montagnicimes.com\/st-jean-de-maurienne\/l-agenda\/cinema\/#breadcrumb\",\"itemListElement\":[{\"@type\":\"ListItem\",\"position\":1,\"name\":\"Accueil\",\"item\":\"https:\/\/www.montagnicimes.com\/st-jean-de-maurienne\/\"},{\"@type\":\"ListItem\",\"position\":2,\"name\":\"L&rsquo;Agenda\",\"item\":\"https:\/\/www.montagnicimes.com\/st-jean-de-maurienne\/l-agenda\/\"},{\"@type\":\"ListItem\",\"position\":3,\"name\":\"Cin\\u00e9ma\"}]}]}<\/script>\n<!-- \/ Yoast SEO plugin. -->","yoast_head_json":{"description":"Vivez une exp\u00e9rience cin\u00e9matographique avec Montagnicimes. Seul ou accompagn\u00e9, profitez d\u2019un moment unique dans un de nos cin\u00e9mas. Rendez-vous \u00e0","robots":{"index":"index","follow":"follow","max-snippet":"max-snippet:-1","max-image-preview":"max-image-preview:large","max-video-preview":"max-video-preview:-1"},"canonical":"https:\/\/www.montagnicimes.com\/st-jean-de-maurienne\/l-agenda\/cinema\/","og_locale":"fr_FR","og_type":"article","og_title":"Cin\u00e9ma de Saint-Jean-de-Maurienne - St-Jean-de-Maurienne","og_description":"Vivez une exp\u00e9rience cin\u00e9matographique avec Montagnicimes. Seul ou accompagn\u00e9, profitez d\u2019un moment unique dans un de nos cin\u00e9mas. Rendez-vous \u00e0","og_url":"https:\/\/www.montagnicimes.com\/st-jean-de-maurienne\/l-agenda\/cinema\/","og_site_name":"St-Jean-de-Maurienne","article_modified_time":"2023-10-27T14:16:27+00:00","og_image":[{"width":800,"height":600,"url":"https:\/\/www.montagnicimes.com\/st-jean-de-maurienne\/wp-content\/uploads\/sites\/4\/2021\/11\/cinema.jpg","type":"image\/jpeg"}],"twitter_card":"summary_large_image","twitter_misc":{"Dur\u00e9e de lecture estim\u00e9e":"1 minute"},"schema":{"@context":"https:\/\/schema.org","@graph":[{"@type":"WebSite","@id":"https:\/\/www.montagnicimes.com\/st-jean-de-maurienne\/#website","url":"https:\/\/www.montagnicimes.com\/st-jean-de-maurienne\/","name":"St-Jean-de-Maurienne","description":"Office de tourisme Montagnicimes - Saint-Jean-de-Maurienne","potentialAction":[{"@type":"SearchAction","target":{"@type":"EntryPoint","urlTemplate":"https:\/\/www.montagnicimes.com\/st-jean-de-maurienne\/?s={search_term_string}"},"query-input":"required name=search_term_string"}],"inLanguage":"fr-FR"},{"@type":"ImageObject","@id":"https:\/\/www.montagnicimes.com\/st-jean-de-maurienne\/l-agenda\/cinema\/#primaryimage","inLanguage":"fr-FR","url":"https:\/\/www.montagnicimes.com\/st-jean-de-maurienne\/wp-content\/uploads\/sites\/4\/2021\/11\/cinema.jpg","contentUrl":"https:\/\/www.montagnicimes.com\/st-jean-de-maurienne\/wp-content\/uploads\/sites\/4\/2021\/11\/cinema.jpg","width":800,"height":600,"caption":"cinema star interieur"},{"@type":"WebPage","@id":"https:\/\/www.montagnicimes.com\/st-jean-de-maurienne\/l-agenda\/cinema\/#webpage","url":"https:\/\/www.montagnicimes.com\/st-jean-de-maurienne\/l-agenda\/cinema\/","name":"Cin\u00e9ma de Saint-Jean-de-Maurienne - St-Jean-de-Maurienne","isPartOf":{"@id":"https:\/\/www.montagnicimes.com\/st-jean-de-maurienne\/#website"},"primaryImageOfPage":{"@id":"https:\/\/www.montagnicimes.com\/st-jean-de-maurienne\/l-agenda\/cinema\/#primaryimage"},"datePublished":"2021-09-24T13:14:01+00:00","dateModified":"2023-10-27T14:16:27+00:00","description":"Vivez une exp\u00e9rience cin\u00e9matographique avec Montagnicimes. Seul ou accompagn\u00e9, profitez d\u2019un moment unique dans un de nos cin\u00e9mas. Rendez-vous \u00e0","breadcrumb":{"@id":"https:\/\/www.montagnicimes.com\/st-jean-de-maurienne\/l-agenda\/cinema\/#breadcrumb"},"inLanguage":"fr-FR","potentialAction":[{"@type":"ReadAction","target":["https:\/\/www.montagnicimes.com\/st-jean-de-maurienne\/l-agenda\/cinema\/"]}]},{"@type":"BreadcrumbList","@id":"https:\/\/www.montagnicimes.com\/st-jean-de-maurienne\/l-agenda\/cinema\/#breadcrumb","itemListElement":[{"@type":"ListItem","position":1,"name":"Accueil","item":"https:\/\/www.montagnicimes.com\/st-jean-de-maurienne\/"},{"@type":"ListItem","position":2,"name":"L&rsquo;Agenda","item":"https:\/\/www.montagnicimes.com\/st-jean-de-maurienne\/l-agenda\/"},{"@type":"ListItem","position":3,"name":"Cin\u00e9ma"}]}]}},"_links":{"self":[{"href":"https:\/\/www.montagnicimes.com\/st-jean-de-maurienne\/wp-json\/wp\/v2\/pages\/7635"}],"collection":[{"href":"https:\/\/www.montagnicimes.com\/st-jean-de-maurienne\/wp-json\/wp\/v2\/pages"}],"about":[{"href":"https:\/\/www.montagnicimes.com\/st-jean-de-maurienne\/wp-json\/wp\/v2\/types\/page"}],"author":[{"embeddable":true,"href":"https:\/\/www.montagnicimes.com\/st-jean-de-maurienne\/wp-json\/wp\/v2\/users\/1"}],"replies":[{"embeddable":true,"href":"https:\/\/www.montagnicimes.com\/st-jean-de-maurienne\/wp-json\/wp\/v2\/comments?post=7635"}],"version-history":[{"count":11,"href":"https:\/\/www.montagnicimes.com\/st-jean-de-maurienne\/wp-json\/wp\/v2\/pages\/7635\/revisions"}],"predecessor-version":[{"id":11987,"href":"https:\/\/www.montagnicimes.com\/st-jean-de-maurienne\/wp-json\/wp\/v2\/pages\/7635\/revisions\/11987"}],"up":[{"embeddable":true,"href":"https:\/\/www.montagnicimes.com\/st-jean-de-maurienne\/wp-json\/wp\/v2\/pages\/7622"}],"wp:featuredmedia":[{"embeddable":true,"href":"https:\/\/www.montagnicimes.com\/st-jean-de-maurienne\/wp-json\/wp\/v2\/media\/9175"}],"wp:attachment":[{"href":"https:\/\/www.montagnicimes.com\/st-jean-de-maurienne\/wp-json\/wp\/v2\/media?parent=7635"}],"wp:term":[{"taxonomy":"post_tag","embeddable":true,"href":"https:\/\/www.montagnicimes.com\/st-jean-de-maurienne\/wp-json\/wp\/v2\/post_tag?post=7635"}],"curies":[{"name":"wp","href":"https:\/\/api.w.org\/{rel}","templated":true}]}}