{"id":7584,"date":"2021-09-24T15:13:08","date_gmt":"2021-09-24T13:13:08","guid":{"rendered":"https:\/\/www.montagnicimes.com\/st-jean-de-maurienne\/la-cathedrale-de-saint-jean-de-maurienne\/"},"modified":"2021-11-15T22:53:13","modified_gmt":"2021-11-15T21:53:13","slug":"la-cathedrale-de-saint-jean-de-maurienne","status":"publish","type":"page","link":"https:\/\/www.montagnicimes.com\/st-jean-de-maurienne\/decouvrir\/incontournables\/la-cathedrale-de-saint-jean-de-maurienne\/","title":{"rendered":"La Cath\u00e9drale de Saint-Jean-de-Maurienne"},"content":{"rendered":"\n<p class=\"is-style-excerpt\">N\u2019h\u00e9sitez pas \u00e0 descendre quelques marches pour entrer dans cet \u00e9difice au c\u0153ur de l\u2019histoire de la Savoie. Apr\u00e8s une fa\u00e7ade n\u00e9oclassique, vous aurez la surprise de d\u00e9couvrir un tr\u00e9sor d\u2019art et d\u2019architecture m\u00e9di\u00e9val. Ne manquez pas les tr\u00e9sors architecturaux tels que son clo\u00eetre et sa crypte, des endroits de s\u00e9r\u00e9nit\u00e9 et de calme mais aussi les stalles du ch\u0153ur toutes diff\u00e9rentes.<\/p>\n\n\n\n<h2>Un lieu de foi<\/h2>\n\n\n\n<p>Tout d\u00e9marre autour d\u2019une l\u00e9gende, celle de Ste Th\u00e8cle qui rapportait 3 phalanges de Saint-Jean-Baptiste depuis l\u2019Egypte au VI\u00e8me si\u00e8cle. Autour de ces reliques, l\u2019\u00e9v\u00each\u00e9 de Maurienne f\u00fbt cr\u00e9\u00e9. Il persista jusqu\u2019en 1966, date \u00e0 laquelle le dioc\u00e8se devient un archidioc\u00e8se couvrant tout le d\u00e9partement. La cath\u00e9drale, elle, n&rsquo;a pas perdu son statut, l\u2019\u00e9v\u00eaque de Savoie avait juste 3 cath\u00e9drales !<\/p>\n\n\n\n<p>La valeur de ces reliques donna son nom \u00e0 la ville ainsi que son symbole&nbsp;: 3 doigts couronn\u00e9s en rappel de ces trois vestiges. Saint-Jean-de-Maurienne devint alors un lieu de p\u00e8lerinage et de recueillement. La ville s\u2019est d\u00e9velopp\u00e9e autour de cette institution.<\/p>\n\n\n\n<p>Ces reliques ne sont pas visibles de mani\u00e8re quotidienne. Lors de grandes f\u00eates chr\u00e9tiennes, les chanoines peuvent \u00eatre amen\u00e9s \u00e0 les montrer aux fid\u00e8les.<\/p>\n\n\n\n<div class=\"wp-block-strate-full alignfull\">\n\n    <div class=\"wp-block-strate-full-thumbnail\">\n        <img data-src=\"https:\/\/www.montagnicimes.com\/st-jean-de-maurienne\/wp-content\/uploads\/sites\/4\/wpiris-images\/8341\/Visite-de-la-Cathedrale-1100x550px-\u00a9OTIMontagnicimes-1600x900-c.jpg\" alt=\"Visite de la Cath\u00e9drale 1100x550px \u00a9OTIMontagnicimes\">\n    <\/div>\n\n\t\n        <div class=\"wp-block-strate-full-content wp-block-strate-full-content-left\">\n\t\t\t                <p class=\"wp-block-strate-full-content-excerpt\"> Visite guid\u00e9e de la Cath\u00e9drale <\/p>\n\t\t\t        <\/div>\n\n\t\n<\/div>\n\n\n\n<h2>Mais aussi un lieu d\u2019art et d\u2019histoire<\/h2>\n\n\n\n<div class=\"wp-block-media-text alignfull has-media-on-the-right is-stacked-on-mobile\"><figure class=\"wp-block-media-text__media\"><img data-src=\"https:\/\/www.montagnicimes.com\/wp-content\/uploads\/2021\/10\/Visite-de-la-Crypte-\u00a9OTIMontagnicimes.jpg\" alt=\"visite de la crypte\" class=\"wp-image-7986 size-full\"\/><\/figure><div class=\"wp-block-media-text__content\">\n<p>La cath\u00e9drale, ce n\u2019est pas qu\u2019un lieu de croyance, c\u2019est aussi un lieu d\u2019art, d\u2019histoire et d\u2019architecture o\u00f9 les pierres ont une histoire \u00e0 raconter.<\/p>\n\n\n\n<p>Datant du XI\u00e8me si\u00e8cle, on y trouve une crypte (accessible uniquement lors de visites guid\u00e9es). Red\u00e9couverte au XX\u00e8me si\u00e8cle, sa d\u00e9coration \u00e9pur\u00e9e faite de volutes et de symboles simples, am\u00e8ne un sentiment de calme et de s\u00e9r\u00e9nit\u00e9 \u00e0 celui qui le visite.<\/p>\n<\/div><\/div>\n\n\n\n<div class=\"wp-block-media-text alignfull is-stacked-on-mobile\"><figure class=\"wp-block-media-text__media\"><img data-src=\"https:\/\/www.montagnicimes.com\/wp-content\/uploads\/2021\/10\/IMG_4633-1200x850.jpg\" alt=\"steles cath\u00e9drale\" class=\"wp-image-7988 size-full\"\/><\/figure><div class=\"wp-block-media-text__content\">\n<p class=\"has-large-font-size\">La base de la nef est aussi romane, mais elle a \u00e9t\u00e9 rehauss\u00e9e et agrandie au XV\u00e8me si\u00e8cle pour lui apporter volume et lumi\u00e8re. Entrez dans le ch\u0153ur pour d\u00e9couvrir la tour eucharistique et surtout les stalles des chanoines. Ces stalles savoyardes en bois sont toutes diff\u00e9rentes. Observez-les, vous y trouverez repr\u00e9sent\u00e9s, saints et ap\u00f4tres, mais aussi objets de la vie quotidienne, faune et flore r\u00e9elle ou mythique. Observez la minutie du travail de sculpteur, nous, on ne s\u2019en lasse pas !<\/p>\n<\/div><\/div>\n\n\n\n<p>Faites le tour de la nef pour observer les diff\u00e9rentes chapelles. D&rsquo;inspiration romane (comme la chapelle sainte Th\u00e8cle) ou baroque (chapelle Saint-Jean Baptiste ou Saint Joseph), elles rappellent la longue histoire du monument.<\/p>\n\n\n\n<p>Poussez ensuite la porte du clo\u00eetre gothique. Tel un chanoine m\u00e9di\u00e9val, profitez de cet endroit qui appelle \u00e0 la m\u00e9ditation. Par exemple, avec ces grandes all\u00e9es de roses rouges, le lieu est tr\u00e8s agr\u00e9able pour une petite pause lecture au frais. Parfois l\u2019\u00e9t\u00e9, on y croise des mari\u00e9s qui profitent du romantisme de ce lieu pour leurs photos&nbsp;! Des expositions ou spectacles y sont aussi parfois propos\u00e9s.<\/p>\n\n\n\n<div class=\"wp-block-strate-full alignfull\">\n\n    <div class=\"wp-block-strate-full-thumbnail\">\n        <img data-src=\"https:\/\/www.montagnicimes.com\/st-jean-de-maurienne\/wp-content\/uploads\/sites\/4\/wpiris-images\/8340\/Le-cloitre-fontaine-1100x550px\u00a9OTIMontagnicimes-1600x900-c.jpg\" alt=\"Le cloitre fontaine 1100x550px\u00a9OTIMontagnicimes\">\n    <\/div>\n\n\t\n        <div class=\"wp-block-strate-full-content wp-block-strate-full-content-left\">\n\t\t\t                <p class=\"wp-block-strate-full-content-excerpt\"> Fontaine d&rsquo;eau dans le clo\u00eetre <\/p>\n\t\t\t        <\/div>\n\n\t\n<\/div>\n\n\n\n<p>En sortant de ces murs, observez le style n\u00e9oclassique sous le portique de 1771. Il d\u00e9tonne avec le reste du b\u00e2timent et surprend r\u00e9guli\u00e8rement le visiteur. On y retrouve le tombeau construit pour celui que l&rsquo;on pensait \u00eatre Humbert aux Blanches Mains, fondateur de la Maison de Savoie qui rappelle l\u2019importance de notre ville dans l\u2019histoire de la vall\u00e9e de la Maurienne et de la Savoie.<\/p>\n\n\n\n<h2>La cath\u00e9drale, ce n\u2019est pas juste UN b\u00e2timent.<\/h2>\n\n\n\n<p>Les sp\u00e9cialistes parlent d\u2019\u00e9glise double. Elle est li\u00e9e \u00e0 l\u2019\u00e9glise Notre Dame sa voisine, une \u00e9glise de style roman paroissial (non visitable), \u00e0 son clocher mais aussi \u00e0 l&rsquo;ancien \u00e9v\u00each\u00e9, un palais baroque. Elle est le c\u0153ur de cette place. Place la plus importante de Saint Jean de Maurienne, elle est au centre de notre ville, c&rsquo;est l\u00e0 que s&rsquo;y d\u00e9roule le march\u00e9, le th\u00e9\u00e2tre, au centre de la vie festive et culturelle de la ville.<\/p>\n\n\n<div class=\"wp-block wp-block-highlight\">\n            <h3 class=\"wp-block-highlight-item wp-block-highlight-title\">Vous voulez en savoir plus<\/h3>\n                <p class=\"wp-block-highlight-item wp-block-highlight-excerpt\">N\u2019h\u00e9sitez pas \u00e0 venir la visiter. La cath\u00e9drale est ouverte \u00e0 l\u2019ann\u00e9e et des visites guid\u00e9es y sont r\u00e9guli\u00e8rement organis\u00e9es.<\/p>\n    <\/div>\n\n\n<div class=\"wp-block wp-block-single-sit wp-block-single-sit-coordonnees\">\n\n    \n    <div class=\"wp-block-media-text is-stacked-on-mobile\">\n\n        <div class=\"wp-block-media-text__media wpet-map-detail\" style=\"width:100%; height: 100%;\">\n            <div class=\"wp-block-media-text__media__content\" id=\"wpetSingleSitMap8224\" data-wpet-single-sit-map=\"8224\" data-wpet-type-map=\"leaflet\" ><\/div>\n        <\/div>\n\n        <div class=\"wp-block-media-text__content\">\n\n            <div class=\"wp-block-media-text__content__openning\">\n\t            \t\t\t\t\t<p class=\"wpetBadgeopening wpetBadgeopening--open\">\n\t\t\t\t<span>Ouvert<\/span>\n\t\t\t<\/p>\n\t\t            <\/div>\n\n            <p class=\"wp-block-media-text__content__address\">\n                                    <strong>La Cath\u00e9drale Saint-Jean-Baptiste<\/strong><br \/>\n                                \n                                    Place de la Cath\u00e9drale<br \/>\n                                \n                                    <span>73300<\/span>\n                    <span>Saint-Jean-de-Maurienne<\/span><br \/>\n                            <\/p>\n\n                                                <p class=\"wp-block-media-text__content__phone\">04 79 83 51 51<\/p>\n                                        \n            <a href=\"https:\/\/www.google.fr\/maps?saddr&#038;daddr=45.276835,6.345741\" target=\"_blank\" class=\"button GtmButtonCalculItinerairePrestataire\" rel=\"noopener noreferrer\">Calculer mon itin\u00e9raire<\/a>\n        <\/div>\n    <\/div>\n<\/div>\n\n\n    <div class=\"wp-block wp-block-single-sit wp-block-single-sit-ouvertures\" id=\"opening\">\n\n                    <h2>En savoir plus<\/h2>\n        \n\t    \t<div class=\"wpetTableList\" >\n        <div data-id=\"wpet-table-slider-wrapper\">\n            \t\t                                    <div class=\"wpetTableContainer\" >\n                    <table class=\"wpetTable wpTable--opening\">\n                        <thead class=\"wpetTableHeader\">\n                            <tr>\n                                                                    <th colspan=\"2\">Du 01 Janvier au 31 D\u00e9cembre<\/th>\n                                                            <\/tr>\n                        <\/thead>\n                                                                                    <tr class=\"wpetTableLine\">\n                                    <td class=\"wpetTableCell wpetTableCell--value\">Lundi<\/td>\n                                    <td class=\"wpetTableCell wpetTableCell--value\">Ouvert de 08h \u00e0 19h<\/td>\n                                <\/tr>\n                                                                                                                <tr class=\"wpetTableLine\">\n                                    <td class=\"wpetTableCell wpetTableCell--value\">Mardi<\/td>\n                                    <td class=\"wpetTableCell wpetTableCell--value\">Ouvert de 08h \u00e0 19h<\/td>\n                                <\/tr>\n                                                                                                                <tr class=\"wpetTableLine\">\n                                    <td class=\"wpetTableCell wpetTableCell--value\">Mercredi<\/td>\n                                    <td class=\"wpetTableCell wpetTableCell--value\">Ouvert de 08h \u00e0 19h<\/td>\n                                <\/tr>\n                                                                                                                <tr class=\"wpetTableLine\">\n                                    <td class=\"wpetTableCell wpetTableCell--value\">Jeudi<\/td>\n                                    <td class=\"wpetTableCell wpetTableCell--value\">Ouvert de 08h \u00e0 19h<\/td>\n                                <\/tr>\n                                                                                                                <tr class=\"wpetTableLine\">\n                                    <td class=\"wpetTableCell wpetTableCell--value\">Vendredi<\/td>\n                                    <td class=\"wpetTableCell wpetTableCell--value\">Ouvert de 08h \u00e0 19h<\/td>\n                                <\/tr>\n                                                                                                                <tr class=\"wpetTableLine\">\n                                    <td class=\"wpetTableCell wpetTableCell--value\">Samedi<\/td>\n                                    <td class=\"wpetTableCell wpetTableCell--value\">Ouvert de 08h \u00e0 19h<\/td>\n                                <\/tr>\n                                                                                                                <tr class=\"wpetTableLine\">\n                                    <td class=\"wpetTableCell wpetTableCell--value\">Dimanche<\/td>\n                                    <td class=\"wpetTableCell wpetTableCell--value\">Ouvert de 08h \u00e0 19h<\/td>\n                                <\/tr>\n                                                                        <\/table>\n\n                    \n                                    <\/div>\n                    <\/div>\n\t\t\t<\/div>\n\n    <\/div>\n","protected":false},"excerpt":{"rendered":"<p>N\u2019h\u00e9sitez pas \u00e0 descendre quelques marches pour entrer dans cet \u00e9difice au c\u0153ur de l\u2019histoire de la Savoie. Apr\u00e8s une fa\u00e7ade n\u00e9oclassique, vous aurez la surprise de d\u00e9couvrir un tr\u00e9sor d\u2019art et d\u2019architecture m\u00e9di\u00e9val. Ne manquez pas les tr\u00e9sors architecturaux tels que son clo\u00eetre et sa crypte, des endroits de s\u00e9r\u00e9nit\u00e9 et de calme mais [&hellip;]<\/p>\n","protected":false},"author":1,"featured_media":8329,"parent":7572,"menu_order":1,"comment_status":"closed","ping_status":"closed","template":"","meta":{"_relevanssi_hide_post":"","_relevanssi_pin_for_all":"","_relevanssi_pin_keywords":"","_relevanssi_unpin_keywords":"","_relevanssi_related_keywords":"","_relevanssi_related_include_ids":"","_relevanssi_related_exclude_ids":"","_relevanssi_related_no_append":"","_relevanssi_related_not_related":"","_relevanssi_related_posts":"491,493,489","_relevanssi_noindex_reason":""},"post_tag":[],"acf":[],"yoast_head":"<!-- This site is optimized with the Yoast SEO plugin v17.6 - https:\/\/yoast.com\/wordpress\/plugins\/seo\/ -->\n<meta name=\"description\" content=\"N\u2019h\u00e9sitez pas \u00e0 descendre quelques marches pour entrer dans cet \u00e9difice au c\u0153ur de l\u2019histoire de la Savoie. Apr\u00e8s une fa\u00e7ade n\u00e9oclassique, vous aurez la\" \/>\n<meta name=\"robots\" content=\"index, follow, max-snippet:-1, max-image-preview:large, max-video-preview:-1\" \/>\n<link rel=\"canonical\" href=\"https:\/\/www.montagnicimes.com\/st-jean-de-maurienne\/decouvrir\/incontournables\/la-cathedrale-de-saint-jean-de-maurienne\/\" \/>\n<meta property=\"og:locale\" content=\"fr_FR\" \/>\n<meta property=\"og:type\" content=\"article\" \/>\n<meta property=\"og:title\" content=\"La Cath\u00e9drale de Saint-Jean-de-Maurienne - St-Jean-de-Maurienne\" \/>\n<meta property=\"og:description\" content=\"N\u2019h\u00e9sitez pas \u00e0 descendre quelques marches pour entrer dans cet \u00e9difice au c\u0153ur de l\u2019histoire de la Savoie. Apr\u00e8s une fa\u00e7ade n\u00e9oclassique, vous aurez la\" \/>\n<meta property=\"og:url\" content=\"https:\/\/www.montagnicimes.com\/st-jean-de-maurienne\/decouvrir\/incontournables\/la-cathedrale-de-saint-jean-de-maurienne\/\" \/>\n<meta property=\"og:site_name\" content=\"St-Jean-de-Maurienne\" \/>\n<meta property=\"article:modified_time\" content=\"2021-11-15T21:53:13+00:00\" \/>\n<meta property=\"og:image\" content=\"https:\/\/www.montagnicimes.com\/st-jean-de-maurienne\/wp-content\/uploads\/sites\/4\/2021\/10\/Cathedrale-interieur-\u00a9OTIMontagnicimes.jpg\" \/>\n\t<meta property=\"og:image:width\" content=\"1920\" \/>\n\t<meta property=\"og:image:height\" content=\"1536\" \/>\n<meta name=\"twitter:card\" content=\"summary_large_image\" \/>\n<meta name=\"twitter:label1\" content=\"Dur\u00e9e de lecture estim\u00e9e\" \/>\n\t<meta name=\"twitter:data1\" content=\"4 minutes\" \/>\n<script type=\"application\/ld+json\" class=\"yoast-schema-graph\">{\"@context\":\"https:\/\/schema.org\",\"@graph\":[{\"@type\":\"WebSite\",\"@id\":\"https:\/\/www.montagnicimes.com\/st-jean-de-maurienne\/#website\",\"url\":\"https:\/\/www.montagnicimes.com\/st-jean-de-maurienne\/\",\"name\":\"St-Jean-de-Maurienne\",\"description\":\"Office de tourisme Montagnicimes - Saint-Jean-de-Maurienne\",\"potentialAction\":[{\"@type\":\"SearchAction\",\"target\":{\"@type\":\"EntryPoint\",\"urlTemplate\":\"https:\/\/www.montagnicimes.com\/st-jean-de-maurienne\/?s={search_term_string}\"},\"query-input\":\"required name=search_term_string\"}],\"inLanguage\":\"fr-FR\"},{\"@type\":\"ImageObject\",\"@id\":\"https:\/\/www.montagnicimes.com\/st-jean-de-maurienne\/decouvrir\/incontournables\/la-cathedrale-de-saint-jean-de-maurienne\/#primaryimage\",\"inLanguage\":\"fr-FR\",\"url\":\"https:\/\/www.montagnicimes.com\/st-jean-de-maurienne\/wp-content\/uploads\/sites\/4\/2021\/10\/Cathedrale-interieur-\\u00a9OTIMontagnicimes.jpg\",\"contentUrl\":\"https:\/\/www.montagnicimes.com\/st-jean-de-maurienne\/wp-content\/uploads\/sites\/4\/2021\/10\/Cathedrale-interieur-\\u00a9OTIMontagnicimes.jpg\",\"width\":1920,\"height\":1536,\"caption\":\"Cath\\u00e9drale int\\u00e9rieur\"},{\"@type\":\"WebPage\",\"@id\":\"https:\/\/www.montagnicimes.com\/st-jean-de-maurienne\/decouvrir\/incontournables\/la-cathedrale-de-saint-jean-de-maurienne\/#webpage\",\"url\":\"https:\/\/www.montagnicimes.com\/st-jean-de-maurienne\/decouvrir\/incontournables\/la-cathedrale-de-saint-jean-de-maurienne\/\",\"name\":\"La Cath\\u00e9drale de Saint-Jean-de-Maurienne - St-Jean-de-Maurienne\",\"isPartOf\":{\"@id\":\"https:\/\/www.montagnicimes.com\/st-jean-de-maurienne\/#website\"},\"primaryImageOfPage\":{\"@id\":\"https:\/\/www.montagnicimes.com\/st-jean-de-maurienne\/decouvrir\/incontournables\/la-cathedrale-de-saint-jean-de-maurienne\/#primaryimage\"},\"datePublished\":\"2021-09-24T13:13:08+00:00\",\"dateModified\":\"2021-11-15T21:53:13+00:00\",\"description\":\"N\\u2019h\\u00e9sitez pas \\u00e0 descendre quelques marches pour entrer dans cet \\u00e9difice au c\\u0153ur de l\\u2019histoire de la Savoie. Apr\\u00e8s une fa\\u00e7ade n\\u00e9oclassique, vous aurez la\",\"breadcrumb\":{\"@id\":\"https:\/\/www.montagnicimes.com\/st-jean-de-maurienne\/decouvrir\/incontournables\/la-cathedrale-de-saint-jean-de-maurienne\/#breadcrumb\"},\"inLanguage\":\"fr-FR\",\"potentialAction\":[{\"@type\":\"ReadAction\",\"target\":[\"https:\/\/www.montagnicimes.com\/st-jean-de-maurienne\/decouvrir\/incontournables\/la-cathedrale-de-saint-jean-de-maurienne\/\"]}]},{\"@type\":\"BreadcrumbList\",\"@id\":\"https:\/\/www.montagnicimes.com\/st-jean-de-maurienne\/decouvrir\/incontournables\/la-cathedrale-de-saint-jean-de-maurienne\/#breadcrumb\",\"itemListElement\":[{\"@type\":\"ListItem\",\"position\":1,\"name\":\"Accueil\",\"item\":\"https:\/\/www.montagnicimes.com\/st-jean-de-maurienne\/\"},{\"@type\":\"ListItem\",\"position\":2,\"name\":\"D\\u00e9couvrir\",\"item\":\"https:\/\/www.montagnicimes.com\/st-jean-de-maurienne\/decouvrir\/\"},{\"@type\":\"ListItem\",\"position\":3,\"name\":\"Nos Incontournables\",\"item\":\"https:\/\/www.montagnicimes.com\/st-jean-de-maurienne\/decouvrir\/incontournables\/\"},{\"@type\":\"ListItem\",\"position\":4,\"name\":\"La Cath\\u00e9drale de Saint-Jean-de-Maurienne\"}]}]}<\/script>\n<!-- \/ Yoast SEO plugin. -->","yoast_head_json":{"description":"N\u2019h\u00e9sitez pas \u00e0 descendre quelques marches pour entrer dans cet \u00e9difice au c\u0153ur de l\u2019histoire de la Savoie. Apr\u00e8s une fa\u00e7ade n\u00e9oclassique, vous aurez la","robots":{"index":"index","follow":"follow","max-snippet":"max-snippet:-1","max-image-preview":"max-image-preview:large","max-video-preview":"max-video-preview:-1"},"canonical":"https:\/\/www.montagnicimes.com\/st-jean-de-maurienne\/decouvrir\/incontournables\/la-cathedrale-de-saint-jean-de-maurienne\/","og_locale":"fr_FR","og_type":"article","og_title":"La Cath\u00e9drale de Saint-Jean-de-Maurienne - St-Jean-de-Maurienne","og_description":"N\u2019h\u00e9sitez pas \u00e0 descendre quelques marches pour entrer dans cet \u00e9difice au c\u0153ur de l\u2019histoire de la Savoie. Apr\u00e8s une fa\u00e7ade n\u00e9oclassique, vous aurez la","og_url":"https:\/\/www.montagnicimes.com\/st-jean-de-maurienne\/decouvrir\/incontournables\/la-cathedrale-de-saint-jean-de-maurienne\/","og_site_name":"St-Jean-de-Maurienne","article_modified_time":"2021-11-15T21:53:13+00:00","og_image":[{"width":1920,"height":1536,"url":"https:\/\/www.montagnicimes.com\/st-jean-de-maurienne\/wp-content\/uploads\/sites\/4\/2021\/10\/Cathedrale-interieur-\u00a9OTIMontagnicimes.jpg","type":"image\/jpeg"}],"twitter_card":"summary_large_image","twitter_misc":{"Dur\u00e9e de lecture estim\u00e9e":"4 minutes"},"schema":{"@context":"https:\/\/schema.org","@graph":[{"@type":"WebSite","@id":"https:\/\/www.montagnicimes.com\/st-jean-de-maurienne\/#website","url":"https:\/\/www.montagnicimes.com\/st-jean-de-maurienne\/","name":"St-Jean-de-Maurienne","description":"Office de tourisme Montagnicimes - Saint-Jean-de-Maurienne","potentialAction":[{"@type":"SearchAction","target":{"@type":"EntryPoint","urlTemplate":"https:\/\/www.montagnicimes.com\/st-jean-de-maurienne\/?s={search_term_string}"},"query-input":"required name=search_term_string"}],"inLanguage":"fr-FR"},{"@type":"ImageObject","@id":"https:\/\/www.montagnicimes.com\/st-jean-de-maurienne\/decouvrir\/incontournables\/la-cathedrale-de-saint-jean-de-maurienne\/#primaryimage","inLanguage":"fr-FR","url":"https:\/\/www.montagnicimes.com\/st-jean-de-maurienne\/wp-content\/uploads\/sites\/4\/2021\/10\/Cathedrale-interieur-\u00a9OTIMontagnicimes.jpg","contentUrl":"https:\/\/www.montagnicimes.com\/st-jean-de-maurienne\/wp-content\/uploads\/sites\/4\/2021\/10\/Cathedrale-interieur-\u00a9OTIMontagnicimes.jpg","width":1920,"height":1536,"caption":"Cath\u00e9drale int\u00e9rieur"},{"@type":"WebPage","@id":"https:\/\/www.montagnicimes.com\/st-jean-de-maurienne\/decouvrir\/incontournables\/la-cathedrale-de-saint-jean-de-maurienne\/#webpage","url":"https:\/\/www.montagnicimes.com\/st-jean-de-maurienne\/decouvrir\/incontournables\/la-cathedrale-de-saint-jean-de-maurienne\/","name":"La Cath\u00e9drale de Saint-Jean-de-Maurienne - St-Jean-de-Maurienne","isPartOf":{"@id":"https:\/\/www.montagnicimes.com\/st-jean-de-maurienne\/#website"},"primaryImageOfPage":{"@id":"https:\/\/www.montagnicimes.com\/st-jean-de-maurienne\/decouvrir\/incontournables\/la-cathedrale-de-saint-jean-de-maurienne\/#primaryimage"},"datePublished":"2021-09-24T13:13:08+00:00","dateModified":"2021-11-15T21:53:13+00:00","description":"N\u2019h\u00e9sitez pas \u00e0 descendre quelques marches pour entrer dans cet \u00e9difice au c\u0153ur de l\u2019histoire de la Savoie. Apr\u00e8s une fa\u00e7ade n\u00e9oclassique, vous aurez la","breadcrumb":{"@id":"https:\/\/www.montagnicimes.com\/st-jean-de-maurienne\/decouvrir\/incontournables\/la-cathedrale-de-saint-jean-de-maurienne\/#breadcrumb"},"inLanguage":"fr-FR","potentialAction":[{"@type":"ReadAction","target":["https:\/\/www.montagnicimes.com\/st-jean-de-maurienne\/decouvrir\/incontournables\/la-cathedrale-de-saint-jean-de-maurienne\/"]}]},{"@type":"BreadcrumbList","@id":"https:\/\/www.montagnicimes.com\/st-jean-de-maurienne\/decouvrir\/incontournables\/la-cathedrale-de-saint-jean-de-maurienne\/#breadcrumb","itemListElement":[{"@type":"ListItem","position":1,"name":"Accueil","item":"https:\/\/www.montagnicimes.com\/st-jean-de-maurienne\/"},{"@type":"ListItem","position":2,"name":"D\u00e9couvrir","item":"https:\/\/www.montagnicimes.com\/st-jean-de-maurienne\/decouvrir\/"},{"@type":"ListItem","position":3,"name":"Nos Incontournables","item":"https:\/\/www.montagnicimes.com\/st-jean-de-maurienne\/decouvrir\/incontournables\/"},{"@type":"ListItem","position":4,"name":"La Cath\u00e9drale de Saint-Jean-de-Maurienne"}]}]}},"_links":{"self":[{"href":"https:\/\/www.montagnicimes.com\/st-jean-de-maurienne\/wp-json\/wp\/v2\/pages\/7584"}],"collection":[{"href":"https:\/\/www.montagnicimes.com\/st-jean-de-maurienne\/wp-json\/wp\/v2\/pages"}],"about":[{"href":"https:\/\/www.montagnicimes.com\/st-jean-de-maurienne\/wp-json\/wp\/v2\/types\/page"}],"author":[{"embeddable":true,"href":"https:\/\/www.montagnicimes.com\/st-jean-de-maurienne\/wp-json\/wp\/v2\/users\/1"}],"replies":[{"embeddable":true,"href":"https:\/\/www.montagnicimes.com\/st-jean-de-maurienne\/wp-json\/wp\/v2\/comments?post=7584"}],"version-history":[{"count":13,"href":"https:\/\/www.montagnicimes.com\/st-jean-de-maurienne\/wp-json\/wp\/v2\/pages\/7584\/revisions"}],"predecessor-version":[{"id":9107,"href":"https:\/\/www.montagnicimes.com\/st-jean-de-maurienne\/wp-json\/wp\/v2\/pages\/7584\/revisions\/9107"}],"up":[{"embeddable":true,"href":"https:\/\/www.montagnicimes.com\/st-jean-de-maurienne\/wp-json\/wp\/v2\/pages\/7572"}],"wp:featuredmedia":[{"embeddable":true,"href":"https:\/\/www.montagnicimes.com\/st-jean-de-maurienne\/wp-json\/wp\/v2\/media\/8329"}],"wp:attachment":[{"href":"https:\/\/www.montagnicimes.com\/st-jean-de-maurienne\/wp-json\/wp\/v2\/media?parent=7584"}],"wp:term":[{"taxonomy":"post_tag","embeddable":true,"href":"https:\/\/www.montagnicimes.com\/st-jean-de-maurienne\/wp-json\/wp\/v2\/post_tag?post=7584"}],"curies":[{"name":"wp","href":"https:\/\/api.w.org\/{rel}","templated":true}]}}