{"id":7592,"date":"2021-09-24T15:20:36","date_gmt":"2021-09-24T13:20:36","guid":{"rendered":"https:\/\/www.montagnicimes.com\/le-grand-coin\/contact\/"},"modified":"2022-09-22T15:52:25","modified_gmt":"2022-09-22T13:52:25","slug":"contact","status":"publish","type":"page","link":"https:\/\/www.montagnicimes.com\/le-grand-coin\/sinformer\/contact\/","title":{"rendered":"Contact"},"content":{"rendered":"\n<p class=\"is-style-excerpt\">Besoin d&rsquo;informations ? Vous avez une question ? Envoyez un message \u00e0 l&rsquo;Espace Nordique du Grand Coin et on vous r\u00e9pondra dans les plus bref d\u00e9lais !  <\/p>\n\n\n<div class=\"frm_forms  with_frm_style frm_style_style-formidable\" id=\"frm_form_2_container\" >\n<form enctype=\"multipart\/form-data\" method=\"post\" class=\"frm-show-form  frm_pro_form  frm_ajax_submit \" id=\"form_formulairedecontact\"  >\n<div class=\"frm_form_fields \">\n<fieldset>\n<legend class=\"frm_screen_reader\">Formulaire de contact<\/legend>\n\n<div class=\"frm_fields_container\">\n<input type=\"hidden\" name=\"frm_action\" value=\"create\" \/>\n<input type=\"hidden\" name=\"form_id\" value=\"2\" \/>\n<input type=\"hidden\" name=\"frm_hide_fields_2\" id=\"frm_hide_fields_2\" value=\"\" \/>\n<input type=\"hidden\" name=\"form_key\" value=\"formulairedecontact\" \/>\n<input type=\"hidden\" name=\"item_meta[0]\" value=\"\" \/>\n<input type=\"hidden\" id=\"frm_submit_entry_2\" name=\"frm_submit_entry_2\" value=\"c749238d02\" \/><input type=\"hidden\" name=\"_wp_http_referer\" value=\"\/le-grand-coin\/wp-json\/wp\/v2\/pages\/7592\" \/><div id=\"frm_field_6_container\" class=\"frm_form_field form-field  frm_required_field formGroup formGroup--text  frm_top_container\">\r\n    <label for=\"field_ap5ri\" id=\"field_ap5ri_label\" class=\"frm_primary_label formGroupLabel\">Nom \r\n        <span class=\"frm_required\">*<\/span>\r\n    <\/label>\r\n    <div class=\"formGroupField\"><input type=\"text\" id=\"field_ap5ri\" name=\"item_meta[6]\" value=\"\"  data-reqmsg=\"Ce champ ne peut pas \u00eatre vide\" aria-required=\"true\" data-invmsg=\"texte est non valide\" aria-invalid=\"false\"  \/>\r\n    \r\n    \r\n<\/div><\/div>\n<div id=\"frm_field_7_container\" class=\"frm_form_field form-field  formGroup formGroup--text  frm_top_container\">\r\n    <label for=\"field_p43ck\" id=\"field_p43ck_label\" class=\"frm_primary_label formGroupLabel\">Pr\u00e9nom\r\n        <span class=\"frm_required\"><\/span>\r\n    <\/label>\r\n    <div class=\"formGroupField\"><input type=\"text\" id=\"field_p43ck\" name=\"item_meta[7]\" value=\"\"  data-invmsg=\"texte est non valide\" aria-invalid=\"false\"  \/>\r\n    \r\n    \r\n<\/div><\/div>\n<div id=\"frm_field_8_container\" class=\"frm_form_field form-field  formGroup formGroup--text  frm_top_container\">\r\n    <label for=\"field_v5gpv\" id=\"field_v5gpv_label\" class=\"frm_primary_label formGroupLabel\">Adresse\r\n        <span class=\"frm_required\"><\/span>\r\n    <\/label>\r\n    <div class=\"formGroupField\"><input type=\"text\" id=\"field_v5gpv\" name=\"item_meta[8]\" value=\"\"  data-invmsg=\"texte est non valide\" aria-invalid=\"false\"  \/>\r\n    \r\n    \r\n<\/div><\/div>\n<div id=\"frm_field_9_container\" class=\"frm_form_field form-field  formGroup formGroup--number  frm_top_container\">\r\n    <label for=\"field_8lkf4\" id=\"field_8lkf4_label\" class=\"frm_primary_label formGroupLabel\">Code postal\r\n        <span class=\"frm_required\"><\/span>\r\n    <\/label>\r\n    <div class=\"formGroupField\"><input type=\"number\" id=\"field_8lkf4\" name=\"item_meta[9]\" value=\"\"  data-invmsg=\"Nombre est non valide\" aria-invalid=\"false\"   min=\"0\" max=\"9999999\" step=\"any\"\/>\r\n    \r\n    \r\n<\/div><\/div>\n<div id=\"frm_field_10_container\" class=\"frm_form_field form-field  frm_required_field formGroup formGroup--text  frm_top_container\">\r\n    <label for=\"field_kvvsj\" id=\"field_kvvsj_label\" class=\"frm_primary_label formGroupLabel\">Ville\r\n        <span class=\"frm_required\">*<\/span>\r\n    <\/label>\r\n    <div class=\"formGroupField\"><input type=\"text\" id=\"field_kvvsj\" name=\"item_meta[10]\" value=\"\"  data-reqmsg=\"Ce champ ne peut pas \u00eatre vide\" aria-required=\"true\" data-invmsg=\"texte est non valide\" aria-invalid=\"false\"  \/>\r\n    \r\n    \r\n<\/div><\/div>\n<div id=\"frm_field_11_container\" class=\"frm_form_field form-field  formGroup formGroup--phone  frm_top_container\">\r\n    <label for=\"field_grfqr\" id=\"field_grfqr_label\" class=\"frm_primary_label formGroupLabel\">T\u00e9l\u00e9phone\r\n        <span class=\"frm_required\"><\/span>\r\n    <\/label>\r\n    <div class=\"formGroupField\"><input type=\"tel\" id=\"field_grfqr\" name=\"item_meta[11]\" value=\"\"  data-invmsg=\"T\u00e9l\u00e9phone est non valide\" aria-invalid=\"false\" pattern=\"((\\+\\d{1,3}(-|.| )?\\(?\\d\\)?(-| |.)?\\d{1,5})|(\\(?\\d{2,6}\\)?))(-|.| )?(\\d{3,4})(-|.| )?(\\d{4})(( x| ext)\\d{1,5}){0,1}$\"  \/>\r\n    \r\n    \r\n<\/div><\/div>\n<div id=\"frm_field_12_container\" class=\"frm_form_field form-field  frm_required_field formGroup formGroup--email  frm_top_container\">\r\n    <label for=\"field_de5x7\" id=\"field_de5x7_label\" class=\"frm_primary_label formGroupLabel\">Email\r\n        <span class=\"frm_required\">*<\/span>\r\n    <\/label>\r\n    <div class=\"formGroupField\"><input type=\"email\" id=\"field_de5x7\" name=\"item_meta[12]\" value=\"\"  data-reqmsg=\"Ce champ ne peut pas \u00eatre vide\" aria-required=\"true\" data-invmsg=\"Email est non valide\" aria-invalid=\"false\"  \/>\r\n    \r\n    \r\n<\/div><\/div>\n<div id=\"frm_field_13_container\" class=\"frm_form_field form-field  frm_required_field formGroup formGroup--textarea  frm_top_container\">\r\n    <label for=\"field_xe694\" id=\"field_xe694_label\" class=\"frm_primary_label formGroupLabel\">Message\r\n        <span class=\"frm_required\">*<\/span>\r\n    <\/label>\r\n    <div class=\"formGroupField\"><textarea name=\"item_meta[13]\" id=\"field_xe694\" rows=\"5\"  data-reqmsg=\"Ce champ ne peut pas \u00eatre vide\" aria-required=\"true\" data-invmsg=\"Message est non valide\" aria-invalid=\"false\"  ><\/textarea>\r\n    \r\n    \r\n<\/div><\/div>\n<div id=\"frm_field_14_container\" class=\"frm_form_field form-field  formGroup frm_hidden\">\r\n    <label for=\"g-recaptcha-response\" id=\"field_jwweg_label\" class=\"frm_primary_label formGroupLabel\">reCAPTCHA\r\n        <span class=\"frm_required\" aria-hidden=\"true\"><\/span>\r\n    <\/label>\r\n    <div class=\"formGroupField\"><div id=\"field_jwweg\" class=\"frm-g-recaptcha\" data-sitekey=\"6Lf5kGMcAAAAAAvFIHkuooZ44xhaZNY8EreP5cz2\" data-size=\"invisible\" data-theme=\"light\"><\/div>\r\n    \r\n    \r\n<\/div><\/div>\n<!DOCTYPE html PUBLIC \"-\/\/W3C\/\/DTD HTML 4.0 Transitional\/\/EN\" \"http:\/\/www.w3.org\/TR\/REC-html40\/loose.dtd\">\n<html><body><div id=\"frm_field_15_container\" class=\"frm_form_field form-field  formGroup formGroup--checkbox  frm_top_container vertical_radio\">\r\n    <div id=\"field_j159s_label\" class=\"frm_primary_label formGroupLabel\">Newsletter\r\n        <span class=\"frm_required\" aria-hidden=\"true\"><\/span>\r\n    <\/div>\r\n    <div class=\"frm_opt_container\" aria-labelledby=\"field_j159s_label\" role=\"group\"><div class=\"formGroupField\">\t\t<div class=\"frm_checkbox\" id=\"frm_checkbox_15-0\"><input type=\"checkbox\" name=\"item_meta[15][]\" id=\"field_j159s-0\" value=\"Je souhaite m'inscrire &agrave; la newsletter\" data-invmsg=\"Newsletter est non valide\" aria-invalid=\"false\"><label for=\"field_j159s-0\"> Je souhaite m&rsquo;inscrire &agrave; la newsletter<\/label><\/div>\n<\/div>\r\n    \r\n    \r\n<\/div><\/div>\n<\/body><\/html>\n<!DOCTYPE html PUBLIC \"-\/\/W3C\/\/DTD HTML 4.0 Transitional\/\/EN\" \"http:\/\/www.w3.org\/TR\/REC-html40\/loose.dtd\">\n<html><body><div id=\"frm_field_16_container\" class=\"frm_form_field form-field  frm_required_field formGroup formGroup--checkbox  frm_top_container js-axeptioInsert-contact vertical_radio\">\r\n    <div id=\"field_pve9y_label\" class=\"frm_primary_label formGroupLabel\">RGPD\r\n        <span class=\"frm_required\" aria-hidden=\"true\">*<\/span>\r\n    <\/div>\r\n    <div class=\"frm_opt_container\" aria-labelledby=\"field_pve9y_label\" role=\"group\"><div class=\"formGroupField\">\t\t<div class=\"frm_checkbox\" id=\"frm_checkbox_16-0\"><input type=\"checkbox\" name=\"item_meta[16][]\" id=\"field_pve9y-0\" value=\"J'accepte le recueillement de mes donn&eacute;es personnelles\" data-reqmsg=\"Ce champ ne peut pas &ecirc;tre vide\" aria-required=\"true\" data-invmsg=\"RGPD est non valide\" aria-invalid=\"false\"><label for=\"field_pve9y-0\"> J&rsquo;accepte le recueillement de mes donn&eacute;es personnelles<\/label><\/div>\n<\/div>\r\n    \r\n    \r\n<\/div><\/div>\n<\/body><\/html>\n\t<input type=\"hidden\" name=\"item_key\" value=\"\" \/>\n\t\t\t\t<div class=\"frm_verify\" aria-hidden=\"true\">\n\t\t\t\t<label for=\"frm_email_2\">\n\t\t\t\t\tSi vous \u00eates un humain, ne remplissez pas ce champ.\t\t\t\t<\/label>\n\t\t\t\t<input type=\"text\" class=\"frm_verify\" id=\"frm_email_2\" name=\"frm_verify\" value=\"\"  \/>\n\t\t\t<\/div>\n\t\t<input name=\"frm_state\" type=\"hidden\" value=\"9x3+m3nrsFZspPcEFzUHRlmccFmEJUmInMb8HEth9SA=\" \/><div class=\"formGroup formGroup--nolabel\"><span class=\"required\">Les champs marqu\u00e9s d&rsquo;une * sont obligatoires<\/span><\/div><div class=\"frm_submit formGroup--nolabel\">\n\n<button class=\"frm_button_submit frm_final_submit button\" type=\"submit\"  formnovalidate=\"formnovalidate\">Envoyer<\/button>\n\n<\/div><\/div>\n<\/fieldset>\n<\/div>\n<\/form>\n<\/div>\n","protected":false},"excerpt":{"rendered":"<p>Besoin d&rsquo;informations ? Vous avez une question ? Envoyez un message \u00e0 l&rsquo;Espace Nordique du Grand Coin et on vous r\u00e9pondra dans les plus bref d\u00e9lais !<\/p>\n","protected":false},"author":1,"featured_media":10130,"parent":7589,"menu_order":3,"comment_status":"closed","ping_status":"closed","template":"","meta":{"_relevanssi_hide_post":"","_relevanssi_pin_for_all":"","_relevanssi_pin_keywords":"","_relevanssi_unpin_keywords":"","_relevanssi_related_keywords":"","_relevanssi_related_include_ids":"","_relevanssi_related_exclude_ids":"","_relevanssi_related_no_append":"","_relevanssi_related_not_related":"","_relevanssi_related_posts":"491,489,493","_relevanssi_noindex_reason":""},"post_tag":[],"acf":[],"yoast_head":"<!-- This site is optimized with the Yoast SEO plugin v17.6 - https:\/\/yoast.com\/wordpress\/plugins\/seo\/ -->\n<meta name=\"description\" content=\"Besoin d&#039;informations ? Vous avez une question ? Envoyez un message \u00e0 l&#039;Espace Nordique du Grand Coin et on vous r\u00e9pondra dans les plus bref d\u00e9lais !\" \/>\n<meta name=\"robots\" content=\"index, follow, max-snippet:-1, max-image-preview:large, max-video-preview:-1\" \/>\n<link rel=\"canonical\" href=\"https:\/\/www.montagnicimes.com\/le-grand-coin\/sinformer\/contact\/\" \/>\n<meta property=\"og:locale\" content=\"fr_FR\" \/>\n<meta property=\"og:type\" content=\"article\" \/>\n<meta property=\"og:title\" content=\"Contact er l&#039;Espace Nordique du Grand Coin - Le Grand coin\" \/>\n<meta property=\"og:description\" content=\"Besoin d&#039;informations ? Vous avez une question ? Envoyez un message \u00e0 l&#039;Espace Nordique du Grand Coin et on vous r\u00e9pondra dans les plus bref d\u00e9lais !\" \/>\n<meta property=\"og:url\" content=\"https:\/\/www.montagnicimes.com\/le-grand-coin\/sinformer\/contact\/\" \/>\n<meta property=\"og:site_name\" content=\"Le Grand coin\" \/>\n<meta property=\"article:modified_time\" content=\"2022-09-22T13:52:25+00:00\" \/>\n<meta property=\"og:image\" content=\"https:\/\/www.montagnicimes.com\/le-grand-coin\/wp-content\/uploads\/sites\/6\/2022\/09\/CONTACT.jpg\" \/>\n\t<meta property=\"og:image:width\" content=\"1920\" \/>\n\t<meta property=\"og:image:height\" content=\"1280\" \/>\n<meta name=\"twitter:card\" content=\"summary_large_image\" \/>\n<meta name=\"twitter:label1\" content=\"Dur\u00e9e de lecture estim\u00e9e\" \/>\n\t<meta name=\"twitter:data1\" content=\"1 minute\" \/>\n<script type=\"application\/ld+json\" class=\"yoast-schema-graph\">{\"@context\":\"https:\/\/schema.org\",\"@graph\":[{\"@type\":\"WebSite\",\"@id\":\"https:\/\/www.montagnicimes.com\/le-grand-coin\/#website\",\"url\":\"https:\/\/www.montagnicimes.com\/le-grand-coin\/\",\"name\":\"Le Grand coin\",\"description\":\"Espace Nordique du Grand Coin\",\"potentialAction\":[{\"@type\":\"SearchAction\",\"target\":{\"@type\":\"EntryPoint\",\"urlTemplate\":\"https:\/\/www.montagnicimes.com\/le-grand-coin\/?s={search_term_string}\"},\"query-input\":\"required name=search_term_string\"}],\"inLanguage\":\"fr-FR\"},{\"@type\":\"ImageObject\",\"@id\":\"https:\/\/www.montagnicimes.com\/le-grand-coin\/sinformer\/contact\/#primaryimage\",\"inLanguage\":\"fr-FR\",\"url\":\"https:\/\/www.montagnicimes.com\/le-grand-coin\/wp-content\/uploads\/sites\/6\/2022\/09\/CONTACT.jpg\",\"contentUrl\":\"https:\/\/www.montagnicimes.com\/le-grand-coin\/wp-content\/uploads\/sites\/6\/2022\/09\/CONTACT.jpg\",\"width\":1920,\"height\":1280,\"caption\":\"le grand coin hiver ski de fond espace nordique chaussy\"},{\"@type\":\"WebPage\",\"@id\":\"https:\/\/www.montagnicimes.com\/le-grand-coin\/sinformer\/contact\/#webpage\",\"url\":\"https:\/\/www.montagnicimes.com\/le-grand-coin\/sinformer\/contact\/\",\"name\":\"Contact er l'Espace Nordique du Grand Coin - Le Grand coin\",\"isPartOf\":{\"@id\":\"https:\/\/www.montagnicimes.com\/le-grand-coin\/#website\"},\"primaryImageOfPage\":{\"@id\":\"https:\/\/www.montagnicimes.com\/le-grand-coin\/sinformer\/contact\/#primaryimage\"},\"datePublished\":\"2021-09-24T13:20:36+00:00\",\"dateModified\":\"2022-09-22T13:52:25+00:00\",\"description\":\"Besoin d'informations ? Vous avez une question ? Envoyez un message \\u00e0 l'Espace Nordique du Grand Coin et on vous r\\u00e9pondra dans les plus bref d\\u00e9lais !\",\"breadcrumb\":{\"@id\":\"https:\/\/www.montagnicimes.com\/le-grand-coin\/sinformer\/contact\/#breadcrumb\"},\"inLanguage\":\"fr-FR\",\"potentialAction\":[{\"@type\":\"ReadAction\",\"target\":[\"https:\/\/www.montagnicimes.com\/le-grand-coin\/sinformer\/contact\/\"]}]},{\"@type\":\"BreadcrumbList\",\"@id\":\"https:\/\/www.montagnicimes.com\/le-grand-coin\/sinformer\/contact\/#breadcrumb\",\"itemListElement\":[{\"@type\":\"ListItem\",\"position\":1,\"name\":\"Accueil\",\"item\":\"https:\/\/www.montagnicimes.com\/le-grand-coin\/\"},{\"@type\":\"ListItem\",\"position\":2,\"name\":\"S&rsquo;informer\",\"item\":\"https:\/\/www.montagnicimes.com\/le-grand-coin\/sinformer\/\"},{\"@type\":\"ListItem\",\"position\":3,\"name\":\"Contact\"}]}]}<\/script>\n<!-- \/ Yoast SEO plugin. -->","yoast_head_json":{"description":"Besoin d'informations ? Vous avez une question ? Envoyez un message \u00e0 l'Espace Nordique du Grand Coin et on vous r\u00e9pondra dans les plus bref d\u00e9lais !","robots":{"index":"index","follow":"follow","max-snippet":"max-snippet:-1","max-image-preview":"max-image-preview:large","max-video-preview":"max-video-preview:-1"},"canonical":"https:\/\/www.montagnicimes.com\/le-grand-coin\/sinformer\/contact\/","og_locale":"fr_FR","og_type":"article","og_title":"Contact er l'Espace Nordique du Grand Coin - Le Grand coin","og_description":"Besoin d'informations ? Vous avez une question ? Envoyez un message \u00e0 l'Espace Nordique du Grand Coin et on vous r\u00e9pondra dans les plus bref d\u00e9lais !","og_url":"https:\/\/www.montagnicimes.com\/le-grand-coin\/sinformer\/contact\/","og_site_name":"Le Grand coin","article_modified_time":"2022-09-22T13:52:25+00:00","og_image":[{"width":1920,"height":1280,"url":"https:\/\/www.montagnicimes.com\/le-grand-coin\/wp-content\/uploads\/sites\/6\/2022\/09\/CONTACT.jpg","type":"image\/jpeg"}],"twitter_card":"summary_large_image","twitter_misc":{"Dur\u00e9e de lecture estim\u00e9e":"1 minute"},"schema":{"@context":"https:\/\/schema.org","@graph":[{"@type":"WebSite","@id":"https:\/\/www.montagnicimes.com\/le-grand-coin\/#website","url":"https:\/\/www.montagnicimes.com\/le-grand-coin\/","name":"Le Grand coin","description":"Espace Nordique du Grand Coin","potentialAction":[{"@type":"SearchAction","target":{"@type":"EntryPoint","urlTemplate":"https:\/\/www.montagnicimes.com\/le-grand-coin\/?s={search_term_string}"},"query-input":"required name=search_term_string"}],"inLanguage":"fr-FR"},{"@type":"ImageObject","@id":"https:\/\/www.montagnicimes.com\/le-grand-coin\/sinformer\/contact\/#primaryimage","inLanguage":"fr-FR","url":"https:\/\/www.montagnicimes.com\/le-grand-coin\/wp-content\/uploads\/sites\/6\/2022\/09\/CONTACT.jpg","contentUrl":"https:\/\/www.montagnicimes.com\/le-grand-coin\/wp-content\/uploads\/sites\/6\/2022\/09\/CONTACT.jpg","width":1920,"height":1280,"caption":"le grand coin hiver ski de fond espace nordique chaussy"},{"@type":"WebPage","@id":"https:\/\/www.montagnicimes.com\/le-grand-coin\/sinformer\/contact\/#webpage","url":"https:\/\/www.montagnicimes.com\/le-grand-coin\/sinformer\/contact\/","name":"Contact er l'Espace Nordique du Grand Coin - Le Grand coin","isPartOf":{"@id":"https:\/\/www.montagnicimes.com\/le-grand-coin\/#website"},"primaryImageOfPage":{"@id":"https:\/\/www.montagnicimes.com\/le-grand-coin\/sinformer\/contact\/#primaryimage"},"datePublished":"2021-09-24T13:20:36+00:00","dateModified":"2022-09-22T13:52:25+00:00","description":"Besoin d'informations ? Vous avez une question ? Envoyez un message \u00e0 l'Espace Nordique du Grand Coin et on vous r\u00e9pondra dans les plus bref d\u00e9lais !","breadcrumb":{"@id":"https:\/\/www.montagnicimes.com\/le-grand-coin\/sinformer\/contact\/#breadcrumb"},"inLanguage":"fr-FR","potentialAction":[{"@type":"ReadAction","target":["https:\/\/www.montagnicimes.com\/le-grand-coin\/sinformer\/contact\/"]}]},{"@type":"BreadcrumbList","@id":"https:\/\/www.montagnicimes.com\/le-grand-coin\/sinformer\/contact\/#breadcrumb","itemListElement":[{"@type":"ListItem","position":1,"name":"Accueil","item":"https:\/\/www.montagnicimes.com\/le-grand-coin\/"},{"@type":"ListItem","position":2,"name":"S&rsquo;informer","item":"https:\/\/www.montagnicimes.com\/le-grand-coin\/sinformer\/"},{"@type":"ListItem","position":3,"name":"Contact"}]}]}},"_links":{"self":[{"href":"https:\/\/www.montagnicimes.com\/le-grand-coin\/wp-json\/wp\/v2\/pages\/7592"}],"collection":[{"href":"https:\/\/www.montagnicimes.com\/le-grand-coin\/wp-json\/wp\/v2\/pages"}],"about":[{"href":"https:\/\/www.montagnicimes.com\/le-grand-coin\/wp-json\/wp\/v2\/types\/page"}],"author":[{"embeddable":true,"href":"https:\/\/www.montagnicimes.com\/le-grand-coin\/wp-json\/wp\/v2\/users\/1"}],"replies":[{"embeddable":true,"href":"https:\/\/www.montagnicimes.com\/le-grand-coin\/wp-json\/wp\/v2\/comments?post=7592"}],"version-history":[{"count":5,"href":"https:\/\/www.montagnicimes.com\/le-grand-coin\/wp-json\/wp\/v2\/pages\/7592\/revisions"}],"predecessor-version":[{"id":9171,"href":"https:\/\/www.montagnicimes.com\/le-grand-coin\/wp-json\/wp\/v2\/pages\/7592\/revisions\/9171"}],"up":[{"embeddable":true,"href":"https:\/\/www.montagnicimes.com\/le-grand-coin\/wp-json\/wp\/v2\/pages\/7589"}],"wp:featuredmedia":[{"embeddable":true,"href":"https:\/\/www.montagnicimes.com\/le-grand-coin\/wp-json\/wp\/v2\/media\/10130"}],"wp:attachment":[{"href":"https:\/\/www.montagnicimes.com\/le-grand-coin\/wp-json\/wp\/v2\/media?parent=7592"}],"wp:term":[{"taxonomy":"post_tag","embeddable":true,"href":"https:\/\/www.montagnicimes.com\/le-grand-coin\/wp-json\/wp\/v2\/post_tag?post=7592"}],"curies":[{"name":"wp","href":"https:\/\/api.w.org\/{rel}","templated":true}]}}