{"id":7590,"date":"2021-09-24T15:20:34","date_gmt":"2021-09-24T13:20:34","guid":{"rendered":"https:\/\/www.montagnicimes.com\/le-grand-coin\/webcam-2\/"},"modified":"2025-11-07T11:38:25","modified_gmt":"2025-11-07T10:38:25","slug":"webcam-2","status":"publish","type":"page","link":"https:\/\/www.montagnicimes.com\/le-grand-coin\/sinformer\/webcam-2\/","title":{"rendered":"Webcam et conditions d&rsquo;enneigement"},"content":{"rendered":"\n<div class=\"wp-block wp-block-embed wp-block-embed-webcam\">\n\t        <h2 class=\"wp-block-embed-title\">Le Grand Coin | 1533m<\/h2>\n\t\n\t        <div class=\"wp-block-embed__wrapper\">\n            <iframe mozallowfullscreen webkitallowfullscreen allowfullscreen src=\"https:\/\/webcams.mauriennisezvous.fr\/play\/chaussy.html\" frameborder=\"0\" scrolling=\"no\"  ><\/iframe>\n        <\/div>\n\t<\/div>\n\n\n<p>var idStation = [4591];<br \/>\ngenerateBulletinStation(idStation);<\/p>\n<div id=\"NordicMarqueBlanche\"><\/div>\n","protected":false},"excerpt":{"rendered":"<p>Vous souhaitez voir le Grand Coin en temps r\u00e9el ? Notre webcam est l\u00e0 pour \u00e7a !<\/p>\n","protected":false},"author":1,"featured_media":7693,"parent":7589,"menu_order":1,"comment_status":"closed","ping_status":"closed","template":"","meta":{"_relevanssi_hide_post":"","_relevanssi_pin_for_all":"","_relevanssi_pin_keywords":"","_relevanssi_unpin_keywords":"","_relevanssi_related_keywords":"","_relevanssi_related_include_ids":"","_relevanssi_related_exclude_ids":"","_relevanssi_related_no_append":"","_relevanssi_related_not_related":"","_relevanssi_related_posts":"493,491,489","_relevanssi_noindex_reason":""},"post_tag":[],"acf":[],"yoast_head":"<!-- This site is optimized with the Yoast SEO plugin v17.6 - https:\/\/yoast.com\/wordpress\/plugins\/seo\/ -->\n<meta name=\"description\" content=\"Vous souhaitez voir le Grand Coin en temps r\u00e9el ? Notre webcam est l\u00e0 pour \u00e7a !\" \/>\n<meta name=\"robots\" content=\"index, follow, max-snippet:-1, max-image-preview:large, max-video-preview:-1\" \/>\n<link rel=\"canonical\" href=\"https:\/\/www.montagnicimes.com\/le-grand-coin\/sinformer\/webcam-2\/\" \/>\n<meta property=\"og:locale\" content=\"fr_FR\" \/>\n<meta property=\"og:type\" content=\"article\" \/>\n<meta property=\"og:title\" content=\"Webcam et conditions d&#039;enneigement - Le Grand coin\" \/>\n<meta property=\"og:description\" content=\"Vous souhaitez voir le Grand Coin en temps r\u00e9el ? Notre webcam est l\u00e0 pour \u00e7a !\" \/>\n<meta property=\"og:url\" content=\"https:\/\/www.montagnicimes.com\/le-grand-coin\/sinformer\/webcam-2\/\" \/>\n<meta property=\"og:site_name\" content=\"Le Grand coin\" \/>\n<meta property=\"article:modified_time\" content=\"2025-11-07T10:38:25+00:00\" \/>\n<meta property=\"og:image\" content=\"https:\/\/www.montagnicimes.com\/le-grand-coin\/wp-content\/uploads\/sites\/6\/2021\/10\/accueil-2.jpg\" \/>\n\t<meta property=\"og:image:width\" content=\"1200\" \/>\n\t<meta property=\"og:image:height\" content=\"600\" \/>\n<meta name=\"twitter:card\" content=\"summary_large_image\" \/>\n<meta name=\"twitter:label1\" content=\"Dur\u00e9e de lecture estim\u00e9e\" \/>\n\t<meta name=\"twitter:data1\" content=\"1 minute\" \/>\n<script type=\"application\/ld+json\" class=\"yoast-schema-graph\">{\"@context\":\"https:\/\/schema.org\",\"@graph\":[{\"@type\":\"WebSite\",\"@id\":\"https:\/\/www.montagnicimes.com\/le-grand-coin\/#website\",\"url\":\"https:\/\/www.montagnicimes.com\/le-grand-coin\/\",\"name\":\"Le Grand coin\",\"description\":\"Espace Nordique du Grand Coin\",\"potentialAction\":[{\"@type\":\"SearchAction\",\"target\":{\"@type\":\"EntryPoint\",\"urlTemplate\":\"https:\/\/www.montagnicimes.com\/le-grand-coin\/?s={search_term_string}\"},\"query-input\":\"required name=search_term_string\"}],\"inLanguage\":\"fr-FR\"},{\"@type\":\"ImageObject\",\"@id\":\"https:\/\/www.montagnicimes.com\/le-grand-coin\/sinformer\/webcam-2\/#primaryimage\",\"inLanguage\":\"fr-FR\",\"url\":\"https:\/\/www.montagnicimes.com\/le-grand-coin\/wp-content\/uploads\/sites\/6\/2021\/10\/accueil-2.jpg\",\"contentUrl\":\"https:\/\/www.montagnicimes.com\/le-grand-coin\/wp-content\/uploads\/sites\/6\/2021\/10\/accueil-2.jpg\",\"width\":1200,\"height\":600,\"caption\":\"paysage grand coin\"},{\"@type\":\"WebPage\",\"@id\":\"https:\/\/www.montagnicimes.com\/le-grand-coin\/sinformer\/webcam-2\/#webpage\",\"url\":\"https:\/\/www.montagnicimes.com\/le-grand-coin\/sinformer\/webcam-2\/\",\"name\":\"Webcam et conditions d'enneigement - Le Grand coin\",\"isPartOf\":{\"@id\":\"https:\/\/www.montagnicimes.com\/le-grand-coin\/#website\"},\"primaryImageOfPage\":{\"@id\":\"https:\/\/www.montagnicimes.com\/le-grand-coin\/sinformer\/webcam-2\/#primaryimage\"},\"datePublished\":\"2021-09-24T13:20:34+00:00\",\"dateModified\":\"2025-11-07T10:38:25+00:00\",\"description\":\"Vous souhaitez voir le Grand Coin en temps r\\u00e9el ? Notre webcam est l\\u00e0 pour \\u00e7a !\",\"breadcrumb\":{\"@id\":\"https:\/\/www.montagnicimes.com\/le-grand-coin\/sinformer\/webcam-2\/#breadcrumb\"},\"inLanguage\":\"fr-FR\",\"potentialAction\":[{\"@type\":\"ReadAction\",\"target\":[\"https:\/\/www.montagnicimes.com\/le-grand-coin\/sinformer\/webcam-2\/\"]}]},{\"@type\":\"BreadcrumbList\",\"@id\":\"https:\/\/www.montagnicimes.com\/le-grand-coin\/sinformer\/webcam-2\/#breadcrumb\",\"itemListElement\":[{\"@type\":\"ListItem\",\"position\":1,\"name\":\"Accueil\",\"item\":\"https:\/\/www.montagnicimes.com\/le-grand-coin\/\"},{\"@type\":\"ListItem\",\"position\":2,\"name\":\"S&rsquo;informer\",\"item\":\"https:\/\/www.montagnicimes.com\/le-grand-coin\/sinformer\/\"},{\"@type\":\"ListItem\",\"position\":3,\"name\":\"Webcam et conditions d&rsquo;enneigement\"}]}]}<\/script>\n<!-- \/ Yoast SEO plugin. -->","yoast_head_json":{"description":"Vous souhaitez voir le Grand Coin en temps r\u00e9el ? Notre webcam est l\u00e0 pour \u00e7a !","robots":{"index":"index","follow":"follow","max-snippet":"max-snippet:-1","max-image-preview":"max-image-preview:large","max-video-preview":"max-video-preview:-1"},"canonical":"https:\/\/www.montagnicimes.com\/le-grand-coin\/sinformer\/webcam-2\/","og_locale":"fr_FR","og_type":"article","og_title":"Webcam et conditions d'enneigement - Le Grand coin","og_description":"Vous souhaitez voir le Grand Coin en temps r\u00e9el ? Notre webcam est l\u00e0 pour \u00e7a !","og_url":"https:\/\/www.montagnicimes.com\/le-grand-coin\/sinformer\/webcam-2\/","og_site_name":"Le Grand coin","article_modified_time":"2025-11-07T10:38:25+00:00","og_image":[{"width":1200,"height":600,"url":"https:\/\/www.montagnicimes.com\/le-grand-coin\/wp-content\/uploads\/sites\/6\/2021\/10\/accueil-2.jpg","type":"image\/jpeg"}],"twitter_card":"summary_large_image","twitter_misc":{"Dur\u00e9e de lecture estim\u00e9e":"1 minute"},"schema":{"@context":"https:\/\/schema.org","@graph":[{"@type":"WebSite","@id":"https:\/\/www.montagnicimes.com\/le-grand-coin\/#website","url":"https:\/\/www.montagnicimes.com\/le-grand-coin\/","name":"Le Grand coin","description":"Espace Nordique du Grand Coin","potentialAction":[{"@type":"SearchAction","target":{"@type":"EntryPoint","urlTemplate":"https:\/\/www.montagnicimes.com\/le-grand-coin\/?s={search_term_string}"},"query-input":"required name=search_term_string"}],"inLanguage":"fr-FR"},{"@type":"ImageObject","@id":"https:\/\/www.montagnicimes.com\/le-grand-coin\/sinformer\/webcam-2\/#primaryimage","inLanguage":"fr-FR","url":"https:\/\/www.montagnicimes.com\/le-grand-coin\/wp-content\/uploads\/sites\/6\/2021\/10\/accueil-2.jpg","contentUrl":"https:\/\/www.montagnicimes.com\/le-grand-coin\/wp-content\/uploads\/sites\/6\/2021\/10\/accueil-2.jpg","width":1200,"height":600,"caption":"paysage grand coin"},{"@type":"WebPage","@id":"https:\/\/www.montagnicimes.com\/le-grand-coin\/sinformer\/webcam-2\/#webpage","url":"https:\/\/www.montagnicimes.com\/le-grand-coin\/sinformer\/webcam-2\/","name":"Webcam et conditions d'enneigement - Le Grand coin","isPartOf":{"@id":"https:\/\/www.montagnicimes.com\/le-grand-coin\/#website"},"primaryImageOfPage":{"@id":"https:\/\/www.montagnicimes.com\/le-grand-coin\/sinformer\/webcam-2\/#primaryimage"},"datePublished":"2021-09-24T13:20:34+00:00","dateModified":"2025-11-07T10:38:25+00:00","description":"Vous souhaitez voir le Grand Coin en temps r\u00e9el ? Notre webcam est l\u00e0 pour \u00e7a !","breadcrumb":{"@id":"https:\/\/www.montagnicimes.com\/le-grand-coin\/sinformer\/webcam-2\/#breadcrumb"},"inLanguage":"fr-FR","potentialAction":[{"@type":"ReadAction","target":["https:\/\/www.montagnicimes.com\/le-grand-coin\/sinformer\/webcam-2\/"]}]},{"@type":"BreadcrumbList","@id":"https:\/\/www.montagnicimes.com\/le-grand-coin\/sinformer\/webcam-2\/#breadcrumb","itemListElement":[{"@type":"ListItem","position":1,"name":"Accueil","item":"https:\/\/www.montagnicimes.com\/le-grand-coin\/"},{"@type":"ListItem","position":2,"name":"S&rsquo;informer","item":"https:\/\/www.montagnicimes.com\/le-grand-coin\/sinformer\/"},{"@type":"ListItem","position":3,"name":"Webcam et conditions d&rsquo;enneigement"}]}]}},"_links":{"self":[{"href":"https:\/\/www.montagnicimes.com\/le-grand-coin\/wp-json\/wp\/v2\/pages\/7590"}],"collection":[{"href":"https:\/\/www.montagnicimes.com\/le-grand-coin\/wp-json\/wp\/v2\/pages"}],"about":[{"href":"https:\/\/www.montagnicimes.com\/le-grand-coin\/wp-json\/wp\/v2\/types\/page"}],"author":[{"embeddable":true,"href":"https:\/\/www.montagnicimes.com\/le-grand-coin\/wp-json\/wp\/v2\/users\/1"}],"replies":[{"embeddable":true,"href":"https:\/\/www.montagnicimes.com\/le-grand-coin\/wp-json\/wp\/v2\/comments?post=7590"}],"version-history":[{"count":27,"href":"https:\/\/www.montagnicimes.com\/le-grand-coin\/wp-json\/wp\/v2\/pages\/7590\/revisions"}],"predecessor-version":[{"id":14398,"href":"https:\/\/www.montagnicimes.com\/le-grand-coin\/wp-json\/wp\/v2\/pages\/7590\/revisions\/14398"}],"up":[{"embeddable":true,"href":"https:\/\/www.montagnicimes.com\/le-grand-coin\/wp-json\/wp\/v2\/pages\/7589"}],"wp:featuredmedia":[{"embeddable":true,"href":"https:\/\/www.montagnicimes.com\/le-grand-coin\/wp-json\/wp\/v2\/media\/7693"}],"wp:attachment":[{"href":"https:\/\/www.montagnicimes.com\/le-grand-coin\/wp-json\/wp\/v2\/media?parent=7590"}],"wp:term":[{"taxonomy":"post_tag","embeddable":true,"href":"https:\/\/www.montagnicimes.com\/le-grand-coin\/wp-json\/wp\/v2\/post_tag?post=7590"}],"curies":[{"name":"wp","href":"https:\/\/api.w.org\/{rel}","templated":true}]}}