{"id":7573,"date":"2021-09-24T15:20:39","date_gmt":"2021-09-24T13:20:20","guid":{"rendered":"https:\/\/www.montagnicimes.com\/le-grand-coin\/les-activites\/"},"modified":"2021-11-24T21:32:49","modified_gmt":"2021-11-24T20:32:49","slug":"se-divertir","status":"publish","type":"page","link":"https:\/\/www.montagnicimes.com\/le-grand-coin\/se-divertir\/","title":{"rendered":"Se divertir"},"content":{"rendered":"\n<p class=\"is-style-excerpt\">Au Grand Coin, diverses activit\u00e9s outdoor vous sont propos\u00e9es. Et\u00e9 comme hiver, venez vous amuser et faire le plein d\u2019\u00e9nergie. En famille ou entre amis, bonne ambiance garantie.<\/p>\n\n\n\n<div class=\"wp-block wp-block-child-post alignwide clear\">\n    \n<div class=\"entityItem \" data-trigger=\"wpiris-click\" >\n    <a href=\"https:\/\/www.montagnicimes.com\/le-grand-coin\/se-divertir\/ski-de-fond-biathlon\/\" nofancybox class=\"entityItemThumbnail\">\n        <img data-src=\"https:\/\/www.montagnicimes.com\/le-grand-coin\/wp-content\/uploads\/sites\/6\/wpiris-images\/7687\/Ski-de-fond-\u00a9MYSFL-380x400-c.jpg\" alt=\"Ski de fond | Biathlon\">\n    <\/a>\n    <div class=\"entityItemContent\">\n\n        <div class=\"entityItemContentHeading\">\n                                    <h2 class=\"entityItemContentTitle\" >\n                <a href=\"https:\/\/www.montagnicimes.com\/le-grand-coin\/se-divertir\/ski-de-fond-biathlon\/\">Ski de fond | Biathlon<\/a>\n            <\/h2>                    <\/div>\n            <\/div>\n<\/div>\n\n<div class=\"entityItem \" data-trigger=\"wpiris-click\" >\n    <a href=\"https:\/\/www.montagnicimes.com\/le-grand-coin\/se-divertir\/raquette\/\" nofancybox class=\"entityItemThumbnail\">\n        <img data-src=\"https:\/\/www.montagnicimes.com\/le-grand-coin\/wp-content\/uploads\/sites\/6\/wpiris-images\/8152\/raquette-380x400-c.jpg\" alt=\"Raquette\">\n    <\/a>\n    <div class=\"entityItemContent\">\n\n        <div class=\"entityItemContentHeading\">\n                                    <h2 class=\"entityItemContentTitle\" >\n                <a href=\"https:\/\/www.montagnicimes.com\/le-grand-coin\/se-divertir\/raquette\/\">Raquette<\/a>\n            <\/h2>                    <\/div>\n            <\/div>\n<\/div>\n\n<div class=\"entityItem \" data-trigger=\"wpiris-click\" >\n    <a href=\"https:\/\/www.montagnicimes.com\/le-grand-coin\/se-divertir\/randonnee\/\" nofancybox class=\"entityItemThumbnail\">\n        <img data-src=\"https:\/\/www.montagnicimes.com\/le-grand-coin\/wp-content\/uploads\/sites\/6\/wpiris-images\/7245\/grand-coin-380x400-c.jpg\" alt=\"Randonn\u00e9e\">\n    <\/a>\n    <div class=\"entityItemContent\">\n\n        <div class=\"entityItemContentHeading\">\n                                    <h2 class=\"entityItemContentTitle\" >\n                <a href=\"https:\/\/www.montagnicimes.com\/le-grand-coin\/se-divertir\/randonnee\/\">Randonn\u00e9e<\/a>\n            <\/h2>                    <\/div>\n            <\/div>\n<\/div>\n\n<div class=\"entityItem \" data-trigger=\"wpiris-click\" >\n    <a href=\"https:\/\/www.montagnicimes.com\/le-grand-coin\/se-divertir\/velo\/\" nofancybox class=\"entityItemThumbnail\">\n        <img data-src=\"https:\/\/www.montagnicimes.com\/le-grand-coin\/wp-content\/uploads\/sites\/6\/wpiris-images\/7688\/Velo-Col-du-Chaussy-380x400-c.jpg\" alt=\"V\u00e9lo\">\n    <\/a>\n    <div class=\"entityItemContent\">\n\n        <div class=\"entityItemContentHeading\">\n                                    <h2 class=\"entityItemContentTitle\" >\n                <a href=\"https:\/\/www.montagnicimes.com\/le-grand-coin\/se-divertir\/velo\/\">V\u00e9lo<\/a>\n            <\/h2>                    <\/div>\n            <\/div>\n<\/div>\n    <\/div>","protected":false},"excerpt":{"rendered":"<p>Au Grand Coin, diverses activit\u00e9s outdoor vous sont propos\u00e9es. Et\u00e9 comme hiver, venez vous amuser et faire le plein d\u2019\u00e9nergie. En famille ou entre amis, bonne ambiance garantie.<\/p>\n","protected":false},"author":1,"featured_media":0,"parent":0,"menu_order":2,"comment_status":"closed","ping_status":"closed","template":"","meta":{"_relevanssi_hide_post":"","_relevanssi_pin_for_all":"","_relevanssi_pin_keywords":"","_relevanssi_unpin_keywords":"","_relevanssi_related_keywords":"","_relevanssi_related_include_ids":"","_relevanssi_related_exclude_ids":"","_relevanssi_related_no_append":"","_relevanssi_related_not_related":"","_relevanssi_related_posts":"489,491,493","_relevanssi_noindex_reason":""},"post_tag":[],"acf":[],"yoast_head":"<!-- This site is optimized with the Yoast SEO plugin v17.6 - https:\/\/yoast.com\/wordpress\/plugins\/seo\/ -->\n<meta name=\"description\" content=\"Au Grand Coin, diverses activit\u00e9s outdoor vous sont propos\u00e9es. Et\u00e9 comme hiver, venez vous amuser et faire le plein d\u2019\u00e9nergie. En famille ou entre amis,\" \/>\n<meta name=\"robots\" content=\"index, follow, max-snippet:-1, max-image-preview:large, max-video-preview:-1\" \/>\n<link rel=\"canonical\" href=\"https:\/\/www.montagnicimes.com\/le-grand-coin\/se-divertir\/\" \/>\n<meta property=\"og:locale\" content=\"fr_FR\" \/>\n<meta property=\"og:type\" content=\"article\" \/>\n<meta property=\"og:title\" content=\"Activit\u00e9s \u00e0 l&#039;Espace Nordique du Grand Coin - Le Grand coin\" \/>\n<meta property=\"og:description\" content=\"Au Grand Coin, diverses activit\u00e9s outdoor vous sont propos\u00e9es. Et\u00e9 comme hiver, venez vous amuser et faire le plein d\u2019\u00e9nergie. En famille ou entre amis,\" \/>\n<meta property=\"og:url\" content=\"https:\/\/www.montagnicimes.com\/le-grand-coin\/se-divertir\/\" \/>\n<meta property=\"og:site_name\" content=\"Le Grand coin\" \/>\n<meta property=\"article:modified_time\" content=\"2021-11-24T20:32:49+00:00\" \/>\n<meta name=\"twitter:card\" content=\"summary_large_image\" \/>\n<meta name=\"twitter:label1\" content=\"Dur\u00e9e de lecture estim\u00e9e\" \/>\n\t<meta name=\"twitter:data1\" content=\"1 minute\" \/>\n<script type=\"application\/ld+json\" class=\"yoast-schema-graph\">{\"@context\":\"https:\/\/schema.org\",\"@graph\":[{\"@type\":\"WebSite\",\"@id\":\"https:\/\/www.montagnicimes.com\/le-grand-coin\/#website\",\"url\":\"https:\/\/www.montagnicimes.com\/le-grand-coin\/\",\"name\":\"Le Grand coin\",\"description\":\"Espace Nordique du Grand Coin\",\"potentialAction\":[{\"@type\":\"SearchAction\",\"target\":{\"@type\":\"EntryPoint\",\"urlTemplate\":\"https:\/\/www.montagnicimes.com\/le-grand-coin\/?s={search_term_string}\"},\"query-input\":\"required name=search_term_string\"}],\"inLanguage\":\"fr-FR\"},{\"@type\":\"WebPage\",\"@id\":\"https:\/\/www.montagnicimes.com\/le-grand-coin\/se-divertir\/#webpage\",\"url\":\"https:\/\/www.montagnicimes.com\/le-grand-coin\/se-divertir\/\",\"name\":\"Activit\\u00e9s \\u00e0 l'Espace Nordique du Grand Coin - Le Grand coin\",\"isPartOf\":{\"@id\":\"https:\/\/www.montagnicimes.com\/le-grand-coin\/#website\"},\"datePublished\":\"2021-09-24T13:20:20+00:00\",\"dateModified\":\"2021-11-24T20:32:49+00:00\",\"description\":\"Au Grand Coin, diverses activit\\u00e9s outdoor vous sont propos\\u00e9es. Et\\u00e9 comme hiver, venez vous amuser et faire le plein d\\u2019\\u00e9nergie. En famille ou entre amis,\",\"breadcrumb\":{\"@id\":\"https:\/\/www.montagnicimes.com\/le-grand-coin\/se-divertir\/#breadcrumb\"},\"inLanguage\":\"fr-FR\",\"potentialAction\":[{\"@type\":\"ReadAction\",\"target\":[\"https:\/\/www.montagnicimes.com\/le-grand-coin\/se-divertir\/\"]}]},{\"@type\":\"BreadcrumbList\",\"@id\":\"https:\/\/www.montagnicimes.com\/le-grand-coin\/se-divertir\/#breadcrumb\",\"itemListElement\":[{\"@type\":\"ListItem\",\"position\":1,\"name\":\"Accueil\",\"item\":\"https:\/\/www.montagnicimes.com\/le-grand-coin\/\"},{\"@type\":\"ListItem\",\"position\":2,\"name\":\"Se divertir\"}]}]}<\/script>\n<!-- \/ Yoast SEO plugin. -->","yoast_head_json":{"description":"Au Grand Coin, diverses activit\u00e9s outdoor vous sont propos\u00e9es. Et\u00e9 comme hiver, venez vous amuser et faire le plein d\u2019\u00e9nergie. En famille ou entre amis,","robots":{"index":"index","follow":"follow","max-snippet":"max-snippet:-1","max-image-preview":"max-image-preview:large","max-video-preview":"max-video-preview:-1"},"canonical":"https:\/\/www.montagnicimes.com\/le-grand-coin\/se-divertir\/","og_locale":"fr_FR","og_type":"article","og_title":"Activit\u00e9s \u00e0 l'Espace Nordique du Grand Coin - Le Grand coin","og_description":"Au Grand Coin, diverses activit\u00e9s outdoor vous sont propos\u00e9es. Et\u00e9 comme hiver, venez vous amuser et faire le plein d\u2019\u00e9nergie. En famille ou entre amis,","og_url":"https:\/\/www.montagnicimes.com\/le-grand-coin\/se-divertir\/","og_site_name":"Le Grand coin","article_modified_time":"2021-11-24T20:32:49+00:00","twitter_card":"summary_large_image","twitter_misc":{"Dur\u00e9e de lecture estim\u00e9e":"1 minute"},"schema":{"@context":"https:\/\/schema.org","@graph":[{"@type":"WebSite","@id":"https:\/\/www.montagnicimes.com\/le-grand-coin\/#website","url":"https:\/\/www.montagnicimes.com\/le-grand-coin\/","name":"Le Grand coin","description":"Espace Nordique du Grand Coin","potentialAction":[{"@type":"SearchAction","target":{"@type":"EntryPoint","urlTemplate":"https:\/\/www.montagnicimes.com\/le-grand-coin\/?s={search_term_string}"},"query-input":"required name=search_term_string"}],"inLanguage":"fr-FR"},{"@type":"WebPage","@id":"https:\/\/www.montagnicimes.com\/le-grand-coin\/se-divertir\/#webpage","url":"https:\/\/www.montagnicimes.com\/le-grand-coin\/se-divertir\/","name":"Activit\u00e9s \u00e0 l'Espace Nordique du Grand Coin - Le Grand coin","isPartOf":{"@id":"https:\/\/www.montagnicimes.com\/le-grand-coin\/#website"},"datePublished":"2021-09-24T13:20:20+00:00","dateModified":"2021-11-24T20:32:49+00:00","description":"Au Grand Coin, diverses activit\u00e9s outdoor vous sont propos\u00e9es. Et\u00e9 comme hiver, venez vous amuser et faire le plein d\u2019\u00e9nergie. En famille ou entre amis,","breadcrumb":{"@id":"https:\/\/www.montagnicimes.com\/le-grand-coin\/se-divertir\/#breadcrumb"},"inLanguage":"fr-FR","potentialAction":[{"@type":"ReadAction","target":["https:\/\/www.montagnicimes.com\/le-grand-coin\/se-divertir\/"]}]},{"@type":"BreadcrumbList","@id":"https:\/\/www.montagnicimes.com\/le-grand-coin\/se-divertir\/#breadcrumb","itemListElement":[{"@type":"ListItem","position":1,"name":"Accueil","item":"https:\/\/www.montagnicimes.com\/le-grand-coin\/"},{"@type":"ListItem","position":2,"name":"Se divertir"}]}]}},"_links":{"self":[{"href":"https:\/\/www.montagnicimes.com\/le-grand-coin\/wp-json\/wp\/v2\/pages\/7573"}],"collection":[{"href":"https:\/\/www.montagnicimes.com\/le-grand-coin\/wp-json\/wp\/v2\/pages"}],"about":[{"href":"https:\/\/www.montagnicimes.com\/le-grand-coin\/wp-json\/wp\/v2\/types\/page"}],"author":[{"embeddable":true,"href":"https:\/\/www.montagnicimes.com\/le-grand-coin\/wp-json\/wp\/v2\/users\/1"}],"replies":[{"embeddable":true,"href":"https:\/\/www.montagnicimes.com\/le-grand-coin\/wp-json\/wp\/v2\/comments?post=7573"}],"version-history":[{"count":5,"href":"https:\/\/www.montagnicimes.com\/le-grand-coin\/wp-json\/wp\/v2\/pages\/7573\/revisions"}],"predecessor-version":[{"id":8743,"href":"https:\/\/www.montagnicimes.com\/le-grand-coin\/wp-json\/wp\/v2\/pages\/7573\/revisions\/8743"}],"wp:attachment":[{"href":"https:\/\/www.montagnicimes.com\/le-grand-coin\/wp-json\/wp\/v2\/media?parent=7573"}],"wp:term":[{"taxonomy":"post_tag","embeddable":true,"href":"https:\/\/www.montagnicimes.com\/le-grand-coin\/wp-json\/wp\/v2\/post_tag?post=7573"}],"curies":[{"name":"wp","href":"https:\/\/api.w.org\/{rel}","templated":true}]}}