{"id":7563,"date":"2021-09-24T15:09:28","date_gmt":"2021-09-24T13:09:28","guid":{"rendered":"https:\/\/www.montagnicimes.com\/albiez\/navette\/"},"modified":"2026-01-07T16:09:01","modified_gmt":"2026-01-07T15:09:01","slug":"navette","status":"publish","type":"page","link":"https:\/\/www.montagnicimes.com\/albiez\/sinformer\/navette\/","title":{"rendered":"Les navettes"},"content":{"rendered":"\n<p class=\"is-style-excerpt\">Du 20 d\u00e9cembre 2025 au 21 mars 2026, une navette est mise en place entre la gare Saint-Jean-de-Maurienne \u00e0 Albiez <\/p>\n\n\n\n<div class=\"wp-block-columns\">\n<div class=\"wp-block-column\">\n<div class=\"wp-block-buttons is-content-justification-center\">\n<div class=\"wp-block-button\"><a class=\"wp-block-button__link\" href=\"https:\/\/www.fauresavoie.fr\/wp-content\/uploads\/2025\/12\/s33_horaires_85x120.pdf\" target=\"_blank\" rel=\"noreferrer noopener\">Consulter les horaires<\/a><\/div>\n<\/div>\n<\/div>\n\n\n\n<div class=\"wp-block-column\">\n<div class=\"wp-block-buttons is-content-justification-center\">\n<div class=\"wp-block-button\"><a class=\"wp-block-button__link\" href=\"https:\/\/booking.fauresavoie.fr\/fr\/mon-voyage\/saint-jean-de-maurienne\/selection\" target=\"_blank\" rel=\"noreferrer noopener\">R\u00c9server la navette<\/a><\/div>\n<\/div>\n<\/div>\n<\/div>\n\n\n\n<h4>Navette village du 20\/12\/2025 au 06\/02 et du 07\/03 au 20\/03\/2026<\/h4>\n\n\n\n<figure class=\"wp-block-gallery columns-1 is-cropped\"><ul class=\"blocks-gallery-grid\"><li class=\"blocks-gallery-item\"><figure><img loading=\"lazy\" width=\"1200\" height=\"849\" data-src=\"https:\/\/www.montagnicimes.com\/albiez\/wp-content\/uploads\/sites\/2\/2026\/01\/SKIBUS-ALBIEZ-Grille-horaire-dec-janv-mars_compressed-1200x849.jpg\" alt=\"\" data-id=\"41222\" data-full-url=\"https:\/\/www.montagnicimes.com\/albiez\/wp-content\/uploads\/sites\/2\/2026\/01\/SKIBUS-ALBIEZ-Grille-horaire-dec-janv-mars_compressed.jpg\" data-link=\"https:\/\/www.montagnicimes.com\/albiez\/sinformer\/navette\/skibus-albiez-grille-horaire-dec-janv-mars_compressed\/\" class=\"wp-image-41222\" data-srcset=\"https:\/\/www.montagnicimes.com\/albiez\/wp-content\/uploads\/sites\/2\/2026\/01\/SKIBUS-ALBIEZ-Grille-horaire-dec-janv-mars_compressed-1200x849.jpg 1200w, https:\/\/www.montagnicimes.com\/albiez\/wp-content\/uploads\/sites\/2\/2026\/01\/SKIBUS-ALBIEZ-Grille-horaire-dec-janv-mars_compressed-600x425.jpg 600w, https:\/\/www.montagnicimes.com\/albiez\/wp-content\/uploads\/sites\/2\/2026\/01\/SKIBUS-ALBIEZ-Grille-horaire-dec-janv-mars_compressed-768x543.jpg 768w, https:\/\/www.montagnicimes.com\/albiez\/wp-content\/uploads\/sites\/2\/2026\/01\/SKIBUS-ALBIEZ-Grille-horaire-dec-janv-mars_compressed-1536x1087.jpg 1536w, https:\/\/www.montagnicimes.com\/albiez\/wp-content\/uploads\/sites\/2\/2026\/01\/SKIBUS-ALBIEZ-Grille-horaire-dec-janv-mars_compressed-200x142.jpg 200w, https:\/\/www.montagnicimes.com\/albiez\/wp-content\/uploads\/sites\/2\/2026\/01\/SKIBUS-ALBIEZ-Grille-horaire-dec-janv-mars_compressed.jpg 1754w\" sizes=\"(max-width: 1200px) 100vw, 1200px\" \/><\/figure><\/li><\/ul><\/figure>\n\n\n\n<h4>Navette village du 07\/02 au 06\/03\/2026<\/h4>\n\n\n\n<figure class=\"wp-block-gallery columns-1 is-cropped\"><ul class=\"blocks-gallery-grid\"><li class=\"blocks-gallery-item\"><figure><img loading=\"lazy\" width=\"1200\" height=\"838\" data-src=\"https:\/\/www.montagnicimes.com\/albiez\/wp-content\/uploads\/sites\/2\/2026\/01\/SKIBUS-ALBIEZ-Grilles-horaires-vac-fev_compressed-1200x838.jpg\" alt=\"\" data-id=\"41223\" data-full-url=\"https:\/\/www.montagnicimes.com\/albiez\/wp-content\/uploads\/sites\/2\/2026\/01\/SKIBUS-ALBIEZ-Grilles-horaires-vac-fev_compressed.jpg\" data-link=\"https:\/\/www.montagnicimes.com\/albiez\/sinformer\/navette\/skibus-albiez-grilles-horaires-vac-fev_compressed\/\" class=\"wp-image-41223\" data-srcset=\"https:\/\/www.montagnicimes.com\/albiez\/wp-content\/uploads\/sites\/2\/2026\/01\/SKIBUS-ALBIEZ-Grilles-horaires-vac-fev_compressed-1200x838.jpg 1200w, https:\/\/www.montagnicimes.com\/albiez\/wp-content\/uploads\/sites\/2\/2026\/01\/SKIBUS-ALBIEZ-Grilles-horaires-vac-fev_compressed-600x419.jpg 600w, https:\/\/www.montagnicimes.com\/albiez\/wp-content\/uploads\/sites\/2\/2026\/01\/SKIBUS-ALBIEZ-Grilles-horaires-vac-fev_compressed-768x536.jpg 768w, https:\/\/www.montagnicimes.com\/albiez\/wp-content\/uploads\/sites\/2\/2026\/01\/SKIBUS-ALBIEZ-Grilles-horaires-vac-fev_compressed-1536x1072.jpg 1536w, https:\/\/www.montagnicimes.com\/albiez\/wp-content\/uploads\/sites\/2\/2026\/01\/SKIBUS-ALBIEZ-Grilles-horaires-vac-fev_compressed-200x140.jpg 200w, https:\/\/www.montagnicimes.com\/albiez\/wp-content\/uploads\/sites\/2\/2026\/01\/SKIBUS-ALBIEZ-Grilles-horaires-vac-fev_compressed-550x385.jpg 550w, https:\/\/www.montagnicimes.com\/albiez\/wp-content\/uploads\/sites\/2\/2026\/01\/SKIBUS-ALBIEZ-Grilles-horaires-vac-fev_compressed.jpg 1778w\" sizes=\"(max-width: 1200px) 100vw, 1200px\" \/><\/figure><\/li><\/ul><\/figure>\n","protected":false},"excerpt":{"rendered":"<p>Du 20 d\u00e9cembre 2025 au 21 mars 2026, une navette est mise en place entre la gare Saint-Jean-de-Maurienne \u00e0 Albiez Navette village du 20\/12\/2025 au 06\/02 et du 07\/03 au 20\/03\/2026 Navette village du 07\/02 au 06\/03\/2026<\/p>\n","protected":false},"author":1,"featured_media":11408,"parent":7558,"menu_order":2,"comment_status":"closed","ping_status":"closed","template":"","meta":{"_relevanssi_hide_post":"","_relevanssi_pin_for_all":"","_relevanssi_pin_keywords":"","_relevanssi_unpin_keywords":"","_relevanssi_related_keywords":"","_relevanssi_related_include_ids":"","_relevanssi_related_exclude_ids":"","_relevanssi_related_no_append":"","_relevanssi_related_not_related":"","_relevanssi_related_posts":"489,491,493","_relevanssi_noindex_reason":""},"post_tag":[],"acf":[],"yoast_head":"<!-- This site is optimized with the Yoast SEO plugin v17.6 - https:\/\/yoast.com\/wordpress\/plugins\/seo\/ -->\n<meta name=\"description\" content=\"Du 20 d\u00e9cembre 2025 au 21 mars 2026, une navette est mise en place entre la gare Saint-Jean-de-Maurienne \u00e0 Albiez Consulter les horaires R\u00c9server la\" \/>\n<meta name=\"robots\" content=\"index, follow, max-snippet:-1, max-image-preview:large, max-video-preview:-1\" \/>\n<link rel=\"canonical\" href=\"https:\/\/www.montagnicimes.com\/albiez\/sinformer\/navette\/\" \/>\n<meta property=\"og:locale\" content=\"fr_FR\" \/>\n<meta property=\"og:type\" content=\"article\" \/>\n<meta property=\"og:title\" content=\"Les navettes - Albiez\" \/>\n<meta property=\"og:description\" content=\"Du 20 d\u00e9cembre 2025 au 21 mars 2026, une navette est mise en place entre la gare Saint-Jean-de-Maurienne \u00e0 Albiez Consulter les horaires R\u00c9server la\" \/>\n<meta property=\"og:url\" content=\"https:\/\/www.montagnicimes.com\/albiez\/sinformer\/navette\/\" \/>\n<meta property=\"og:site_name\" content=\"Albiez\" \/>\n<meta property=\"article:modified_time\" content=\"2026-01-07T15:09:01+00:00\" \/>\n<meta property=\"og:image\" content=\"https:\/\/www.montagnicimes.com\/albiez\/wp-content\/uploads\/sites\/2\/wpetourisme\/651152-diaporama.jpg\" \/>\n\t<meta property=\"og:image:width\" content=\"1600\" \/>\n\t<meta property=\"og:image:height\" content=\"1067\" \/>\n<meta name=\"twitter:card\" content=\"summary_large_image\" \/>\n<meta name=\"twitter:label1\" content=\"Dur\u00e9e de lecture estim\u00e9e\" \/>\n\t<meta name=\"twitter:data1\" content=\"1 minute\" \/>\n<script type=\"application\/ld+json\" class=\"yoast-schema-graph\">{\"@context\":\"https:\/\/schema.org\",\"@graph\":[{\"@type\":\"WebSite\",\"@id\":\"https:\/\/www.montagnicimes.com\/albiez\/#website\",\"url\":\"https:\/\/www.montagnicimes.com\/albiez\/\",\"name\":\"Albiez\",\"description\":\"Office de tourisme Montagnicimes - Albiez\",\"potentialAction\":[{\"@type\":\"SearchAction\",\"target\":{\"@type\":\"EntryPoint\",\"urlTemplate\":\"https:\/\/www.montagnicimes.com\/albiez\/?s={search_term_string}\"},\"query-input\":\"required name=search_term_string\"}],\"inLanguage\":\"fr-FR\"},{\"@type\":\"ImageObject\",\"@id\":\"https:\/\/www.montagnicimes.com\/albiez\/sinformer\/navette\/#primaryimage\",\"inLanguage\":\"fr-FR\",\"url\":\"https:\/\/www.montagnicimes.com\/albiez\/wp-content\/uploads\/sites\/2\/wpetourisme\/651152-diaporama.jpg\",\"contentUrl\":\"https:\/\/www.montagnicimes.com\/albiez\/wp-content\/uploads\/sites\/2\/wpetourisme\/651152-diaporama.jpg\",\"width\":1600,\"height\":1067,\"caption\":\"paradis blanc\"},{\"@type\":\"WebPage\",\"@id\":\"https:\/\/www.montagnicimes.com\/albiez\/sinformer\/navette\/#webpage\",\"url\":\"https:\/\/www.montagnicimes.com\/albiez\/sinformer\/navette\/\",\"name\":\"Les navettes - Albiez\",\"isPartOf\":{\"@id\":\"https:\/\/www.montagnicimes.com\/albiez\/#website\"},\"primaryImageOfPage\":{\"@id\":\"https:\/\/www.montagnicimes.com\/albiez\/sinformer\/navette\/#primaryimage\"},\"datePublished\":\"2021-09-24T13:09:28+00:00\",\"dateModified\":\"2026-01-07T15:09:01+00:00\",\"description\":\"Du 20 d\\u00e9cembre 2025 au 21 mars 2026, une navette est mise en place entre la gare Saint-Jean-de-Maurienne \\u00e0 Albiez Consulter les horaires R\\u00c9server la\",\"breadcrumb\":{\"@id\":\"https:\/\/www.montagnicimes.com\/albiez\/sinformer\/navette\/#breadcrumb\"},\"inLanguage\":\"fr-FR\",\"potentialAction\":[{\"@type\":\"ReadAction\",\"target\":[\"https:\/\/www.montagnicimes.com\/albiez\/sinformer\/navette\/\"]}]},{\"@type\":\"BreadcrumbList\",\"@id\":\"https:\/\/www.montagnicimes.com\/albiez\/sinformer\/navette\/#breadcrumb\",\"itemListElement\":[{\"@type\":\"ListItem\",\"position\":1,\"name\":\"Accueil\",\"item\":\"https:\/\/www.montagnicimes.com\/albiez\/\"},{\"@type\":\"ListItem\",\"position\":2,\"name\":\"S&rsquo;informer\",\"item\":\"https:\/\/www.montagnicimes.com\/albiez\/sinformer\/\"},{\"@type\":\"ListItem\",\"position\":3,\"name\":\"Les navettes\"}]}]}<\/script>\n<!-- \/ Yoast SEO plugin. -->","yoast_head_json":{"description":"Du 20 d\u00e9cembre 2025 au 21 mars 2026, une navette est mise en place entre la gare Saint-Jean-de-Maurienne \u00e0 Albiez Consulter les horaires R\u00c9server la","robots":{"index":"index","follow":"follow","max-snippet":"max-snippet:-1","max-image-preview":"max-image-preview:large","max-video-preview":"max-video-preview:-1"},"canonical":"https:\/\/www.montagnicimes.com\/albiez\/sinformer\/navette\/","og_locale":"fr_FR","og_type":"article","og_title":"Les navettes - Albiez","og_description":"Du 20 d\u00e9cembre 2025 au 21 mars 2026, une navette est mise en place entre la gare Saint-Jean-de-Maurienne \u00e0 Albiez Consulter les horaires R\u00c9server la","og_url":"https:\/\/www.montagnicimes.com\/albiez\/sinformer\/navette\/","og_site_name":"Albiez","article_modified_time":"2026-01-07T15:09:01+00:00","og_image":[{"width":1600,"height":1067,"url":"https:\/\/www.montagnicimes.com\/albiez\/wp-content\/uploads\/sites\/2\/wpetourisme\/651152-diaporama.jpg","type":"image\/jpeg"}],"twitter_card":"summary_large_image","twitter_misc":{"Dur\u00e9e de lecture estim\u00e9e":"1 minute"},"schema":{"@context":"https:\/\/schema.org","@graph":[{"@type":"WebSite","@id":"https:\/\/www.montagnicimes.com\/albiez\/#website","url":"https:\/\/www.montagnicimes.com\/albiez\/","name":"Albiez","description":"Office de tourisme Montagnicimes - Albiez","potentialAction":[{"@type":"SearchAction","target":{"@type":"EntryPoint","urlTemplate":"https:\/\/www.montagnicimes.com\/albiez\/?s={search_term_string}"},"query-input":"required name=search_term_string"}],"inLanguage":"fr-FR"},{"@type":"ImageObject","@id":"https:\/\/www.montagnicimes.com\/albiez\/sinformer\/navette\/#primaryimage","inLanguage":"fr-FR","url":"https:\/\/www.montagnicimes.com\/albiez\/wp-content\/uploads\/sites\/2\/wpetourisme\/651152-diaporama.jpg","contentUrl":"https:\/\/www.montagnicimes.com\/albiez\/wp-content\/uploads\/sites\/2\/wpetourisme\/651152-diaporama.jpg","width":1600,"height":1067,"caption":"paradis blanc"},{"@type":"WebPage","@id":"https:\/\/www.montagnicimes.com\/albiez\/sinformer\/navette\/#webpage","url":"https:\/\/www.montagnicimes.com\/albiez\/sinformer\/navette\/","name":"Les navettes - Albiez","isPartOf":{"@id":"https:\/\/www.montagnicimes.com\/albiez\/#website"},"primaryImageOfPage":{"@id":"https:\/\/www.montagnicimes.com\/albiez\/sinformer\/navette\/#primaryimage"},"datePublished":"2021-09-24T13:09:28+00:00","dateModified":"2026-01-07T15:09:01+00:00","description":"Du 20 d\u00e9cembre 2025 au 21 mars 2026, une navette est mise en place entre la gare Saint-Jean-de-Maurienne \u00e0 Albiez Consulter les horaires R\u00c9server la","breadcrumb":{"@id":"https:\/\/www.montagnicimes.com\/albiez\/sinformer\/navette\/#breadcrumb"},"inLanguage":"fr-FR","potentialAction":[{"@type":"ReadAction","target":["https:\/\/www.montagnicimes.com\/albiez\/sinformer\/navette\/"]}]},{"@type":"BreadcrumbList","@id":"https:\/\/www.montagnicimes.com\/albiez\/sinformer\/navette\/#breadcrumb","itemListElement":[{"@type":"ListItem","position":1,"name":"Accueil","item":"https:\/\/www.montagnicimes.com\/albiez\/"},{"@type":"ListItem","position":2,"name":"S&rsquo;informer","item":"https:\/\/www.montagnicimes.com\/albiez\/sinformer\/"},{"@type":"ListItem","position":3,"name":"Les navettes"}]}]}},"_links":{"self":[{"href":"https:\/\/www.montagnicimes.com\/albiez\/wp-json\/wp\/v2\/pages\/7563"}],"collection":[{"href":"https:\/\/www.montagnicimes.com\/albiez\/wp-json\/wp\/v2\/pages"}],"about":[{"href":"https:\/\/www.montagnicimes.com\/albiez\/wp-json\/wp\/v2\/types\/page"}],"author":[{"embeddable":true,"href":"https:\/\/www.montagnicimes.com\/albiez\/wp-json\/wp\/v2\/users\/1"}],"replies":[{"embeddable":true,"href":"https:\/\/www.montagnicimes.com\/albiez\/wp-json\/wp\/v2\/comments?post=7563"}],"version-history":[{"count":22,"href":"https:\/\/www.montagnicimes.com\/albiez\/wp-json\/wp\/v2\/pages\/7563\/revisions"}],"predecessor-version":[{"id":41224,"href":"https:\/\/www.montagnicimes.com\/albiez\/wp-json\/wp\/v2\/pages\/7563\/revisions\/41224"}],"up":[{"embeddable":true,"href":"https:\/\/www.montagnicimes.com\/albiez\/wp-json\/wp\/v2\/pages\/7558"}],"wp:featuredmedia":[{"embeddable":true,"href":"https:\/\/www.montagnicimes.com\/albiez\/wp-json\/wp\/v2\/media\/11408"}],"wp:attachment":[{"href":"https:\/\/www.montagnicimes.com\/albiez\/wp-json\/wp\/v2\/media?parent=7563"}],"wp:term":[{"taxonomy":"post_tag","embeddable":true,"href":"https:\/\/www.montagnicimes.com\/albiez\/wp-json\/wp\/v2\/post_tag?post=7563"}],"curies":[{"name":"wp","href":"https:\/\/api.w.org\/{rel}","templated":true}]}}