{"id":7534,"date":"2021-09-24T15:09:03","date_gmt":"2021-09-24T13:09:03","guid":{"rendered":"https:\/\/www.montagnicimes.com\/albiez\/sorganiser\/"},"modified":"2021-11-24T20:54:46","modified_gmt":"2021-11-24T19:54:46","slug":"sorganiser","status":"publish","type":"page","link":"https:\/\/www.montagnicimes.com\/albiez\/sorganiser\/","title":{"rendered":"S&rsquo;organiser"},"content":{"rendered":"\n<p class=\"is-style-excerpt\">A Albiez on a tout pr\u00e9vu, vous trouverez de quoi vous loger, vous restaurer, occuper vos enfants et de quoi satisfaire vos envies !<\/p>\n\n\n\n<div class=\"wp-block wp-block-child-post alignwide clear\">\n    \n<div class=\"entityItem \" data-trigger=\"wpiris-click\" >\n    <a href=\"https:\/\/www.montagnicimes.com\/albiez\/sorganiser\/hebergements\/\" nofancybox class=\"entityItemThumbnail\">\n        <img data-src=\"https:\/\/www.montagnicimes.com\/albiez\/wp-content\/uploads\/sites\/2\/wpiris-images\/7894\/1537018-diaporama-380x400-c.jpg\" alt=\"H\u00e9bergements\">\n    <\/a>\n    <div class=\"entityItemContent\">\n\n        <div class=\"entityItemContentHeading\">\n                                    <h2 class=\"entityItemContentTitle\" >\n                <a href=\"https:\/\/www.montagnicimes.com\/albiez\/sorganiser\/hebergements\/\">H\u00e9bergements<\/a>\n            <\/h2>                    <\/div>\n            <\/div>\n<\/div>\n\n<div class=\"entityItem \" data-trigger=\"wpiris-click\" >\n    <a href=\"https:\/\/www.montagnicimes.com\/albiez\/sorganiser\/restaurants-et-bars\/\" nofancybox class=\"entityItemThumbnail\">\n        <img data-src=\"https:\/\/www.montagnicimes.com\/albiez\/wp-content\/uploads\/sites\/2\/wpiris-images\/10102\/10511099-diaporama-380x400-c.jpg\" alt=\"Restaurants et bars\">\n    <\/a>\n    <div class=\"entityItemContent\">\n\n        <div class=\"entityItemContentHeading\">\n                                    <h2 class=\"entityItemContentTitle\" >\n                <a href=\"https:\/\/www.montagnicimes.com\/albiez\/sorganiser\/restaurants-et-bars\/\">Restaurants et bars<\/a>\n            <\/h2>                    <\/div>\n            <\/div>\n<\/div>\n\n<div class=\"entityItem \" data-trigger=\"wpiris-click\" >\n    <a href=\"https:\/\/www.montagnicimes.com\/albiez\/sorganiser\/commerces-et-services\/\" nofancybox class=\"entityItemThumbnail\">\n        <img data-src=\"https:\/\/www.montagnicimes.com\/albiez\/wp-content\/uploads\/sites\/2\/wpiris-images\/7774\/8399937-diaporama-380x400-c.jpg\" alt=\"Commerces et services\">\n    <\/a>\n    <div class=\"entityItemContent\">\n\n        <div class=\"entityItemContentHeading\">\n                                    <h2 class=\"entityItemContentTitle\" >\n                <a href=\"https:\/\/www.montagnicimes.com\/albiez\/sorganiser\/commerces-et-services\/\">Commerces et services<\/a>\n            <\/h2>                    <\/div>\n            <\/div>\n<\/div>\n\n<div class=\"entityItem \" data-trigger=\"wpiris-click\" >\n    <a href=\"https:\/\/www.montagnicimes.com\/albiez\/sorganiser\/producteurs-et-artisans\/\" nofancybox class=\"entityItemThumbnail\">\n        <img data-src=\"https:\/\/www.montagnicimes.com\/albiez\/wp-content\/uploads\/sites\/2\/wpiris-images\/11503\/ALJ_Gargantua_OGuizy_2019-8-380x400-c.jpg\" alt=\"Producteurs et artisans\">\n    <\/a>\n    <div class=\"entityItemContent\">\n\n        <div class=\"entityItemContentHeading\">\n                                    <h2 class=\"entityItemContentTitle\" >\n                <a href=\"https:\/\/www.montagnicimes.com\/albiez\/sorganiser\/producteurs-et-artisans\/\">Producteurs et artisans<\/a>\n            <\/h2>                    <\/div>\n            <\/div>\n<\/div>\n\n<div class=\"entityItem \" data-trigger=\"wpiris-click\" >\n    <a href=\"https:\/\/www.montagnicimes.com\/albiez\/sorganiser\/garderie-et-centre-de-loisirs\/\" nofancybox class=\"entityItemThumbnail\">\n        <img data-src=\"https:\/\/www.montagnicimes.com\/albiez\/wp-content\/uploads\/sites\/2\/wpiris-images\/10701\/11216199-diaporama-380x400-c.jpg\" alt=\"Garderie et centre de loisirs\">\n    <\/a>\n    <div class=\"entityItemContent\">\n\n        <div class=\"entityItemContentHeading\">\n                                    <h2 class=\"entityItemContentTitle\" >\n                <a href=\"https:\/\/www.montagnicimes.com\/albiez\/sorganiser\/garderie-et-centre-de-loisirs\/\">Garderie et centre de loisirs<\/a>\n            <\/h2>                    <\/div>\n            <\/div>\n<\/div>\n\n<div class=\"entityItem \" data-trigger=\"wpiris-click\" >\n    <a href=\"https:\/\/www.montagnicimes.com\/albiez\/sorganiser\/les-cours-de-ski\/\" nofancybox class=\"entityItemThumbnail\">\n        <img data-src=\"https:\/\/www.montagnicimes.com\/albiez\/wp-content\/uploads\/sites\/2\/wpiris-images\/11592\/fauteuil-ski-\u00a9OTIMontagnicimes-3-380x400-c.jpg\" alt=\"Les cours de ski\">\n    <\/a>\n    <div class=\"entityItemContent\">\n\n        <div class=\"entityItemContentHeading\">\n                                    <h2 class=\"entityItemContentTitle\" >\n                <a href=\"https:\/\/www.montagnicimes.com\/albiez\/sorganiser\/les-cours-de-ski\/\">Les cours de ski<\/a>\n            <\/h2>                    <\/div>\n            <\/div>\n<\/div>\n\n<div class=\"entityItem \" data-trigger=\"wpiris-click\" >\n    <a href=\"https:\/\/www.montagnicimes.com\/albiez\/sorganiser\/location-de-materiel\/\" nofancybox class=\"entityItemThumbnail\">\n        <img data-src=\"https:\/\/www.montagnicimes.com\/albiez\/wp-content\/uploads\/sites\/2\/wpiris-images\/7729\/8418270-diaporama-380x400-c.jpg\" alt=\"Location de ski et mat\u00e9riel\">\n    <\/a>\n    <div class=\"entityItemContent\">\n\n        <div class=\"entityItemContentHeading\">\n                                    <h2 class=\"entityItemContentTitle\" >\n                <a href=\"https:\/\/www.montagnicimes.com\/albiez\/sorganiser\/location-de-materiel\/\">Location de ski et mat\u00e9riel<\/a>\n            <\/h2>                    <\/div>\n            <\/div>\n<\/div>\n    <\/div>","protected":false},"excerpt":{"rendered":"<p>A Albiez on a tout pr\u00e9vu, vous trouverez de quoi vous loger, vous restaurer, occuper vos enfants et de quoi satisfaire vos envies !<\/p>\n","protected":false},"author":1,"featured_media":0,"parent":0,"menu_order":6,"comment_status":"closed","ping_status":"closed","template":"","meta":{"_relevanssi_hide_post":"","_relevanssi_pin_for_all":"","_relevanssi_pin_keywords":"","_relevanssi_unpin_keywords":"","_relevanssi_related_keywords":"","_relevanssi_related_include_ids":"","_relevanssi_related_exclude_ids":"","_relevanssi_related_no_append":"","_relevanssi_related_not_related":"","_relevanssi_related_posts":"491,493,489","_relevanssi_noindex_reason":""},"post_tag":[],"acf":[],"yoast_head":"<!-- This site is optimized with the Yoast SEO plugin v17.6 - https:\/\/yoast.com\/wordpress\/plugins\/seo\/ -->\n<meta name=\"description\" content=\"A Albiez on a tout pr\u00e9vu, vous trouverez de quoi vous loger, vous restaurer, occuper vos enfants et de quoi satisfaire vos envies !\" \/>\n<meta name=\"robots\" content=\"index, follow, max-snippet:-1, max-image-preview:large, max-video-preview:-1\" \/>\n<link rel=\"canonical\" href=\"https:\/\/www.montagnicimes.com\/albiez\/sorganiser\/\" \/>\n<meta property=\"og:locale\" content=\"fr_FR\" \/>\n<meta property=\"og:type\" content=\"article\" \/>\n<meta property=\"og:title\" content=\"S\u00e9jour et Vacances \u00e0 Albiez-Montrond en \u00e9t\u00e9 et hiver\" \/>\n<meta property=\"og:description\" content=\"A Albiez on a tout pr\u00e9vu, vous trouverez de quoi vous loger, vous restaurer, occuper vos enfants et de quoi satisfaire vos envies !\" \/>\n<meta property=\"og:url\" content=\"https:\/\/www.montagnicimes.com\/albiez\/sorganiser\/\" \/>\n<meta property=\"og:site_name\" content=\"Albiez\" \/>\n<meta property=\"article:modified_time\" content=\"2021-11-24T19:54:46+00:00\" \/>\n<meta name=\"twitter:card\" content=\"summary_large_image\" \/>\n<meta name=\"twitter:label1\" content=\"Dur\u00e9e de lecture estim\u00e9e\" \/>\n\t<meta name=\"twitter:data1\" content=\"1 minute\" \/>\n<script type=\"application\/ld+json\" class=\"yoast-schema-graph\">{\"@context\":\"https:\/\/schema.org\",\"@graph\":[{\"@type\":\"WebSite\",\"@id\":\"https:\/\/www.montagnicimes.com\/albiez\/#website\",\"url\":\"https:\/\/www.montagnicimes.com\/albiez\/\",\"name\":\"Albiez\",\"description\":\"Office de tourisme Montagnicimes - Albiez\",\"potentialAction\":[{\"@type\":\"SearchAction\",\"target\":{\"@type\":\"EntryPoint\",\"urlTemplate\":\"https:\/\/www.montagnicimes.com\/albiez\/?s={search_term_string}\"},\"query-input\":\"required name=search_term_string\"}],\"inLanguage\":\"fr-FR\"},{\"@type\":\"WebPage\",\"@id\":\"https:\/\/www.montagnicimes.com\/albiez\/sorganiser\/#webpage\",\"url\":\"https:\/\/www.montagnicimes.com\/albiez\/sorganiser\/\",\"name\":\"S\\u00e9jour et Vacances \\u00e0 Albiez-Montrond en \\u00e9t\\u00e9 et hiver\",\"isPartOf\":{\"@id\":\"https:\/\/www.montagnicimes.com\/albiez\/#website\"},\"datePublished\":\"2021-09-24T13:09:03+00:00\",\"dateModified\":\"2021-11-24T19:54:46+00:00\",\"description\":\"A Albiez on a tout pr\\u00e9vu, vous trouverez de quoi vous loger, vous restaurer, occuper vos enfants et de quoi satisfaire vos envies !\",\"breadcrumb\":{\"@id\":\"https:\/\/www.montagnicimes.com\/albiez\/sorganiser\/#breadcrumb\"},\"inLanguage\":\"fr-FR\",\"potentialAction\":[{\"@type\":\"ReadAction\",\"target\":[\"https:\/\/www.montagnicimes.com\/albiez\/sorganiser\/\"]}]},{\"@type\":\"BreadcrumbList\",\"@id\":\"https:\/\/www.montagnicimes.com\/albiez\/sorganiser\/#breadcrumb\",\"itemListElement\":[{\"@type\":\"ListItem\",\"position\":1,\"name\":\"Accueil\",\"item\":\"https:\/\/www.montagnicimes.com\/albiez\/\"},{\"@type\":\"ListItem\",\"position\":2,\"name\":\"S&rsquo;organiser\"}]}]}<\/script>\n<!-- \/ Yoast SEO plugin. -->","yoast_head_json":{"description":"A Albiez on a tout pr\u00e9vu, vous trouverez de quoi vous loger, vous restaurer, occuper vos enfants et de quoi satisfaire vos envies !","robots":{"index":"index","follow":"follow","max-snippet":"max-snippet:-1","max-image-preview":"max-image-preview:large","max-video-preview":"max-video-preview:-1"},"canonical":"https:\/\/www.montagnicimes.com\/albiez\/sorganiser\/","og_locale":"fr_FR","og_type":"article","og_title":"S\u00e9jour et Vacances \u00e0 Albiez-Montrond en \u00e9t\u00e9 et hiver","og_description":"A Albiez on a tout pr\u00e9vu, vous trouverez de quoi vous loger, vous restaurer, occuper vos enfants et de quoi satisfaire vos envies !","og_url":"https:\/\/www.montagnicimes.com\/albiez\/sorganiser\/","og_site_name":"Albiez","article_modified_time":"2021-11-24T19:54:46+00:00","twitter_card":"summary_large_image","twitter_misc":{"Dur\u00e9e de lecture estim\u00e9e":"1 minute"},"schema":{"@context":"https:\/\/schema.org","@graph":[{"@type":"WebSite","@id":"https:\/\/www.montagnicimes.com\/albiez\/#website","url":"https:\/\/www.montagnicimes.com\/albiez\/","name":"Albiez","description":"Office de tourisme Montagnicimes - Albiez","potentialAction":[{"@type":"SearchAction","target":{"@type":"EntryPoint","urlTemplate":"https:\/\/www.montagnicimes.com\/albiez\/?s={search_term_string}"},"query-input":"required name=search_term_string"}],"inLanguage":"fr-FR"},{"@type":"WebPage","@id":"https:\/\/www.montagnicimes.com\/albiez\/sorganiser\/#webpage","url":"https:\/\/www.montagnicimes.com\/albiez\/sorganiser\/","name":"S\u00e9jour et Vacances \u00e0 Albiez-Montrond en \u00e9t\u00e9 et hiver","isPartOf":{"@id":"https:\/\/www.montagnicimes.com\/albiez\/#website"},"datePublished":"2021-09-24T13:09:03+00:00","dateModified":"2021-11-24T19:54:46+00:00","description":"A Albiez on a tout pr\u00e9vu, vous trouverez de quoi vous loger, vous restaurer, occuper vos enfants et de quoi satisfaire vos envies !","breadcrumb":{"@id":"https:\/\/www.montagnicimes.com\/albiez\/sorganiser\/#breadcrumb"},"inLanguage":"fr-FR","potentialAction":[{"@type":"ReadAction","target":["https:\/\/www.montagnicimes.com\/albiez\/sorganiser\/"]}]},{"@type":"BreadcrumbList","@id":"https:\/\/www.montagnicimes.com\/albiez\/sorganiser\/#breadcrumb","itemListElement":[{"@type":"ListItem","position":1,"name":"Accueil","item":"https:\/\/www.montagnicimes.com\/albiez\/"},{"@type":"ListItem","position":2,"name":"S&rsquo;organiser"}]}]}},"_links":{"self":[{"href":"https:\/\/www.montagnicimes.com\/albiez\/wp-json\/wp\/v2\/pages\/7534"}],"collection":[{"href":"https:\/\/www.montagnicimes.com\/albiez\/wp-json\/wp\/v2\/pages"}],"about":[{"href":"https:\/\/www.montagnicimes.com\/albiez\/wp-json\/wp\/v2\/types\/page"}],"author":[{"embeddable":true,"href":"https:\/\/www.montagnicimes.com\/albiez\/wp-json\/wp\/v2\/users\/1"}],"replies":[{"embeddable":true,"href":"https:\/\/www.montagnicimes.com\/albiez\/wp-json\/wp\/v2\/comments?post=7534"}],"version-history":[{"count":5,"href":"https:\/\/www.montagnicimes.com\/albiez\/wp-json\/wp\/v2\/pages\/7534\/revisions"}],"predecessor-version":[{"id":11808,"href":"https:\/\/www.montagnicimes.com\/albiez\/wp-json\/wp\/v2\/pages\/7534\/revisions\/11808"}],"wp:attachment":[{"href":"https:\/\/www.montagnicimes.com\/albiez\/wp-json\/wp\/v2\/media?parent=7534"}],"wp:term":[{"taxonomy":"post_tag","embeddable":true,"href":"https:\/\/www.montagnicimes.com\/albiez\/wp-json\/wp\/v2\/post_tag?post=7534"}],"curies":[{"name":"wp","href":"https:\/\/api.w.org\/{rel}","templated":true}]}}

<p class="is-style-excerpt">A Albiez on a tout prévu, vous trouverez de quoi vous loger, vous restaurer, occuper vos enfants et de quoi satisfaire vos envies !</p>



<div class="wp-block wp-block-child-post alignwide clear">
    
<div class="entityItem " data-trigger="wpiris-click" >
    <a href="https://www.montagnicimes.com/albiez/sorganiser/hebergements/" nofancybox class="entityItemThumbnail">
        <img data-src="https://www.montagnicimes.com/albiez/wp-content/uploads/sites/2/wpiris-images/7894/1537018-diaporama-380x400-c.jpg" alt="Hébergements">
    </a>
    <div class="entityItemContent">

        <div class="entityItemContentHeading">
                                    <h2 class="entityItemContentTitle" >
                <a href="https://www.montagnicimes.com/albiez/sorganiser/hebergements/">Hébergements</a>
            </h2>                    </div>
            </div>
</div>

<div class="entityItem " data-trigger="wpiris-click" >
    <a href="https://www.montagnicimes.com/albiez/sorganiser/restaurants-et-bars/" nofancybox class="entityItemThumbnail">
        <img data-src="https://www.montagnicimes.com/albiez/wp-content/uploads/sites/2/wpiris-images/10102/10511099-diaporama-380x400-c.jpg" alt="Restaurants et bars">
    </a>
    <div class="entityItemContent">

        <div class="entityItemContentHeading">
                                    <h2 class="entityItemContentTitle" >
                <a href="https://www.montagnicimes.com/albiez/sorganiser/restaurants-et-bars/">Restaurants et bars</a>
            </h2>                    </div>
            </div>
</div>

<div class="entityItem " data-trigger="wpiris-click" >
    <a href="https://www.montagnicimes.com/albiez/sorganiser/commerces-et-services/" nofancybox class="entityItemThumbnail">
        <img data-src="https://www.montagnicimes.com/albiez/wp-content/uploads/sites/2/wpiris-images/7774/8399937-diaporama-380x400-c.jpg" alt="Commerces et services">
    </a>
    <div class="entityItemContent">

        <div class="entityItemContentHeading">
                                    <h2 class="entityItemContentTitle" >
                <a href="https://www.montagnicimes.com/albiez/sorganiser/commerces-et-services/">Commerces et services</a>
            </h2>                    </div>
            </div>
</div>

<div class="entityItem " data-trigger="wpiris-click" >
    <a href="https://www.montagnicimes.com/albiez/sorganiser/producteurs-et-artisans/" nofancybox class="entityItemThumbnail">
        <img data-src="https://www.montagnicimes.com/albiez/wp-content/uploads/sites/2/wpiris-images/11503/ALJ_Gargantua_OGuizy_2019-8-380x400-c.jpg" alt="Producteurs et artisans">
    </a>
    <div class="entityItemContent">

        <div class="entityItemContentHeading">
                                    <h2 class="entityItemContentTitle" >
                <a href="https://www.montagnicimes.com/albiez/sorganiser/producteurs-et-artisans/">Producteurs et artisans</a>
            </h2>                    </div>
            </div>
</div>

<div class="entityItem " data-trigger="wpiris-click" >
    <a href="https://www.montagnicimes.com/albiez/sorganiser/garderie-et-centre-de-loisirs/" nofancybox class="entityItemThumbnail">
        <img data-src="https://www.montagnicimes.com/albiez/wp-content/uploads/sites/2/wpiris-images/10701/11216199-diaporama-380x400-c.jpg" alt="Garderie et centre de loisirs">
    </a>
    <div class="entityItemContent">

        <div class="entityItemContentHeading">
                                    <h2 class="entityItemContentTitle" >
                <a href="https://www.montagnicimes.com/albiez/sorganiser/garderie-et-centre-de-loisirs/">Garderie et centre de loisirs</a>
            </h2>                    </div>
            </div>
</div>

<div class="entityItem " data-trigger="wpiris-click" >
    <a href="https://www.montagnicimes.com/albiez/sorganiser/les-cours-de-ski/" nofancybox class="entityItemThumbnail">
        <img data-src="https://www.montagnicimes.com/albiez/wp-content/uploads/sites/2/wpiris-images/11592/fauteuil-ski-©OTIMontagnicimes-3-380x400-c.jpg" alt="Les cours de ski">
    </a>
    <div class="entityItemContent">

        <div class="entityItemContentHeading">
                                    <h2 class="entityItemContentTitle" >
                <a href="https://www.montagnicimes.com/albiez/sorganiser/les-cours-de-ski/">Les cours de ski</a>
            </h2>                    </div>
            </div>
</div>

<div class="entityItem " data-trigger="wpiris-click" >
    <a href="https://www.montagnicimes.com/albiez/sorganiser/location-de-materiel/" nofancybox class="entityItemThumbnail">
        <img data-src="https://www.montagnicimes.com/albiez/wp-content/uploads/sites/2/wpiris-images/7729/8418270-diaporama-380x400-c.jpg" alt="Location de ski et matériel">
    </a>
    <div class="entityItemContent">

        <div class="entityItemContentHeading">
                                    <h2 class="entityItemContentTitle" >
                <a href="https://www.montagnicimes.com/albiez/sorganiser/location-de-materiel/">Location de ski et matériel</a>
            </h2>                    </div>
            </div>
</div>
    </div>

<p>A Albiez on a tout prévu, vous trouverez de quoi vous loger, vous restaurer, occuper vos enfants et de quoi satisfaire vos envies !</p>

<!-- This site is optimized with the Yoast SEO plugin v17.6 - https://yoast.com/wordpress/plugins/seo/ -->
<meta name="description" content="A Albiez on a tout prévu, vous trouverez de quoi vous loger, vous restaurer, occuper vos enfants et de quoi satisfaire vos envies !" />
<meta name="robots" content="index, follow, max-snippet:-1, max-image-preview:large, max-video-preview:-1" />
<link rel="canonical" href="https://www.montagnicimes.com/albiez/sorganiser/" />
<meta property="og:locale" content="fr_FR" />
<meta property="og:type" content="article" />
<meta property="og:title" content="Séjour et Vacances à Albiez-Montrond en été et hiver" />
<meta property="og:description" content="A Albiez on a tout prévu, vous trouverez de quoi vous loger, vous restaurer, occuper vos enfants et de quoi satisfaire vos envies !" />
<meta property="og:url" content="https://www.montagnicimes.com/albiez/sorganiser/" />
<meta property="og:site_name" content="Albiez" />
<meta property="article:modified_time" content="2021-11-24T19:54:46+00:00" />
<meta name="twitter:card" content="summary_large_image" />
<meta name="twitter:label1" content="Durée de lecture estimée" />
	<meta name="twitter:data1" content="1 minute" />
<script type="application/ld+json" class="yoast-schema-graph">{"@context":"https://schema.org","@graph":[{"@type":"WebSite","@id":"https://www.montagnicimes.com/albiez/#website","url":"https://www.montagnicimes.com/albiez/","name":"Albiez","description":"Office de tourisme Montagnicimes - Albiez","potentialAction":[{"@type":"SearchAction","target":{"@type":"EntryPoint","urlTemplate":"https://www.montagnicimes.com/albiez/?s={search_term_string}"},"query-input":"required name=search_term_string"}],"inLanguage":"fr-FR"},{"@type":"WebPage","@id":"https://www.montagnicimes.com/albiez/sorganiser/#webpage","url":"https://www.montagnicimes.com/albiez/sorganiser/","name":"S\u00e9jour et Vacances \u00e0 Albiez-Montrond en \u00e9t\u00e9 et hiver","isPartOf":{"@id":"https://www.montagnicimes.com/albiez/#website"},"datePublished":"2021-09-24T13:09:03+00:00","dateModified":"2021-11-24T19:54:46+00:00","description":"A Albiez on a tout pr\u00e9vu, vous trouverez de quoi vous loger, vous restaurer, occuper vos enfants et de quoi satisfaire vos envies !","breadcrumb":{"@id":"https://www.montagnicimes.com/albiez/sorganiser/#breadcrumb"},"inLanguage":"fr-FR","potentialAction":[{"@type":"ReadAction","target":["https://www.montagnicimes.com/albiez/sorganiser/"]}]},{"@type":"BreadcrumbList","@id":"https://www.montagnicimes.com/albiez/sorganiser/#breadcrumb","itemListElement":[{"@type":"ListItem","position":1,"name":"Accueil","item":"https://www.montagnicimes.com/albiez/"},{"@type":"ListItem","position":2,"name":"S&rsquo;organiser"}]}]}</script>
<!-- / Yoast SEO plugin. -->

A Albiez on a tout prévu, vous trouverez de quoi vous loger, vous restaurer, occuper vos enfants et de quoi satisfaire vos envies !

Séjour et Vacances à Albiez-Montrond en été et hiver
