{"id":7510,"date":"2021-09-24T15:08:29","date_gmt":"2021-09-24T13:08:40","guid":{"rendered":"https:\/\/www.montagnicimes.com\/albiez\/activites-neige\/"},"modified":"2024-11-29T14:48:54","modified_gmt":"2024-11-29T13:48:54","slug":"activites-hiver","status":"publish","type":"page","link":"https:\/\/www.montagnicimes.com\/albiez\/se-divertir\/activites-hiver\/","title":{"rendered":"Activit\u00e9s neige"},"content":{"rendered":"\n<p class=\"is-style-excerpt\">Les amateurs de nature peuvent s&rsquo;adonner au ski de randonn\u00e9e, en explorant des paysages sauvages et pr\u00e9serv\u00e9s. Les randonn\u00e9es en raquettes offrent \u00e9galement une belle mani\u00e8re de d\u00e9couvrir les montagnes enneig\u00e9es. <br>Pour des moments de d\u00e9tente en famille ou entre amis, les pistes de luge et les activit\u00e9s insolites permettent de s&rsquo;amuser en toute s\u00e9curit\u00e9.<\/p>\n\n\n\n<div class=\"wp-block wp-block-child-post alignwide clear\">\n    \n<div class=\"entityItem \" data-trigger=\"wpiris-click\" >\n    <a href=\"https:\/\/www.montagnicimes.com\/albiez\/se-divertir\/activites-hiver\/ski-de-randonnee\/\" nofancybox class=\"entityItemThumbnail\">\n        <img data-src=\"https:\/\/www.montagnicimes.com\/albiez\/wp-content\/uploads\/sites\/2\/wpiris-images\/33694\/SKI-DE-RANDO-ALBIEZ-6-380x400-c.jpg\" alt=\"Ski de randonn\u00e9e\">\n    <\/a>\n    <div class=\"entityItemContent\">\n\n        <div class=\"entityItemContentHeading\">\n                                    <h2 class=\"entityItemContentTitle\" >\n                <a href=\"https:\/\/www.montagnicimes.com\/albiez\/se-divertir\/activites-hiver\/ski-de-randonnee\/\">Ski de randonn\u00e9e<\/a>\n            <\/h2>                    <\/div>\n            <\/div>\n<\/div>\n\n<div class=\"entityItem \" data-trigger=\"wpiris-click\" >\n    <a href=\"https:\/\/www.montagnicimes.com\/albiez\/se-divertir\/activites-hiver\/raquette\/\" nofancybox class=\"entityItemThumbnail\">\n        <img data-src=\"https:\/\/www.montagnicimes.com\/albiez\/wp-content\/uploads\/sites\/2\/wpiris-images\/33703\/IMG_6191-380x400-c.jpg\" alt=\"Raquette\">\n    <\/a>\n    <div class=\"entityItemContent\">\n\n        <div class=\"entityItemContentHeading\">\n                                    <h2 class=\"entityItemContentTitle\" >\n                <a href=\"https:\/\/www.montagnicimes.com\/albiez\/se-divertir\/activites-hiver\/raquette\/\">Raquette<\/a>\n            <\/h2>                    <\/div>\n            <\/div>\n<\/div>\n\n<div class=\"entityItem \" data-trigger=\"wpiris-click\" >\n    <a href=\"https:\/\/www.montagnicimes.com\/albiez\/se-divertir\/activites-hiver\/luge\/\" nofancybox class=\"entityItemThumbnail\">\n        <img data-src=\"https:\/\/www.montagnicimes.com\/albiez\/wp-content\/uploads\/sites\/2\/wpiris-images\/33711\/LUGE-ALBIEZ-6-380x400-c.jpg\" alt=\"Luge\">\n    <\/a>\n    <div class=\"entityItemContent\">\n\n        <div class=\"entityItemContentHeading\">\n                                    <h2 class=\"entityItemContentTitle\" >\n                <a href=\"https:\/\/www.montagnicimes.com\/albiez\/se-divertir\/activites-hiver\/luge\/\">Luge<\/a>\n            <\/h2>                    <\/div>\n            <\/div>\n<\/div>\n\n<div class=\"entityItem \" data-trigger=\"wpiris-click\" >\n    <a href=\"https:\/\/www.montagnicimes.com\/albiez\/se-divertir\/activites-hiver\/motoneige-trottinette-vtt\/\" nofancybox class=\"entityItemThumbnail\">\n        <img data-src=\"https:\/\/www.montagnicimes.com\/albiez\/wp-content\/uploads\/sites\/2\/wpiris-images\/11524\/Motoneige-a-albiez-\u00a9OTIMontagnicimes-380x400-c.jpg\" alt=\"Activit\u00e9s insolites\">\n    <\/a>\n    <div class=\"entityItemContent\">\n\n        <div class=\"entityItemContentHeading\">\n                                    <h2 class=\"entityItemContentTitle\" >\n                <a href=\"https:\/\/www.montagnicimes.com\/albiez\/se-divertir\/activites-hiver\/motoneige-trottinette-vtt\/\">Activit\u00e9s insolites<\/a>\n            <\/h2>                    <\/div>\n            <\/div>\n<\/div>\n    <\/div>\n\n\n<p><\/p>\n","protected":false},"excerpt":{"rendered":"<p>Les amateurs de nature peuvent s&rsquo;adonner au ski de randonn\u00e9e, en explorant des paysages sauvages et pr\u00e9serv\u00e9s. Les randonn\u00e9es en raquettes offrent \u00e9galement une belle mani\u00e8re de d\u00e9couvrir les montagnes enneig\u00e9es. Pour des moments de d\u00e9tente en famille ou entre amis, les pistes de luge et les activit\u00e9s insolites permettent de s&rsquo;amuser en toute s\u00e9curit\u00e9.<\/p>\n","protected":false},"author":1,"featured_media":33330,"parent":7509,"menu_order":3,"comment_status":"closed","ping_status":"closed","template":"","meta":{"_relevanssi_hide_post":"","_relevanssi_pin_for_all":"","_relevanssi_pin_keywords":"","_relevanssi_unpin_keywords":"","_relevanssi_related_keywords":"","_relevanssi_related_include_ids":"","_relevanssi_related_exclude_ids":"","_relevanssi_related_no_append":"","_relevanssi_related_not_related":"","_relevanssi_related_posts":"493,489,491","_relevanssi_noindex_reason":""},"post_tag":[],"acf":[],"yoast_head":"<!-- This site is optimized with the Yoast SEO plugin v17.6 - https:\/\/yoast.com\/wordpress\/plugins\/seo\/ -->\n<meta name=\"description\" content=\"Les amateurs de nature peuvent s&#039;adonner au ski de randonn\u00e9e, en explorant des paysages sauvages et pr\u00e9serv\u00e9s. Les randonn\u00e9es en raquettes offrent\" \/>\n<meta name=\"robots\" content=\"index, follow, max-snippet:-1, max-image-preview:large, max-video-preview:-1\" \/>\n<link rel=\"canonical\" href=\"https:\/\/www.montagnicimes.com\/albiez\/se-divertir\/activites-hiver\/\" \/>\n<meta property=\"og:locale\" content=\"fr_FR\" \/>\n<meta property=\"og:type\" content=\"article\" \/>\n<meta property=\"og:title\" content=\"Activit\u00e9s neige - Albiez\" \/>\n<meta property=\"og:description\" content=\"Les amateurs de nature peuvent s&#039;adonner au ski de randonn\u00e9e, en explorant des paysages sauvages et pr\u00e9serv\u00e9s. Les randonn\u00e9es en raquettes offrent\" \/>\n<meta property=\"og:url\" content=\"https:\/\/www.montagnicimes.com\/albiez\/se-divertir\/activites-hiver\/\" \/>\n<meta property=\"og:site_name\" content=\"Albiez\" \/>\n<meta property=\"article:modified_time\" content=\"2024-11-29T13:48:54+00:00\" \/>\n<meta property=\"og:image\" content=\"https:\/\/www.montagnicimes.com\/albiez\/wp-content\/uploads\/sites\/2\/2024\/09\/Ski-de-randonnee-aiguilles-\u00a9N.TOZZI_-1200x554-2.jpg\" \/>\n\t<meta property=\"og:image:width\" content=\"1200\" \/>\n\t<meta property=\"og:image:height\" content=\"554\" \/>\n<meta name=\"twitter:card\" content=\"summary_large_image\" \/>\n<meta name=\"twitter:label1\" content=\"Dur\u00e9e de lecture estim\u00e9e\" \/>\n\t<meta name=\"twitter:data1\" content=\"1 minute\" \/>\n<script type=\"application\/ld+json\" class=\"yoast-schema-graph\">{\"@context\":\"https:\/\/schema.org\",\"@graph\":[{\"@type\":\"WebSite\",\"@id\":\"https:\/\/www.montagnicimes.com\/albiez\/#website\",\"url\":\"https:\/\/www.montagnicimes.com\/albiez\/\",\"name\":\"Albiez\",\"description\":\"Office de tourisme Montagnicimes - Albiez\",\"potentialAction\":[{\"@type\":\"SearchAction\",\"target\":{\"@type\":\"EntryPoint\",\"urlTemplate\":\"https:\/\/www.montagnicimes.com\/albiez\/?s={search_term_string}\"},\"query-input\":\"required name=search_term_string\"}],\"inLanguage\":\"fr-FR\"},{\"@type\":\"ImageObject\",\"@id\":\"https:\/\/www.montagnicimes.com\/albiez\/se-divertir\/activites-hiver\/#primaryimage\",\"inLanguage\":\"fr-FR\",\"url\":\"https:\/\/www.montagnicimes.com\/albiez\/wp-content\/uploads\/sites\/2\/2024\/09\/Ski-de-randonnee-aiguilles-\\u00a9N.TOZZI_-1200x554-2.jpg\",\"contentUrl\":\"https:\/\/www.montagnicimes.com\/albiez\/wp-content\/uploads\/sites\/2\/2024\/09\/Ski-de-randonnee-aiguilles-\\u00a9N.TOZZI_-1200x554-2.jpg\",\"width\":1200,\"height\":554,\"caption\":\"Ski de randonn\\u00e9e\"},{\"@type\":\"WebPage\",\"@id\":\"https:\/\/www.montagnicimes.com\/albiez\/se-divertir\/activites-hiver\/#webpage\",\"url\":\"https:\/\/www.montagnicimes.com\/albiez\/se-divertir\/activites-hiver\/\",\"name\":\"Activit\\u00e9s neige - Albiez\",\"isPartOf\":{\"@id\":\"https:\/\/www.montagnicimes.com\/albiez\/#website\"},\"primaryImageOfPage\":{\"@id\":\"https:\/\/www.montagnicimes.com\/albiez\/se-divertir\/activites-hiver\/#primaryimage\"},\"datePublished\":\"2021-09-24T13:08:40+00:00\",\"dateModified\":\"2024-11-29T13:48:54+00:00\",\"description\":\"Les amateurs de nature peuvent s'adonner au ski de randonn\\u00e9e, en explorant des paysages sauvages et pr\\u00e9serv\\u00e9s. Les randonn\\u00e9es en raquettes offrent\",\"breadcrumb\":{\"@id\":\"https:\/\/www.montagnicimes.com\/albiez\/se-divertir\/activites-hiver\/#breadcrumb\"},\"inLanguage\":\"fr-FR\",\"potentialAction\":[{\"@type\":\"ReadAction\",\"target\":[\"https:\/\/www.montagnicimes.com\/albiez\/se-divertir\/activites-hiver\/\"]}]},{\"@type\":\"BreadcrumbList\",\"@id\":\"https:\/\/www.montagnicimes.com\/albiez\/se-divertir\/activites-hiver\/#breadcrumb\",\"itemListElement\":[{\"@type\":\"ListItem\",\"position\":1,\"name\":\"Accueil\",\"item\":\"https:\/\/www.montagnicimes.com\/albiez\/\"},{\"@type\":\"ListItem\",\"position\":2,\"name\":\"Activit\\u00e9s\",\"item\":\"https:\/\/www.montagnicimes.com\/albiez\/se-divertir\/\"},{\"@type\":\"ListItem\",\"position\":3,\"name\":\"Activit\\u00e9s neige\"}]}]}<\/script>\n<!-- \/ Yoast SEO plugin. -->","yoast_head_json":{"description":"Les amateurs de nature peuvent s'adonner au ski de randonn\u00e9e, en explorant des paysages sauvages et pr\u00e9serv\u00e9s. Les randonn\u00e9es en raquettes offrent","robots":{"index":"index","follow":"follow","max-snippet":"max-snippet:-1","max-image-preview":"max-image-preview:large","max-video-preview":"max-video-preview:-1"},"canonical":"https:\/\/www.montagnicimes.com\/albiez\/se-divertir\/activites-hiver\/","og_locale":"fr_FR","og_type":"article","og_title":"Activit\u00e9s neige - Albiez","og_description":"Les amateurs de nature peuvent s'adonner au ski de randonn\u00e9e, en explorant des paysages sauvages et pr\u00e9serv\u00e9s. Les randonn\u00e9es en raquettes offrent","og_url":"https:\/\/www.montagnicimes.com\/albiez\/se-divertir\/activites-hiver\/","og_site_name":"Albiez","article_modified_time":"2024-11-29T13:48:54+00:00","og_image":[{"width":1200,"height":554,"url":"https:\/\/www.montagnicimes.com\/albiez\/wp-content\/uploads\/sites\/2\/2024\/09\/Ski-de-randonnee-aiguilles-\u00a9N.TOZZI_-1200x554-2.jpg","type":"image\/jpeg"}],"twitter_card":"summary_large_image","twitter_misc":{"Dur\u00e9e de lecture estim\u00e9e":"1 minute"},"schema":{"@context":"https:\/\/schema.org","@graph":[{"@type":"WebSite","@id":"https:\/\/www.montagnicimes.com\/albiez\/#website","url":"https:\/\/www.montagnicimes.com\/albiez\/","name":"Albiez","description":"Office de tourisme Montagnicimes - Albiez","potentialAction":[{"@type":"SearchAction","target":{"@type":"EntryPoint","urlTemplate":"https:\/\/www.montagnicimes.com\/albiez\/?s={search_term_string}"},"query-input":"required name=search_term_string"}],"inLanguage":"fr-FR"},{"@type":"ImageObject","@id":"https:\/\/www.montagnicimes.com\/albiez\/se-divertir\/activites-hiver\/#primaryimage","inLanguage":"fr-FR","url":"https:\/\/www.montagnicimes.com\/albiez\/wp-content\/uploads\/sites\/2\/2024\/09\/Ski-de-randonnee-aiguilles-\u00a9N.TOZZI_-1200x554-2.jpg","contentUrl":"https:\/\/www.montagnicimes.com\/albiez\/wp-content\/uploads\/sites\/2\/2024\/09\/Ski-de-randonnee-aiguilles-\u00a9N.TOZZI_-1200x554-2.jpg","width":1200,"height":554,"caption":"Ski de randonn\u00e9e"},{"@type":"WebPage","@id":"https:\/\/www.montagnicimes.com\/albiez\/se-divertir\/activites-hiver\/#webpage","url":"https:\/\/www.montagnicimes.com\/albiez\/se-divertir\/activites-hiver\/","name":"Activit\u00e9s neige - Albiez","isPartOf":{"@id":"https:\/\/www.montagnicimes.com\/albiez\/#website"},"primaryImageOfPage":{"@id":"https:\/\/www.montagnicimes.com\/albiez\/se-divertir\/activites-hiver\/#primaryimage"},"datePublished":"2021-09-24T13:08:40+00:00","dateModified":"2024-11-29T13:48:54+00:00","description":"Les amateurs de nature peuvent s'adonner au ski de randonn\u00e9e, en explorant des paysages sauvages et pr\u00e9serv\u00e9s. Les randonn\u00e9es en raquettes offrent","breadcrumb":{"@id":"https:\/\/www.montagnicimes.com\/albiez\/se-divertir\/activites-hiver\/#breadcrumb"},"inLanguage":"fr-FR","potentialAction":[{"@type":"ReadAction","target":["https:\/\/www.montagnicimes.com\/albiez\/se-divertir\/activites-hiver\/"]}]},{"@type":"BreadcrumbList","@id":"https:\/\/www.montagnicimes.com\/albiez\/se-divertir\/activites-hiver\/#breadcrumb","itemListElement":[{"@type":"ListItem","position":1,"name":"Accueil","item":"https:\/\/www.montagnicimes.com\/albiez\/"},{"@type":"ListItem","position":2,"name":"Activit\u00e9s","item":"https:\/\/www.montagnicimes.com\/albiez\/se-divertir\/"},{"@type":"ListItem","position":3,"name":"Activit\u00e9s neige"}]}]}},"_links":{"self":[{"href":"https:\/\/www.montagnicimes.com\/albiez\/wp-json\/wp\/v2\/pages\/7510"}],"collection":[{"href":"https:\/\/www.montagnicimes.com\/albiez\/wp-json\/wp\/v2\/pages"}],"about":[{"href":"https:\/\/www.montagnicimes.com\/albiez\/wp-json\/wp\/v2\/types\/page"}],"author":[{"embeddable":true,"href":"https:\/\/www.montagnicimes.com\/albiez\/wp-json\/wp\/v2\/users\/1"}],"replies":[{"embeddable":true,"href":"https:\/\/www.montagnicimes.com\/albiez\/wp-json\/wp\/v2\/comments?post=7510"}],"version-history":[{"count":21,"href":"https:\/\/www.montagnicimes.com\/albiez\/wp-json\/wp\/v2\/pages\/7510\/revisions"}],"predecessor-version":[{"id":34421,"href":"https:\/\/www.montagnicimes.com\/albiez\/wp-json\/wp\/v2\/pages\/7510\/revisions\/34421"}],"up":[{"embeddable":true,"href":"https:\/\/www.montagnicimes.com\/albiez\/wp-json\/wp\/v2\/pages\/7509"}],"wp:featuredmedia":[{"embeddable":true,"href":"https:\/\/www.montagnicimes.com\/albiez\/wp-json\/wp\/v2\/media\/33330"}],"wp:attachment":[{"href":"https:\/\/www.montagnicimes.com\/albiez\/wp-json\/wp\/v2\/media?parent=7510"}],"wp:term":[{"taxonomy":"post_tag","embeddable":true,"href":"https:\/\/www.montagnicimes.com\/albiez\/wp-json\/wp\/v2\/post_tag?post=7510"}],"curies":[{"name":"wp","href":"https:\/\/api.w.org\/{rel}","templated":true}]}}