{"id":7499,"date":"2021-09-24T15:08:29","date_gmt":"2021-09-24T13:08:29","guid":{"rendered":"https:\/\/www.montagnicimes.com\/albiez\/presentation-de-la-station\/"},"modified":"2024-11-12T15:25:20","modified_gmt":"2024-11-12T14:25:20","slug":"presentation-de-la-station","status":"publish","type":"page","link":"https:\/\/www.montagnicimes.com\/albiez\/la-station\/presentation-de-la-station\/","title":{"rendered":"Un village \u00e0 la montagne"},"content":{"rendered":"\n<p class=\"is-style-excerpt\">\u00c0 1 500 m\u00e8tres d&rsquo;altitude, Albiez est un village authentique de montagne o\u00f9 vivent environ 400 habitants toute l&rsquo;ann\u00e9e. Le village dispose d&rsquo;une \u00e9cole, une boulangerie, une fromagerie, une \u00e9picerie, ainsi que plusieurs commerces et restaurants.<\/p>\n\n\n\n<figure class=\"wp-block-image size-large\"><img loading=\"lazy\" width=\"1200\" height=\"800\" data-src=\"https:\/\/www.montagnicimes.com\/albiez\/wp-content\/uploads\/sites\/2\/2024\/11\/IMG_8563-2-1200x800.jpg\" alt=\"\" class=\"wp-image-34138\" data-srcset=\"https:\/\/www.montagnicimes.com\/albiez\/wp-content\/uploads\/sites\/2\/2024\/11\/IMG_8563-2-1200x800.jpg 1200w, https:\/\/www.montagnicimes.com\/albiez\/wp-content\/uploads\/sites\/2\/2024\/11\/IMG_8563-2-600x400.jpg 600w, https:\/\/www.montagnicimes.com\/albiez\/wp-content\/uploads\/sites\/2\/2024\/11\/IMG_8563-2-768x512.jpg 768w, https:\/\/www.montagnicimes.com\/albiez\/wp-content\/uploads\/sites\/2\/2024\/11\/IMG_8563-2-1536x1024.jpg 1536w, https:\/\/www.montagnicimes.com\/albiez\/wp-content\/uploads\/sites\/2\/2024\/11\/IMG_8563-2-200x133.jpg 200w, https:\/\/www.montagnicimes.com\/albiez\/wp-content\/uploads\/sites\/2\/2024\/11\/IMG_8563-2.jpg 1920w\" sizes=\"(max-width: 1200px) 100vw, 1200px\" \/><figcaption>\u00a9 OTI Montagnicimes<\/figcaption><\/figure>\n\n\n\n<h3>Il \u00e9tait une fois Albiez <\/h3>\n\n\n\n<p>Anciennement un village agricole, Albiez et ses hameaux alentours \u00e9taient principalement ax\u00e9s sur l\u2019agriculture et l\u2019\u00e9levage. Situ\u00e9 sur une route historique reliant les Hautes-Alpes et l&rsquo;Is\u00e8re, Albiez servait de halte aux colporteurs et voyageurs. Les \u00e9leveurs locaux, sp\u00e9cialis\u00e9s dans la vache Tarine, produisent du Beaufort, un fromage de qualit\u00e9 reconnu pour son go\u00fbt unique. En 1972, la commune d&rsquo;Albiez-le-Vieux fusionne avec Montrond pour devenir Albiez-Montrond.<\/p>\n\n\n\n<div class=\"wp-block-buttons is-content-justification-left\">\n<div class=\"wp-block-button\"><a class=\"wp-block-button__link\" href=\"https:\/\/drone-de-regard.fr\/VR\/MCM\/Albiez-Montrond\/index.htm\" target=\"_blank\" rel=\"noreferrer noopener\">Le village vue du ciel<\/a><\/div>\n<\/div>\n\n\n\n<h3>Le saviez vous ? <\/h3>\n\n\n\n<p>Aujourd&rsquo;hui, les agriculteurs d&rsquo;Albiez sont des producteurs majeurs de lait pour la coop\u00e9rative de la Vall\u00e9e des Arves, fournissant le lait de qualit\u00e9 n\u00e9cessaire \u00e0 la production du Beaufort. Leur travail a \u00e9t\u00e9 r\u00e9compens\u00e9 au Concours G\u00e9n\u00e9ral Agricole, avec des m\u00e9dailles d\u2019or en 2022 et 2023.<\/p>\n\n\n\n<div class=\"wp-block-buttons\">\n<div class=\"wp-block-button\"><a class=\"wp-block-button__link\" href=\"https:\/\/www.montagnicimes.com\/decouvrir\/incontournables\/le-beaufort\/\">TOUT SAVOIR sur Le beaufort<\/a><\/div>\n<\/div>\n\n\n\n<div class=\"wp-block-columns\">\n<div class=\"wp-block-column\">\n<figure class=\"wp-block-image size-large\"><img loading=\"lazy\" width=\"1200\" height=\"800\" data-src=\"https:\/\/www.montagnicimes.com\/albiez\/wp-content\/uploads\/sites\/2\/2024\/11\/INSTANTS-BEAUFORT-2024-ALBIEZ-3-1200x800.jpg\" alt=\"\" class=\"wp-image-34127\" data-srcset=\"https:\/\/www.montagnicimes.com\/albiez\/wp-content\/uploads\/sites\/2\/2024\/11\/INSTANTS-BEAUFORT-2024-ALBIEZ-3-1200x800.jpg 1200w, https:\/\/www.montagnicimes.com\/albiez\/wp-content\/uploads\/sites\/2\/2024\/11\/INSTANTS-BEAUFORT-2024-ALBIEZ-3-600x400.jpg 600w, https:\/\/www.montagnicimes.com\/albiez\/wp-content\/uploads\/sites\/2\/2024\/11\/INSTANTS-BEAUFORT-2024-ALBIEZ-3-768x512.jpg 768w, https:\/\/www.montagnicimes.com\/albiez\/wp-content\/uploads\/sites\/2\/2024\/11\/INSTANTS-BEAUFORT-2024-ALBIEZ-3-1536x1024.jpg 1536w, https:\/\/www.montagnicimes.com\/albiez\/wp-content\/uploads\/sites\/2\/2024\/11\/INSTANTS-BEAUFORT-2024-ALBIEZ-3-200x133.jpg 200w, https:\/\/www.montagnicimes.com\/albiez\/wp-content\/uploads\/sites\/2\/2024\/11\/INSTANTS-BEAUFORT-2024-ALBIEZ-3.jpg 1920w\" sizes=\"(max-width: 1200px) 100vw, 1200px\" \/><figcaption>Instant Beaufort &#8211; \u00c9t\u00e9 2024 &#8211; GAEC Keskidi<\/figcaption><\/figure>\n<\/div>\n<\/div>\n\n\n\n<h3>Albiez et les hameaux<\/h3>\n\n\n\n<p><span style=\"color: var(--mtg-content-text);font-size: revert\">Albiez-le-Jeune, Albiez-Montrond et leurs nombreux hameaux, tels que Le Chef-lieu, Le Mollard et La Saussaz, offrent une immersion dans le patrimoine montagnard authentique. Chaque hameau refl\u00e8te une facette unique de la vie en montagne, rythm\u00e9e par les saisons et la culture locale.<\/span><\/p>\n\n\n\n<div class=\"wp-block-buttons\">\n<div class=\"wp-block-button\"><a class=\"wp-block-button__link\" href=\"https:\/\/www.montagnicimes.com\/albiez\/albiez-et-ses-hameaux\/\" target=\"_blank\" rel=\"noreferrer noopener\">Les hameaux<\/a><\/div>\n<\/div>\n\n\n\n<div class=\"wp-block-columns\">\n<div class=\"wp-block-column\" style=\"flex-basis:100%\">\n<div class=\"wp-block-columns\">\n<div class=\"wp-block-column\" style=\"flex-basis:100%\">\n<figure class=\"wp-block-image size-large is-resized\"><img loading=\"lazy\" data-src=\"https:\/\/www.montagnicimes.com\/albiez\/wp-content\/uploads\/sites\/2\/2024\/11\/IMG_8604-1200x800.jpg\" alt=\"\" class=\"wp-image-34130\" width=\"800\" height=\"533\" data-srcset=\"https:\/\/www.montagnicimes.com\/albiez\/wp-content\/uploads\/sites\/2\/2024\/11\/IMG_8604-1200x800.jpg 1200w, https:\/\/www.montagnicimes.com\/albiez\/wp-content\/uploads\/sites\/2\/2024\/11\/IMG_8604-600x400.jpg 600w, https:\/\/www.montagnicimes.com\/albiez\/wp-content\/uploads\/sites\/2\/2024\/11\/IMG_8604-768x512.jpg 768w, https:\/\/www.montagnicimes.com\/albiez\/wp-content\/uploads\/sites\/2\/2024\/11\/IMG_8604-1536x1024.jpg 1536w, https:\/\/www.montagnicimes.com\/albiez\/wp-content\/uploads\/sites\/2\/2024\/11\/IMG_8604-200x133.jpg 200w, https:\/\/www.montagnicimes.com\/albiez\/wp-content\/uploads\/sites\/2\/2024\/11\/IMG_8604.jpg 1920w\" sizes=\"(max-width: 800px) 100vw, 800px\" \/><figcaption>\u00a9 OTI Montagnicimes<\/figcaption><\/figure>\n<\/div>\n<\/div>\n<\/div>\n<\/div>\n\n\n\n<h3>Les sports d&rsquo;hiver<\/h3>\n\n\n\n<p>Dans les ann\u00e9es 1960, Albiez s\u2019ouvre au tourisme en d\u00e9veloppant ses premi\u00e8res infrastructures de sports d\u2019hiver, avec la mise en place de remont\u00e9es m\u00e9caniques. Aujourd&rsquo;hui, la station propose un domaine skiable id\u00e9al pour les familles et les d\u00e9butants, tout en conservant son ambiance chaleureuse et authentique.<\/p>\n\n\n\n<div class=\"wp-block-columns\">\n<div class=\"wp-block-column\" style=\"flex-basis:50%\">\n<div class=\"wp-block-buttons is-content-justification-center\">\n<div class=\"wp-block-button\"><a class=\"wp-block-button__link\" href=\"https:\/\/www.montagnicimes.com\/albiez\/la-station\/domaine-skiable\/\" target=\"_blank\" rel=\"noreferrer noopener\">d\u00e9couvrir Le domaine<\/a><\/div>\n<\/div>\n<\/div>\n\n\n\n<div class=\"wp-block-column\" style=\"flex-basis:50%\">\n<div class=\"wp-block-buttons\">\n<div class=\"wp-block-button\"><a class=\"wp-block-button__link\" href=\"https:\/\/www.montagnicimes.com\/albiez\/se-divertir\/activites-hiver\/\" target=\"_blank\" rel=\"noreferrer noopener\">les activit\u00c9s neige<\/a><\/div>\n<\/div>\n<\/div>\n<\/div>\n\n\n\n<figure class=\"wp-block-image size-full\"><img loading=\"lazy\" width=\"1200\" height=\"900\" data-src=\"https:\/\/www.montagnicimes.com\/albiez\/wp-content\/uploads\/sites\/2\/2024\/11\/PISTES-DE-SKI-ALBIEZ-78-1200x900-3.jpg\" alt=\"\" class=\"wp-image-34181\" data-srcset=\"https:\/\/www.montagnicimes.com\/albiez\/wp-content\/uploads\/sites\/2\/2024\/11\/PISTES-DE-SKI-ALBIEZ-78-1200x900-3.jpg 1200w, https:\/\/www.montagnicimes.com\/albiez\/wp-content\/uploads\/sites\/2\/2024\/11\/PISTES-DE-SKI-ALBIEZ-78-1200x900-3-600x450.jpg 600w, https:\/\/www.montagnicimes.com\/albiez\/wp-content\/uploads\/sites\/2\/2024\/11\/PISTES-DE-SKI-ALBIEZ-78-1200x900-3-768x576.jpg 768w, https:\/\/www.montagnicimes.com\/albiez\/wp-content\/uploads\/sites\/2\/2024\/11\/PISTES-DE-SKI-ALBIEZ-78-1200x900-3-200x150.jpg 200w\" sizes=\"(max-width: 1200px) 100vw, 1200px\" \/><figcaption> \u00a9 OTI Montagnicimes <\/figcaption><\/figure>\n","protected":false},"excerpt":{"rendered":"<p>\u00c0 1 500 m\u00e8tres d&rsquo;altitude, Albiez est un village authentique de montagne o\u00f9 vivent environ 400 habitants toute l&rsquo;ann\u00e9e. Le village dispose d&rsquo;une \u00e9cole, une boulangerie, une fromagerie, une \u00e9picerie, ainsi que plusieurs commerces et restaurants. Il \u00e9tait une fois Albiez Anciennement un village agricole, Albiez et ses hameaux alentours \u00e9taient principalement ax\u00e9s sur l\u2019agriculture [&hellip;]<\/p>\n","protected":false},"author":1,"featured_media":17970,"parent":7498,"menu_order":0,"comment_status":"closed","ping_status":"closed","template":"","meta":{"_relevanssi_hide_post":"","_relevanssi_pin_for_all":"","_relevanssi_pin_keywords":"","_relevanssi_unpin_keywords":"","_relevanssi_related_keywords":"","_relevanssi_related_include_ids":"","_relevanssi_related_exclude_ids":"","_relevanssi_related_no_append":"","_relevanssi_related_not_related":"","_relevanssi_related_posts":"489,493,491","_relevanssi_noindex_reason":""},"post_tag":[],"acf":[],"yoast_head":"<!-- This site is optimized with the Yoast SEO plugin v17.6 - https:\/\/yoast.com\/wordpress\/plugins\/seo\/ -->\n<meta name=\"description\" content=\"Explorez Albiez, village de montagne en Savoie \u00e0 1 500 m d&#039;altitude : authenticit\u00e9, paysages \u00e9poustouflants, traditions alpines et sp\u00e9cialit\u00e9s locales. Vivez un s\u00e9jour inoubliable au c\u0153ur des Alpes ! D\u00e9couvrez Albiez maintenant !\" \/>\n<meta name=\"robots\" content=\"index, follow, max-snippet:-1, max-image-preview:large, max-video-preview:-1\" \/>\n<link rel=\"canonical\" href=\"https:\/\/www.montagnicimes.com\/albiez\/la-station\/presentation-de-la-station\/\" \/>\n<meta property=\"og:locale\" content=\"fr_FR\" \/>\n<meta property=\"og:type\" content=\"article\" \/>\n<meta property=\"og:title\" content=\"Un village \u00e0 la montagne Albiez-Montrond - Albiez\" \/>\n<meta property=\"og:description\" content=\"Explorez Albiez, village de montagne en Savoie \u00e0 1 500 m d&#039;altitude : authenticit\u00e9, paysages \u00e9poustouflants, traditions alpines et sp\u00e9cialit\u00e9s locales. Vivez un s\u00e9jour inoubliable au c\u0153ur des Alpes ! D\u00e9couvrez Albiez maintenant !\" \/>\n<meta property=\"og:url\" content=\"https:\/\/www.montagnicimes.com\/albiez\/la-station\/presentation-de-la-station\/\" \/>\n<meta property=\"og:site_name\" content=\"Albiez\" \/>\n<meta property=\"article:modified_time\" content=\"2024-11-12T14:25:20+00:00\" \/>\n<meta property=\"og:image\" content=\"https:\/\/www.montagnicimes.com\/albiez\/wp-content\/uploads\/sites\/2\/2022\/09\/alb-page-accueil.jpg\" \/>\n\t<meta property=\"og:image:width\" content=\"1920\" \/>\n\t<meta property=\"og:image:height\" content=\"1280\" \/>\n<meta name=\"twitter:card\" content=\"summary_large_image\" \/>\n<meta name=\"twitter:label1\" content=\"Dur\u00e9e de lecture estim\u00e9e\" \/>\n\t<meta name=\"twitter:data1\" content=\"3 minutes\" \/>\n<script type=\"application\/ld+json\" class=\"yoast-schema-graph\">{\"@context\":\"https:\/\/schema.org\",\"@graph\":[{\"@type\":\"WebSite\",\"@id\":\"https:\/\/www.montagnicimes.com\/albiez\/#website\",\"url\":\"https:\/\/www.montagnicimes.com\/albiez\/\",\"name\":\"Albiez\",\"description\":\"Office de tourisme Montagnicimes - Albiez\",\"potentialAction\":[{\"@type\":\"SearchAction\",\"target\":{\"@type\":\"EntryPoint\",\"urlTemplate\":\"https:\/\/www.montagnicimes.com\/albiez\/?s={search_term_string}\"},\"query-input\":\"required name=search_term_string\"}],\"inLanguage\":\"fr-FR\"},{\"@type\":\"ImageObject\",\"@id\":\"https:\/\/www.montagnicimes.com\/albiez\/la-station\/presentation-de-la-station\/#primaryimage\",\"inLanguage\":\"fr-FR\",\"url\":\"https:\/\/www.montagnicimes.com\/albiez\/wp-content\/uploads\/sites\/2\/2022\/09\/alb-page-accueil.jpg\",\"contentUrl\":\"https:\/\/www.montagnicimes.com\/albiez\/wp-content\/uploads\/sites\/2\/2022\/09\/alb-page-accueil.jpg\",\"width\":1920,\"height\":1280,\"caption\":\"albiez village accueil neige hiver station charme\"},{\"@type\":\"WebPage\",\"@id\":\"https:\/\/www.montagnicimes.com\/albiez\/la-station\/presentation-de-la-station\/#webpage\",\"url\":\"https:\/\/www.montagnicimes.com\/albiez\/la-station\/presentation-de-la-station\/\",\"name\":\"Un village \\u00e0 la montagne Albiez-Montrond - Albiez\",\"isPartOf\":{\"@id\":\"https:\/\/www.montagnicimes.com\/albiez\/#website\"},\"primaryImageOfPage\":{\"@id\":\"https:\/\/www.montagnicimes.com\/albiez\/la-station\/presentation-de-la-station\/#primaryimage\"},\"datePublished\":\"2021-09-24T13:08:29+00:00\",\"dateModified\":\"2024-11-12T14:25:20+00:00\",\"description\":\"Explorez Albiez, village de montagne en Savoie \\u00e0 1 500 m d'altitude : authenticit\\u00e9, paysages \\u00e9poustouflants, traditions alpines et sp\\u00e9cialit\\u00e9s locales. Vivez un s\\u00e9jour inoubliable au c\\u0153ur des Alpes ! D\\u00e9couvrez Albiez maintenant !\",\"breadcrumb\":{\"@id\":\"https:\/\/www.montagnicimes.com\/albiez\/la-station\/presentation-de-la-station\/#breadcrumb\"},\"inLanguage\":\"fr-FR\",\"potentialAction\":[{\"@type\":\"ReadAction\",\"target\":[\"https:\/\/www.montagnicimes.com\/albiez\/la-station\/presentation-de-la-station\/\"]}]},{\"@type\":\"BreadcrumbList\",\"@id\":\"https:\/\/www.montagnicimes.com\/albiez\/la-station\/presentation-de-la-station\/#breadcrumb\",\"itemListElement\":[{\"@type\":\"ListItem\",\"position\":1,\"name\":\"Accueil\",\"item\":\"https:\/\/www.montagnicimes.com\/albiez\/\"},{\"@type\":\"ListItem\",\"position\":2,\"name\":\"Albiez\",\"item\":\"https:\/\/www.montagnicimes.com\/albiez\/la-station\/\"},{\"@type\":\"ListItem\",\"position\":3,\"name\":\"Un village \\u00e0 la montagne\"}]}]}<\/script>\n<!-- \/ Yoast SEO plugin. -->","yoast_head_json":{"description":"Explorez Albiez, village de montagne en Savoie \u00e0 1 500 m d'altitude : authenticit\u00e9, paysages \u00e9poustouflants, traditions alpines et sp\u00e9cialit\u00e9s locales. Vivez un s\u00e9jour inoubliable au c\u0153ur des Alpes ! D\u00e9couvrez Albiez maintenant !","robots":{"index":"index","follow":"follow","max-snippet":"max-snippet:-1","max-image-preview":"max-image-preview:large","max-video-preview":"max-video-preview:-1"},"canonical":"https:\/\/www.montagnicimes.com\/albiez\/la-station\/presentation-de-la-station\/","og_locale":"fr_FR","og_type":"article","og_title":"Un village \u00e0 la montagne Albiez-Montrond - Albiez","og_description":"Explorez Albiez, village de montagne en Savoie \u00e0 1 500 m d'altitude : authenticit\u00e9, paysages \u00e9poustouflants, traditions alpines et sp\u00e9cialit\u00e9s locales. Vivez un s\u00e9jour inoubliable au c\u0153ur des Alpes ! D\u00e9couvrez Albiez maintenant !","og_url":"https:\/\/www.montagnicimes.com\/albiez\/la-station\/presentation-de-la-station\/","og_site_name":"Albiez","article_modified_time":"2024-11-12T14:25:20+00:00","og_image":[{"width":1920,"height":1280,"url":"https:\/\/www.montagnicimes.com\/albiez\/wp-content\/uploads\/sites\/2\/2022\/09\/alb-page-accueil.jpg","type":"image\/jpeg"}],"twitter_card":"summary_large_image","twitter_misc":{"Dur\u00e9e de lecture estim\u00e9e":"3 minutes"},"schema":{"@context":"https:\/\/schema.org","@graph":[{"@type":"WebSite","@id":"https:\/\/www.montagnicimes.com\/albiez\/#website","url":"https:\/\/www.montagnicimes.com\/albiez\/","name":"Albiez","description":"Office de tourisme Montagnicimes - Albiez","potentialAction":[{"@type":"SearchAction","target":{"@type":"EntryPoint","urlTemplate":"https:\/\/www.montagnicimes.com\/albiez\/?s={search_term_string}"},"query-input":"required name=search_term_string"}],"inLanguage":"fr-FR"},{"@type":"ImageObject","@id":"https:\/\/www.montagnicimes.com\/albiez\/la-station\/presentation-de-la-station\/#primaryimage","inLanguage":"fr-FR","url":"https:\/\/www.montagnicimes.com\/albiez\/wp-content\/uploads\/sites\/2\/2022\/09\/alb-page-accueil.jpg","contentUrl":"https:\/\/www.montagnicimes.com\/albiez\/wp-content\/uploads\/sites\/2\/2022\/09\/alb-page-accueil.jpg","width":1920,"height":1280,"caption":"albiez village accueil neige hiver station charme"},{"@type":"WebPage","@id":"https:\/\/www.montagnicimes.com\/albiez\/la-station\/presentation-de-la-station\/#webpage","url":"https:\/\/www.montagnicimes.com\/albiez\/la-station\/presentation-de-la-station\/","name":"Un village \u00e0 la montagne Albiez-Montrond - Albiez","isPartOf":{"@id":"https:\/\/www.montagnicimes.com\/albiez\/#website"},"primaryImageOfPage":{"@id":"https:\/\/www.montagnicimes.com\/albiez\/la-station\/presentation-de-la-station\/#primaryimage"},"datePublished":"2021-09-24T13:08:29+00:00","dateModified":"2024-11-12T14:25:20+00:00","description":"Explorez Albiez, village de montagne en Savoie \u00e0 1 500 m d'altitude : authenticit\u00e9, paysages \u00e9poustouflants, traditions alpines et sp\u00e9cialit\u00e9s locales. Vivez un s\u00e9jour inoubliable au c\u0153ur des Alpes ! D\u00e9couvrez Albiez maintenant !","breadcrumb":{"@id":"https:\/\/www.montagnicimes.com\/albiez\/la-station\/presentation-de-la-station\/#breadcrumb"},"inLanguage":"fr-FR","potentialAction":[{"@type":"ReadAction","target":["https:\/\/www.montagnicimes.com\/albiez\/la-station\/presentation-de-la-station\/"]}]},{"@type":"BreadcrumbList","@id":"https:\/\/www.montagnicimes.com\/albiez\/la-station\/presentation-de-la-station\/#breadcrumb","itemListElement":[{"@type":"ListItem","position":1,"name":"Accueil","item":"https:\/\/www.montagnicimes.com\/albiez\/"},{"@type":"ListItem","position":2,"name":"Albiez","item":"https:\/\/www.montagnicimes.com\/albiez\/la-station\/"},{"@type":"ListItem","position":3,"name":"Un village \u00e0 la montagne"}]}]}},"_links":{"self":[{"href":"https:\/\/www.montagnicimes.com\/albiez\/wp-json\/wp\/v2\/pages\/7499"}],"collection":[{"href":"https:\/\/www.montagnicimes.com\/albiez\/wp-json\/wp\/v2\/pages"}],"about":[{"href":"https:\/\/www.montagnicimes.com\/albiez\/wp-json\/wp\/v2\/types\/page"}],"author":[{"embeddable":true,"href":"https:\/\/www.montagnicimes.com\/albiez\/wp-json\/wp\/v2\/users\/1"}],"replies":[{"embeddable":true,"href":"https:\/\/www.montagnicimes.com\/albiez\/wp-json\/wp\/v2\/comments?post=7499"}],"version-history":[{"count":23,"href":"https:\/\/www.montagnicimes.com\/albiez\/wp-json\/wp\/v2\/pages\/7499\/revisions"}],"predecessor-version":[{"id":34226,"href":"https:\/\/www.montagnicimes.com\/albiez\/wp-json\/wp\/v2\/pages\/7499\/revisions\/34226"}],"up":[{"embeddable":true,"href":"https:\/\/www.montagnicimes.com\/albiez\/wp-json\/wp\/v2\/pages\/7498"}],"wp:featuredmedia":[{"embeddable":true,"href":"https:\/\/www.montagnicimes.com\/albiez\/wp-json\/wp\/v2\/media\/17970"}],"wp:attachment":[{"href":"https:\/\/www.montagnicimes.com\/albiez\/wp-json\/wp\/v2\/media?parent=7499"}],"wp:term":[{"taxonomy":"post_tag","embeddable":true,"href":"https:\/\/www.montagnicimes.com\/albiez\/wp-json\/wp\/v2\/post_tag?post=7499"}],"curies":[{"name":"wp","href":"https:\/\/api.w.org\/{rel}","templated":true}]}}