{"id":7495,"date":"2021-09-24T15:08:25","date_gmt":"2021-09-24T13:08:25","guid":{"rendered":"https:\/\/www.montagnicimes.com\/albiez\/decouvrir\/"},"modified":"2022-05-05T14:12:48","modified_gmt":"2022-05-05T12:12:48","slug":"decouvrir","status":"publish","type":"page","link":"https:\/\/www.montagnicimes.com\/albiez\/decouvrir\/","title":{"rendered":"D\u00e9couvrir"},"content":{"rendered":"\n<p class=\"is-style-excerpt\">Besoin de calme, de s\u00e9r\u00e9nit\u00e9, venez d\u00e9couvrir tous les secrets de la station charme <a href=\"https:\/\/drone-de-regard.fr\/VR\/MCM\/Albiez-Montrond\/index.htm\" target=\"_blank\" rel=\"noreferrer noopener\">d&rsquo;Albiez-Montrond<\/a> situ\u00e9e au pied des Aiguilles d&rsquo;Arves ! Cette petite station familiale saura vous combler tant par ses multiples activit\u00e9s que par ses paysages tous plus authentiques les uns que les autres !<\/p>\n\n\n\n<div class=\"wp-block wp-block-related-post clear alignfull\">\n    \n    <div class=\"article\">\n                \n            <\/div>\n\n    <div class=\"container\">\n        <div class=\"wp-block-related-post-inner\">\n            <div data-id=\"wpiris-related-post\" data-slides-per-view=\"2\">\n                <div data-id=\"wpiris-related-post-wrapper\">\n                                            \n<div class=\"postItem swiper-slide\" data-trigger=\"wpiris-click\" >\n    <a href=\"https:\/\/www.montagnicimes.com\/albiez\/decouvrir\/incontournables\/\" nofancybox class=\"postItemThumbnail\">\n        <img data-src=\"https:\/\/www.montagnicimes.com\/albiez\/wp-content\/uploads\/sites\/2\/wpiris-images\/17976\/nos-incontournables-les-aiguilles-darves-590x440-c.jpg\" alt=\"Les incontournables\">\n    <\/a>\n    <div class=\"postItemContent\">\n\n        <div class=\"postItemContentHeading\">\n            \n<div class=\"postItemContentHeadingOntitle\">\n    D\u00e9couvrir<\/div>\n                        <h3 class=\"postItemContentTitle\" >\n                <a href=\"https:\/\/www.montagnicimes.com\/albiez\/decouvrir\/incontournables\/\">Les incontournables<\/a>\n            <\/h3>                    <\/div>\n        \n<div class=\"postItemContentExcerpt\">\n    Vous avez sans doute tous dans vos poches l&rsquo;incontournable Opinel, alors venez d\u00e9couvrir l&rsquo;histoire de ce couteau cach\u00e9 dans un petit hameau situ\u00e9 au pied de nos mythiques Aiguilles d&rsquo;Arves !<\/div>\n    <\/div>\n<\/div>\n                                            \n<div class=\"postItem swiper-slide\" data-trigger=\"wpiris-click\" >\n    <a href=\"https:\/\/www.montagnicimes.com\/albiez\/decouvrir\/nos-coups-de-coeur-offres-du-moment\/\" nofancybox class=\"postItemThumbnail\">\n        <img data-src=\"https:\/\/www.montagnicimes.com\/albiez\/wp-content\/uploads\/sites\/2\/wpiris-images\/10210\/ALB-Celticimes-groupe-2021-590x440-c.jpg\" alt=\"Nos coups de coeur \/ Offres du moment\">\n    <\/a>\n    <div class=\"postItemContent\">\n\n        <div class=\"postItemContentHeading\">\n            \n<div class=\"postItemContentHeadingOntitle\">\n    D\u00e9couvrir<\/div>\n                        <h3 class=\"postItemContentTitle\" >\n                <a href=\"https:\/\/www.montagnicimes.com\/albiez\/decouvrir\/nos-coups-de-coeur-offres-du-moment\/\">Nos coups de coeur \/ Offres du moment<\/a>\n            <\/h3>                    <\/div>\n            <\/div>\n<\/div>\n                                    <\/div>\n            <\/div>\n        <\/div>\n    <\/div>\n<\/div>\n\n\n<p><\/p>\n","protected":false},"excerpt":{"rendered":"<p>Besoin de calme, de s\u00e9r\u00e9nit\u00e9, venez d\u00e9couvrir tous les secrets de la station charme d&rsquo;Albiez-Montrond situ\u00e9e au pied des Aiguilles d&rsquo;Arves ! Cette petite station familiale saura vous combler tant par ses multiples activit\u00e9s que par ses paysages tous plus authentiques les uns que les autres !<\/p>\n","protected":false},"author":1,"featured_media":14883,"parent":0,"menu_order":3,"comment_status":"closed","ping_status":"closed","template":"","meta":{"_relevanssi_hide_post":"","_relevanssi_pin_for_all":"","_relevanssi_pin_keywords":"","_relevanssi_unpin_keywords":"","_relevanssi_related_keywords":"","_relevanssi_related_include_ids":"","_relevanssi_related_exclude_ids":"","_relevanssi_related_no_append":"","_relevanssi_related_not_related":"","_relevanssi_related_posts":"491,489,493","_relevanssi_noindex_reason":""},"post_tag":[],"acf":[],"yoast_head":"<!-- This site is optimized with the Yoast SEO plugin v17.6 - https:\/\/yoast.com\/wordpress\/plugins\/seo\/ -->\n<meta name=\"description\" content=\"Besoin de calme, de s\u00e9r\u00e9nit\u00e9, venez d\u00e9couvrir tous les secrets de la station charme d&#039;Albiez-Montrond situ\u00e9e au pied des Aiguilles d&#039;Arves ! Cette petite\" \/>\n<meta name=\"robots\" content=\"index, follow, max-snippet:-1, max-image-preview:large, max-video-preview:-1\" \/>\n<link rel=\"canonical\" href=\"https:\/\/www.montagnicimes.com\/albiez\/decouvrir\/\" \/>\n<meta property=\"og:locale\" content=\"fr_FR\" \/>\n<meta property=\"og:type\" content=\"article\" \/>\n<meta property=\"og:title\" content=\"D\u00e9couvrir Albiez et tous les secrets de la station charme d&#039;Albiez-Montrond\" \/>\n<meta property=\"og:description\" content=\"Besoin de calme, de s\u00e9r\u00e9nit\u00e9, venez d\u00e9couvrir tous les secrets de la station charme d&#039;Albiez-Montrond situ\u00e9e au pied des Aiguilles d&#039;Arves ! Cette petite\" \/>\n<meta property=\"og:url\" content=\"https:\/\/www.montagnicimes.com\/albiez\/decouvrir\/\" \/>\n<meta property=\"og:site_name\" content=\"Albiez\" \/>\n<meta property=\"article:modified_time\" content=\"2022-05-05T12:12:48+00:00\" \/>\n<meta property=\"og:image\" content=\"https:\/\/www.montagnicimes.com\/albiez\/wp-content\/uploads\/sites\/2\/2022\/04\/50090528762_3af9ff1024_c.jpg\" \/>\n\t<meta property=\"og:image:width\" content=\"799\" \/>\n\t<meta property=\"og:image:height\" content=\"533\" \/>\n<meta name=\"twitter:card\" content=\"summary_large_image\" \/>\n<meta name=\"twitter:label1\" content=\"Dur\u00e9e de lecture estim\u00e9e\" \/>\n\t<meta name=\"twitter:data1\" content=\"1 minute\" \/>\n<script type=\"application\/ld+json\" class=\"yoast-schema-graph\">{\"@context\":\"https:\/\/schema.org\",\"@graph\":[{\"@type\":\"WebSite\",\"@id\":\"https:\/\/www.montagnicimes.com\/albiez\/#website\",\"url\":\"https:\/\/www.montagnicimes.com\/albiez\/\",\"name\":\"Albiez\",\"description\":\"Office de tourisme Montagnicimes - Albiez\",\"potentialAction\":[{\"@type\":\"SearchAction\",\"target\":{\"@type\":\"EntryPoint\",\"urlTemplate\":\"https:\/\/www.montagnicimes.com\/albiez\/?s={search_term_string}\"},\"query-input\":\"required name=search_term_string\"}],\"inLanguage\":\"fr-FR\"},{\"@type\":\"ImageObject\",\"@id\":\"https:\/\/www.montagnicimes.com\/albiez\/decouvrir\/#primaryimage\",\"inLanguage\":\"fr-FR\",\"url\":\"https:\/\/www.montagnicimes.com\/albiez\/wp-content\/uploads\/sites\/2\/2022\/04\/50090528762_3af9ff1024_c.jpg\",\"contentUrl\":\"https:\/\/www.montagnicimes.com\/albiez\/wp-content\/uploads\/sites\/2\/2022\/04\/50090528762_3af9ff1024_c.jpg\",\"width\":799,\"height\":533,\"caption\":\"albiez \\u00e9t\\u00e9\"},{\"@type\":\"WebPage\",\"@id\":\"https:\/\/www.montagnicimes.com\/albiez\/decouvrir\/#webpage\",\"url\":\"https:\/\/www.montagnicimes.com\/albiez\/decouvrir\/\",\"name\":\"D\\u00e9couvrir Albiez et tous les secrets de la station charme d'Albiez-Montrond\",\"isPartOf\":{\"@id\":\"https:\/\/www.montagnicimes.com\/albiez\/#website\"},\"primaryImageOfPage\":{\"@id\":\"https:\/\/www.montagnicimes.com\/albiez\/decouvrir\/#primaryimage\"},\"datePublished\":\"2021-09-24T13:08:25+00:00\",\"dateModified\":\"2022-05-05T12:12:48+00:00\",\"description\":\"Besoin de calme, de s\\u00e9r\\u00e9nit\\u00e9, venez d\\u00e9couvrir tous les secrets de la station charme d'Albiez-Montrond situ\\u00e9e au pied des Aiguilles d'Arves ! Cette petite\",\"breadcrumb\":{\"@id\":\"https:\/\/www.montagnicimes.com\/albiez\/decouvrir\/#breadcrumb\"},\"inLanguage\":\"fr-FR\",\"potentialAction\":[{\"@type\":\"ReadAction\",\"target\":[\"https:\/\/www.montagnicimes.com\/albiez\/decouvrir\/\"]}]},{\"@type\":\"BreadcrumbList\",\"@id\":\"https:\/\/www.montagnicimes.com\/albiez\/decouvrir\/#breadcrumb\",\"itemListElement\":[{\"@type\":\"ListItem\",\"position\":1,\"name\":\"Accueil\",\"item\":\"https:\/\/www.montagnicimes.com\/albiez\/\"},{\"@type\":\"ListItem\",\"position\":2,\"name\":\"D\\u00e9couvrir\"}]}]}<\/script>\n<!-- \/ Yoast SEO plugin. -->","yoast_head_json":{"description":"Besoin de calme, de s\u00e9r\u00e9nit\u00e9, venez d\u00e9couvrir tous les secrets de la station charme d'Albiez-Montrond situ\u00e9e au pied des Aiguilles d'Arves ! Cette petite","robots":{"index":"index","follow":"follow","max-snippet":"max-snippet:-1","max-image-preview":"max-image-preview:large","max-video-preview":"max-video-preview:-1"},"canonical":"https:\/\/www.montagnicimes.com\/albiez\/decouvrir\/","og_locale":"fr_FR","og_type":"article","og_title":"D\u00e9couvrir Albiez et tous les secrets de la station charme d'Albiez-Montrond","og_description":"Besoin de calme, de s\u00e9r\u00e9nit\u00e9, venez d\u00e9couvrir tous les secrets de la station charme d'Albiez-Montrond situ\u00e9e au pied des Aiguilles d'Arves ! Cette petite","og_url":"https:\/\/www.montagnicimes.com\/albiez\/decouvrir\/","og_site_name":"Albiez","article_modified_time":"2022-05-05T12:12:48+00:00","og_image":[{"width":799,"height":533,"url":"https:\/\/www.montagnicimes.com\/albiez\/wp-content\/uploads\/sites\/2\/2022\/04\/50090528762_3af9ff1024_c.jpg","type":"image\/jpeg"}],"twitter_card":"summary_large_image","twitter_misc":{"Dur\u00e9e de lecture estim\u00e9e":"1 minute"},"schema":{"@context":"https:\/\/schema.org","@graph":[{"@type":"WebSite","@id":"https:\/\/www.montagnicimes.com\/albiez\/#website","url":"https:\/\/www.montagnicimes.com\/albiez\/","name":"Albiez","description":"Office de tourisme Montagnicimes - Albiez","potentialAction":[{"@type":"SearchAction","target":{"@type":"EntryPoint","urlTemplate":"https:\/\/www.montagnicimes.com\/albiez\/?s={search_term_string}"},"query-input":"required name=search_term_string"}],"inLanguage":"fr-FR"},{"@type":"ImageObject","@id":"https:\/\/www.montagnicimes.com\/albiez\/decouvrir\/#primaryimage","inLanguage":"fr-FR","url":"https:\/\/www.montagnicimes.com\/albiez\/wp-content\/uploads\/sites\/2\/2022\/04\/50090528762_3af9ff1024_c.jpg","contentUrl":"https:\/\/www.montagnicimes.com\/albiez\/wp-content\/uploads\/sites\/2\/2022\/04\/50090528762_3af9ff1024_c.jpg","width":799,"height":533,"caption":"albiez \u00e9t\u00e9"},{"@type":"WebPage","@id":"https:\/\/www.montagnicimes.com\/albiez\/decouvrir\/#webpage","url":"https:\/\/www.montagnicimes.com\/albiez\/decouvrir\/","name":"D\u00e9couvrir Albiez et tous les secrets de la station charme d'Albiez-Montrond","isPartOf":{"@id":"https:\/\/www.montagnicimes.com\/albiez\/#website"},"primaryImageOfPage":{"@id":"https:\/\/www.montagnicimes.com\/albiez\/decouvrir\/#primaryimage"},"datePublished":"2021-09-24T13:08:25+00:00","dateModified":"2022-05-05T12:12:48+00:00","description":"Besoin de calme, de s\u00e9r\u00e9nit\u00e9, venez d\u00e9couvrir tous les secrets de la station charme d'Albiez-Montrond situ\u00e9e au pied des Aiguilles d'Arves ! Cette petite","breadcrumb":{"@id":"https:\/\/www.montagnicimes.com\/albiez\/decouvrir\/#breadcrumb"},"inLanguage":"fr-FR","potentialAction":[{"@type":"ReadAction","target":["https:\/\/www.montagnicimes.com\/albiez\/decouvrir\/"]}]},{"@type":"BreadcrumbList","@id":"https:\/\/www.montagnicimes.com\/albiez\/decouvrir\/#breadcrumb","itemListElement":[{"@type":"ListItem","position":1,"name":"Accueil","item":"https:\/\/www.montagnicimes.com\/albiez\/"},{"@type":"ListItem","position":2,"name":"D\u00e9couvrir"}]}]}},"_links":{"self":[{"href":"https:\/\/www.montagnicimes.com\/albiez\/wp-json\/wp\/v2\/pages\/7495"}],"collection":[{"href":"https:\/\/www.montagnicimes.com\/albiez\/wp-json\/wp\/v2\/pages"}],"about":[{"href":"https:\/\/www.montagnicimes.com\/albiez\/wp-json\/wp\/v2\/types\/page"}],"author":[{"embeddable":true,"href":"https:\/\/www.montagnicimes.com\/albiez\/wp-json\/wp\/v2\/users\/1"}],"replies":[{"embeddable":true,"href":"https:\/\/www.montagnicimes.com\/albiez\/wp-json\/wp\/v2\/comments?post=7495"}],"version-history":[{"count":19,"href":"https:\/\/www.montagnicimes.com\/albiez\/wp-json\/wp\/v2\/pages\/7495\/revisions"}],"predecessor-version":[{"id":15403,"href":"https:\/\/www.montagnicimes.com\/albiez\/wp-json\/wp\/v2\/pages\/7495\/revisions\/15403"}],"wp:featuredmedia":[{"embeddable":true,"href":"https:\/\/www.montagnicimes.com\/albiez\/wp-json\/wp\/v2\/media\/14883"}],"wp:attachment":[{"href":"https:\/\/www.montagnicimes.com\/albiez\/wp-json\/wp\/v2\/media?parent=7495"}],"wp:term":[{"taxonomy":"post_tag","embeddable":true,"href":"https:\/\/www.montagnicimes.com\/albiez\/wp-json\/wp\/v2\/post_tag?post=7495"}],"curies":[{"name":"wp","href":"https:\/\/api.w.org\/{rel}","templated":true}]}}