{"id":27049,"date":"2023-11-24T17:01:33","date_gmt":"2023-11-24T16:01:33","guid":{"rendered":"https:\/\/www.montagnicimes.com\/albiez\/?page_id=27049"},"modified":"2024-09-30T13:13:47","modified_gmt":"2024-09-30T11:13:47","slug":"raquette","status":"publish","type":"page","link":"https:\/\/www.montagnicimes.com\/albiez\/se-divertir\/activites-hiver\/raquette\/","title":{"rendered":"Raquette"},"content":{"rendered":"\n<p class=\"is-style-excerpt\">Nich\u00e9 au pied des Aiguilles d&rsquo;Arves, notre petit coin de paradis offre un terrain de jeu exceptionnel pour les amateurs de neige fra\u00eeche et de paysages pr\u00e9serv\u00e9s.<\/p>\n\n\n\n<div class=\"wp-block wp-block-related-post clear alignfull\">\n    \n    <div class=\"article\">\n                \n            <\/div>\n\n    <div class=\"container\">\n        <div class=\"wp-block-related-post-inner\">\n            <div data-id=\"wpiris-related-post\" data-slides-per-view=\"2\">\n                <div data-id=\"wpiris-related-post-wrapper\">\n                                            \n<div class=\"postItem swiper-slide\" data-trigger=\"wpiris-click\" >\n    <a href=\"https:\/\/www.montagnicimes.com\/albiez\/se-divertir\/activites-hiver\/raquette\/itineraires-raquette\/\" nofancybox class=\"postItemThumbnail\">\n        <img data-src=\"https:\/\/www.montagnicimes.com\/albiez\/wp-content\/uploads\/sites\/2\/wpiris-images\/27077\/Raquette-a-neige-590x440-c.jpg\" alt=\"Itin\u00e9raires raquette en libert\u00e9\">\n    <\/a>\n    <div class=\"postItemContent\">\n\n        <div class=\"postItemContentHeading\">\n            \n<div class=\"postItemContentHeadingOntitle\">\n    Raquette<\/div>\n                        <h3 class=\"postItemContentTitle\" >\n                <a href=\"https:\/\/www.montagnicimes.com\/albiez\/se-divertir\/activites-hiver\/raquette\/itineraires-raquette\/\">Itin\u00e9raires raquette en libert\u00e9<\/a>\n            <\/h3>                    <\/div>\n        \n<div class=\"postItemContentExcerpt\">\n    Nos itin\u00e9raires raquette soigneusement s\u00e9lectionn\u00e9s vous conduiront \u00e0 des panoramas \u00e0 couper le souffle, o\u00f9 la qui\u00e9tude de la nature rencontre la beaut\u00e9 brute des sommets alpins. Que vous soyez d\u00e9butant ou expert, nos circuits s&rsquo;adaptent \u00e0 tous les niveaux, offrant une exp\u00e9rience authentique de la montagne enneig\u00e9e.<\/div>\n    <\/div>\n<\/div>\n                                            \n<div class=\"postItem swiper-slide\" data-trigger=\"wpiris-click\" >\n    <a href=\"https:\/\/www.montagnicimes.com\/albiez\/se-divertir\/activites-hiver\/raquette\/raquettes\/\" nofancybox class=\"postItemThumbnail\">\n        <img data-src=\"https:\/\/www.montagnicimes.com\/albiez\/wp-content\/uploads\/sites\/2\/wpiris-images\/33704\/ALAIN-MOLLARET-IMG_20221205_202615-590x440-c.jpg\" alt=\"Raquettes &#8211; Sorties accompagn\u00e9es\">\n    <\/a>\n    <div class=\"postItemContent\">\n\n        <div class=\"postItemContentHeading\">\n            \n<div class=\"postItemContentHeadingOntitle\">\n    Raquette<\/div>\n                        <h3 class=\"postItemContentTitle\" >\n                <a href=\"https:\/\/www.montagnicimes.com\/albiez\/se-divertir\/activites-hiver\/raquette\/raquettes\/\">Raquettes &#8211; Sorties accompagn\u00e9es<\/a>\n            <\/h3>                    <\/div>\n        \n<div class=\"postItemContentExcerpt\">\n    Pour une immersion totale, optez pour nos randonn\u00e9es accompagn\u00e9es en raquette. Nos guides passionn\u00e9s partageront avec vous leurs connaissances de la montagne.<\/div>\n    <\/div>\n<\/div>\n                                    <\/div>\n            <\/div>\n        <\/div>\n    <\/div>\n<\/div>","protected":false},"excerpt":{"rendered":"<p>Nich\u00e9 au pied des Aiguilles d&rsquo;Arves, notre petit coin de paradis offre un terrain de jeu exceptionnel pour les amateurs de neige fra\u00eeche et de paysages pr\u00e9serv\u00e9s.<\/p>\n","protected":false},"author":2,"featured_media":33703,"parent":7510,"menu_order":1,"comment_status":"closed","ping_status":"closed","template":"","meta":{"_relevanssi_hide_post":"","_relevanssi_pin_for_all":"","_relevanssi_pin_keywords":"","_relevanssi_unpin_keywords":"","_relevanssi_related_keywords":"","_relevanssi_related_include_ids":"","_relevanssi_related_exclude_ids":"","_relevanssi_related_no_append":"","_relevanssi_related_not_related":"","_relevanssi_related_posts":"23272,21232,23269","_relevanssi_noindex_reason":""},"post_tag":[],"acf":[],"yoast_head":"<!-- This site is optimized with the Yoast SEO plugin v17.6 - https:\/\/yoast.com\/wordpress\/plugins\/seo\/ -->\n<meta name=\"description\" content=\"Notre petit coin de paradis offre un terrain de jeu exceptionnel pour les amateurs de raquette, de neige fra\u00eeche et de paysages pr\u00e9serv\u00e9s.\" \/>\n<meta name=\"robots\" content=\"index, follow, max-snippet:-1, max-image-preview:large, max-video-preview:-1\" \/>\n<link rel=\"canonical\" href=\"https:\/\/www.montagnicimes.com\/albiez\/se-divertir\/activites-hiver\/raquette\/\" \/>\n<meta property=\"og:locale\" content=\"fr_FR\" \/>\n<meta property=\"og:type\" content=\"article\" \/>\n<meta property=\"og:title\" content=\"Raquette - Albiez\" \/>\n<meta property=\"og:description\" content=\"Notre petit coin de paradis offre un terrain de jeu exceptionnel pour les amateurs de raquette, de neige fra\u00eeche et de paysages pr\u00e9serv\u00e9s.\" \/>\n<meta property=\"og:url\" content=\"https:\/\/www.montagnicimes.com\/albiez\/se-divertir\/activites-hiver\/raquette\/\" \/>\n<meta property=\"og:site_name\" content=\"Albiez\" \/>\n<meta property=\"article:modified_time\" content=\"2024-09-30T11:13:47+00:00\" \/>\n<meta property=\"og:image\" content=\"https:\/\/www.montagnicimes.com\/albiez\/wp-content\/uploads\/sites\/2\/2024\/09\/IMG_6191.jpg\" \/>\n\t<meta property=\"og:image:width\" content=\"1920\" \/>\n\t<meta property=\"og:image:height\" content=\"1280\" \/>\n<meta name=\"twitter:card\" content=\"summary_large_image\" \/>\n<meta name=\"twitter:label1\" content=\"Dur\u00e9e de lecture estim\u00e9e\" \/>\n\t<meta name=\"twitter:data1\" content=\"1 minute\" \/>\n<script type=\"application\/ld+json\" class=\"yoast-schema-graph\">{\"@context\":\"https:\/\/schema.org\",\"@graph\":[{\"@type\":\"WebSite\",\"@id\":\"https:\/\/www.montagnicimes.com\/albiez\/#website\",\"url\":\"https:\/\/www.montagnicimes.com\/albiez\/\",\"name\":\"Albiez\",\"description\":\"Office de tourisme Montagnicimes - Albiez\",\"potentialAction\":[{\"@type\":\"SearchAction\",\"target\":{\"@type\":\"EntryPoint\",\"urlTemplate\":\"https:\/\/www.montagnicimes.com\/albiez\/?s={search_term_string}\"},\"query-input\":\"required name=search_term_string\"}],\"inLanguage\":\"fr-FR\"},{\"@type\":\"ImageObject\",\"@id\":\"https:\/\/www.montagnicimes.com\/albiez\/se-divertir\/activites-hiver\/raquette\/#primaryimage\",\"inLanguage\":\"fr-FR\",\"url\":\"https:\/\/www.montagnicimes.com\/albiez\/wp-content\/uploads\/sites\/2\/2024\/09\/IMG_6191.jpg\",\"contentUrl\":\"https:\/\/www.montagnicimes.com\/albiez\/wp-content\/uploads\/sites\/2\/2024\/09\/IMG_6191.jpg\",\"width\":1920,\"height\":1280,\"caption\":\"raquette\"},{\"@type\":\"WebPage\",\"@id\":\"https:\/\/www.montagnicimes.com\/albiez\/se-divertir\/activites-hiver\/raquette\/#webpage\",\"url\":\"https:\/\/www.montagnicimes.com\/albiez\/se-divertir\/activites-hiver\/raquette\/\",\"name\":\"Raquette - Albiez\",\"isPartOf\":{\"@id\":\"https:\/\/www.montagnicimes.com\/albiez\/#website\"},\"primaryImageOfPage\":{\"@id\":\"https:\/\/www.montagnicimes.com\/albiez\/se-divertir\/activites-hiver\/raquette\/#primaryimage\"},\"datePublished\":\"2023-11-24T16:01:33+00:00\",\"dateModified\":\"2024-09-30T11:13:47+00:00\",\"description\":\"Notre petit coin de paradis offre un terrain de jeu exceptionnel pour les amateurs de raquette, de neige fra\\u00eeche et de paysages pr\\u00e9serv\\u00e9s.\",\"breadcrumb\":{\"@id\":\"https:\/\/www.montagnicimes.com\/albiez\/se-divertir\/activites-hiver\/raquette\/#breadcrumb\"},\"inLanguage\":\"fr-FR\",\"potentialAction\":[{\"@type\":\"ReadAction\",\"target\":[\"https:\/\/www.montagnicimes.com\/albiez\/se-divertir\/activites-hiver\/raquette\/\"]}]},{\"@type\":\"BreadcrumbList\",\"@id\":\"https:\/\/www.montagnicimes.com\/albiez\/se-divertir\/activites-hiver\/raquette\/#breadcrumb\",\"itemListElement\":[{\"@type\":\"ListItem\",\"position\":1,\"name\":\"Accueil\",\"item\":\"https:\/\/www.montagnicimes.com\/albiez\/\"},{\"@type\":\"ListItem\",\"position\":2,\"name\":\"Activit\\u00e9s\",\"item\":\"https:\/\/www.montagnicimes.com\/albiez\/se-divertir\/\"},{\"@type\":\"ListItem\",\"position\":3,\"name\":\"Activit\\u00e9s neige\",\"item\":\"https:\/\/www.montagnicimes.com\/albiez\/se-divertir\/activites-hiver\/\"},{\"@type\":\"ListItem\",\"position\":4,\"name\":\"Raquette\"}]}]}<\/script>\n<!-- \/ Yoast SEO plugin. -->","yoast_head_json":{"description":"Notre petit coin de paradis offre un terrain de jeu exceptionnel pour les amateurs de raquette, de neige fra\u00eeche et de paysages pr\u00e9serv\u00e9s.","robots":{"index":"index","follow":"follow","max-snippet":"max-snippet:-1","max-image-preview":"max-image-preview:large","max-video-preview":"max-video-preview:-1"},"canonical":"https:\/\/www.montagnicimes.com\/albiez\/se-divertir\/activites-hiver\/raquette\/","og_locale":"fr_FR","og_type":"article","og_title":"Raquette - Albiez","og_description":"Notre petit coin de paradis offre un terrain de jeu exceptionnel pour les amateurs de raquette, de neige fra\u00eeche et de paysages pr\u00e9serv\u00e9s.","og_url":"https:\/\/www.montagnicimes.com\/albiez\/se-divertir\/activites-hiver\/raquette\/","og_site_name":"Albiez","article_modified_time":"2024-09-30T11:13:47+00:00","og_image":[{"width":1920,"height":1280,"url":"https:\/\/www.montagnicimes.com\/albiez\/wp-content\/uploads\/sites\/2\/2024\/09\/IMG_6191.jpg","type":"image\/jpeg"}],"twitter_card":"summary_large_image","twitter_misc":{"Dur\u00e9e de lecture estim\u00e9e":"1 minute"},"schema":{"@context":"https:\/\/schema.org","@graph":[{"@type":"WebSite","@id":"https:\/\/www.montagnicimes.com\/albiez\/#website","url":"https:\/\/www.montagnicimes.com\/albiez\/","name":"Albiez","description":"Office de tourisme Montagnicimes - Albiez","potentialAction":[{"@type":"SearchAction","target":{"@type":"EntryPoint","urlTemplate":"https:\/\/www.montagnicimes.com\/albiez\/?s={search_term_string}"},"query-input":"required name=search_term_string"}],"inLanguage":"fr-FR"},{"@type":"ImageObject","@id":"https:\/\/www.montagnicimes.com\/albiez\/se-divertir\/activites-hiver\/raquette\/#primaryimage","inLanguage":"fr-FR","url":"https:\/\/www.montagnicimes.com\/albiez\/wp-content\/uploads\/sites\/2\/2024\/09\/IMG_6191.jpg","contentUrl":"https:\/\/www.montagnicimes.com\/albiez\/wp-content\/uploads\/sites\/2\/2024\/09\/IMG_6191.jpg","width":1920,"height":1280,"caption":"raquette"},{"@type":"WebPage","@id":"https:\/\/www.montagnicimes.com\/albiez\/se-divertir\/activites-hiver\/raquette\/#webpage","url":"https:\/\/www.montagnicimes.com\/albiez\/se-divertir\/activites-hiver\/raquette\/","name":"Raquette - Albiez","isPartOf":{"@id":"https:\/\/www.montagnicimes.com\/albiez\/#website"},"primaryImageOfPage":{"@id":"https:\/\/www.montagnicimes.com\/albiez\/se-divertir\/activites-hiver\/raquette\/#primaryimage"},"datePublished":"2023-11-24T16:01:33+00:00","dateModified":"2024-09-30T11:13:47+00:00","description":"Notre petit coin de paradis offre un terrain de jeu exceptionnel pour les amateurs de raquette, de neige fra\u00eeche et de paysages pr\u00e9serv\u00e9s.","breadcrumb":{"@id":"https:\/\/www.montagnicimes.com\/albiez\/se-divertir\/activites-hiver\/raquette\/#breadcrumb"},"inLanguage":"fr-FR","potentialAction":[{"@type":"ReadAction","target":["https:\/\/www.montagnicimes.com\/albiez\/se-divertir\/activites-hiver\/raquette\/"]}]},{"@type":"BreadcrumbList","@id":"https:\/\/www.montagnicimes.com\/albiez\/se-divertir\/activites-hiver\/raquette\/#breadcrumb","itemListElement":[{"@type":"ListItem","position":1,"name":"Accueil","item":"https:\/\/www.montagnicimes.com\/albiez\/"},{"@type":"ListItem","position":2,"name":"Activit\u00e9s","item":"https:\/\/www.montagnicimes.com\/albiez\/se-divertir\/"},{"@type":"ListItem","position":3,"name":"Activit\u00e9s neige","item":"https:\/\/www.montagnicimes.com\/albiez\/se-divertir\/activites-hiver\/"},{"@type":"ListItem","position":4,"name":"Raquette"}]}]}},"_links":{"self":[{"href":"https:\/\/www.montagnicimes.com\/albiez\/wp-json\/wp\/v2\/pages\/27049"}],"collection":[{"href":"https:\/\/www.montagnicimes.com\/albiez\/wp-json\/wp\/v2\/pages"}],"about":[{"href":"https:\/\/www.montagnicimes.com\/albiez\/wp-json\/wp\/v2\/types\/page"}],"author":[{"embeddable":true,"href":"https:\/\/www.montagnicimes.com\/albiez\/wp-json\/wp\/v2\/users\/2"}],"replies":[{"embeddable":true,"href":"https:\/\/www.montagnicimes.com\/albiez\/wp-json\/wp\/v2\/comments?post=27049"}],"version-history":[{"count":13,"href":"https:\/\/www.montagnicimes.com\/albiez\/wp-json\/wp\/v2\/pages\/27049\/revisions"}],"predecessor-version":[{"id":33715,"href":"https:\/\/www.montagnicimes.com\/albiez\/wp-json\/wp\/v2\/pages\/27049\/revisions\/33715"}],"up":[{"embeddable":true,"href":"https:\/\/www.montagnicimes.com\/albiez\/wp-json\/wp\/v2\/pages\/7510"}],"wp:featuredmedia":[{"embeddable":true,"href":"https:\/\/www.montagnicimes.com\/albiez\/wp-json\/wp\/v2\/media\/33703"}],"wp:attachment":[{"href":"https:\/\/www.montagnicimes.com\/albiez\/wp-json\/wp\/v2\/media?parent=27049"}],"wp:term":[{"taxonomy":"post_tag","embeddable":true,"href":"https:\/\/www.montagnicimes.com\/albiez\/wp-json\/wp\/v2\/post_tag?post=27049"}],"curies":[{"name":"wp","href":"https:\/\/api.w.org\/{rel}","templated":true}]}}